000
CXUS55 KABR 011700
CF6ATY
PRELIMINARY LOCAL CLIMATOLOGICAL DATA (WS FORM: F-6)
STATION: WATERTOWN SD
MONTH: MAY
YEAR: 2020
LATITUDE: 44 55 N
LONGITUDE: 97 9 W
TEMPERATURE IN F: :PCPN: SNOW: WIND :SUNSHINE: SKY :PK WND
================================================================================
1 2 3 4 5 6A 6B 7 8 9 10 11 12 13 14 15 16 17 18
12Z AVG MX 2MIN
DY MAX MIN AVG DEP HDD CDD WTR SNW DPTH SPD SPD DIR MIN PSBL S-S WX SPD DR
================================================================================
1 78 50 64 13 1 0 T 0.0 0 16.1 26 310 M M 2 39 290
2 71 47 59 8 6 0 0.00 0.0 0 10.8 24 300 M M 0 35 330
3 63 36 50 -2 15 0 0.00 0.0 0 8.7 17 30 M M 0 26 40
4 50 42 46 -6 19 0 0.90 0.0 0 11.6 20 90 M M 8 1 32 110
5 47 42 45 -8 20 0 0.66 0.0 0 11.8 22 360 M M 10 1 32 360
6 61 41 51 -2 14 0 0.00 0.0 0 8.5 18 300 M M 5 24 300
7 58 34 46 -7 19 0 0.00 0.0 0 9.8 23 10 M M 3 30 30
8 52 29 41 -13 24 0 0.00 0.0 0 11.5 22 350 M M 0 37 350
9 53 33 43 -11 22 0 0.06 T 0 16.0 32 10 M M 7 1 43 350
10 44 33 39 -15 26 0 0.00 0.0 0 16.6 25 350 M M 7 33 340
11 50 25 38 -17 27 0 0.00 0.0 0 10.6 26 350 M M 2 34 350
12 53 27 40 -15 25 0 0.00 0.0 0 5.1 13 170 M M 5 17 140
13 52 46 49 -6 16 0 T 0.0 0 12.8 24 160 M M 10 1 35 160
14 69 40 55 -1 10 0 0.00 0.0 0 9.7 22 330 M M 2 12 29 280
15 67 35 51 -5 14 0 0.00 0.0 0 4.3 13 20 M M 2 19 340
16 56 50 53 -3 12 0 0.15 0.0 0 7.4 16 70 M M 10 1 22 100
17 63 49 56 0 9 0 0.00 0.0 0 14.0 24 40 M M 9 1 33 40
18 70 38 54 -3 11 0 0.00 0.0 0 9.8 20 60 M M 1 28 60
19 68 48 58 1 7 0 0.00 0.0 0 11.0 22 150 M M 3 30 160
20 71 56 64 7 1 0 0.00 0.0 0 16.1 25 150 M M 10 1 39 140
21 67 55 61 3 4 0 0.06 0.0 0 14.3 24 160 M M 10 1 31 170
22 71 54 63 5 2 0 0.00 0.0 0 11.0 17 150 M M 6 1 23 160
23 73 58 66 8 0 1 T 0.0 0 6.2 13 140 M M 6 1 22 130
24 71 54 63 4 2 0 0.42 0.0 0 7.1 18 80 M M 6 13 27 80
25 65 52 59 0 6 0 0.04 0.0 0 9.3 15 340 M M 9 12 20 320
26 70 53 62 3 3 0 0.05 0.0 0 5.1 13 300 M M 5 1 17 300
27 82 49 66 6 0 1 0.00 0.0 0 5.0 15 320 M M 1 12 20 360
28 71 49 60 0 5 0 T 0.0 0 12.4 28 320 M M 3 40 320
29 66 45 56 -4 9 0 0.00 0.0 0 8.1 18 10 M M 1 25 350
30 69 47 58 -2 7 0 0.00 0.0 0 5.2 13 30 M M 0 17 30
31 77 51 64 3 1 0 0.00 0.0 0 12.8 25 150 M M 3 36 160
================================================================================
SM 1978 1368 337 2 2.34 T 318.7 M 146
================================================================================
AV 63.8 44.1 10.3 FASTST M M 5 MAX(MPH)
MISC ----> # 32 10 # 43 350
================================================================================
NOTES:
# LAST OF SEVERAL OCCURRENCES
COLUMN 17 PEAK WIND IN M.P.H.
PRELIMINARY LOCAL CLIMATOLOGICAL DATA (WS FORM: F-6) , PAGE 2
STATION: WATERTOWN SD
MONTH: MAY
YEAR: 2020
LATITUDE: 44 55 N
LONGITUDE: 97 9 W
[TEMPERATURE DATA] [PRECIPITATION DATA] SYMBOLS USED IN COLUMN 16
AVERAGE MONTHLY: 54.0 TOTAL FOR MONTH: 2.34 1 = FOG OR MIST
DPTR FM NORMAL: -2.1 DPTR FM NORMAL: -0.30 2 = FOG REDUCING VISIBILITY
HIGHEST: 82 ON 27 GRTST 24HR 0.90 ON 4- 4 TO 1/4 MILE OR LESS
LOWEST: 25 ON 11 3 = THUNDER
SNOW, ICE PELLETS, HAIL 4 = ICE PELLETS
TOTAL MONTH: T 5 = HAIL
GRTST 24HR T ON 9- 9 6 = FREEZING RAIN OR DRIZZLE
GRTST DEPTH: 0 7 = DUSTSTORM OR SANDSTORM:
VSBY 1/2 MILE OR LESS
8 = SMOKE OR HAZE
[NO. OF DAYS WITH] [WEATHER - DAYS WITH] 9 = BLOWING SNOW
X = TORNADO
MAX 32 OR BELOW: 0 0.01 INCH OR MORE: 8
MAX 90 OR ABOVE: 0 0.10 INCH OR MORE: 4
MIN 32 OR BELOW: 3 0.50 INCH OR MORE: 2
MIN 0 OR BELOW: 0 1.00 INCH OR MORE: 0
[HDD (BASE 65) ]
TOTAL THIS MO. 337 CLEAR (SCALE 0-3) 15
DPTR FM NORMAL 41 PTCLDY (SCALE 4-7) 9
TOTAL FM JUL 1 8490 CLOUDY (SCALE 8-10) 7
DPTR FM NORMAL 43
[CDD (BASE 65) ]
TOTAL THIS MO. 2
DPTR FM NORMAL -18 [PRESSURE DATA]
TOTAL FM JAN 1 2 HIGHEST SLP 30.40 ON 11
DPTR FM NORMAL -20 LOWEST SLP 29.60 ON 1
[REMARKS]
#FINAL-05-20#