000
CXUS53 KABR 011407
CLMATY
CLIMATE REPORT
NATIONAL WEATHER SERVICE ABERDEEN SD
907 AM CDT TUE AUG 01 2023
...................................
...THE WATERTOWN SD CLIMATE SUMMARY FOR THE MONTH OF JULY 2023...
CLIMATE NORMAL PERIOD 1991 TO 2020
CLIMATE RECORD PERIOD 1898 TO 2023
WEATHER OBSERVED NORMAL DEPART LAST YEAR`S
VALUE DATE(S) VALUE FROM VALUE DATE(S)
NORMAL
................................................................
TEMPERATURE (F)
RECORD
HIGH 110 07/21/1934
LOW 35 07/03/1917
HIGHEST 99 07/26 MM MM 94 07/18
LOWEST 46 07/17 MM MM 51 07/29
AVG. MAXIMUM 81.9 82.0 -0.1 82.7
AVG. MINIMUM 57.5 60.0 -2.5 61.8
MEAN 69.7 71.0 -1.3 72.3
DAYS MAX >= 90 4 4.0 0.0 2
DAYS MAX <= 32 0 0.0 0.0 0
DAYS MIN <= 32 0 0.0 0.0 0
DAYS MIN <= 0 0 0.0 0.0 0
PRECIPITATION (INCHES)
RECORD
MAXIMUM 10.36 1963
MINIMUM 0.26 2007
TOTALS 1.34 3.05 -1.71 3.01
DAYS >= .01 7 9.5 -2.5 11
DAYS >= .10 2 6.0 -4.0 7
DAYS >= .50 1 2.2 -1.2 1
DAYS >= 1.00 0 0.5 -0.5 1
SNOWFALL (INCHES)
RECORDS
TOTAL MM 0
SNOW DEPTH MM MM
TOTALS T 0.0 0.0 0.0
SINCE 7/1 T 0.0 0.0 MM
SNOWDEPTH AVG. 0 0
DAYS >= TRACE 1 0.0 1.0 0
DAYS >= 1.0 0 0.0 0.0 0
GREATEST
SNOW DEPTH 0 0 MM
DEGREE DAYS
HEATING TOTAL 26 16 10 1
SINCE 7/1 26 7 19 MM
COOLING TOTAL 180 202 -22 234
SINCE 1/1 472 327 145 MM
FREEZE DATES
RECORD
EARLIEST MM
LATEST MM
EARLIEST 09/28
LATEST 04/27
................................................................
WIND (MPH)
AVERAGE WIND SPEED 7.8
RESULTANT WIND SPEED/DIRECTION 1/260
HIGHEST WIND SPEED/DIRECTION 32/360 DATE 07/28
HIGHEST GUST SPEED/DIRECTION 44/350 DATE 07/28
SKY COVER
POSSIBLE SUNSHINE (PERCENT) MM
AVERAGE SKY COVER 0.17
NUMBER OF DAYS FAIR 28
NUMBER OF DAYS PC 2
NUMBER OF DAYS CLOUDY 1
AVERAGE RH (PERCENT) 67
WEATHER CONDITIONS. NUMBER OF DAYS WITH
THUNDERSTORM 8 MIXED PRECIP 0
HEAVY RAIN 1 RAIN 3
LIGHT RAIN 9 FREEZING RAIN 0
LT FREEZING RAIN 0 HAIL 1
HEAVY SNOW 0 SNOW 0
LIGHT SNOW 0 SLEET 0
FOG 14 FOG W/VIS <= 1/4 MILE 1
HAZE 5
- INDICATES NEGATIVE NUMBERS.
R INDICATES RECORD WAS SET OR TIED.
MM INDICATES DATA IS MISSING.
T INDICATES TRACE AMOUNT.
$$