000
CXUS53 KGRB 011155
CF6AUW
PRELIMINARY LOCAL CLIMATOLOGICAL DATA (WS FORM: F-6)
STATION: WAUSAU WI
MONTH: JANUARY
YEAR: 2021
LATITUDE: 44 55 N
LONGITUDE: 89 37 W
TEMPERATURE IN F: :PCPN: SNOW: WIND :SUNSHINE: SKY :PK WND
================================================================================
1 2 3 4 5 6A 6B 7 8 9 10 11 12 13 14 15 16 17 18
12Z AVG MX 2MIN
DY MAX MIN AVG DEP HDD CDD WTR SNW DPTH SPD SPD DIR MIN PSBL S-S WX SPD DR
================================================================================
1 23 10 17 2 48 0 T T 4 4.6 14 160 M M 9 1 17 170
2 25 20 23 8 42 0 0.00 0.0 4 4.5 13 300 M M 10 12 18 290
3 24 20 22 7 43 0 0.00 0.0 4 4.6 9 170 M M 10 12 13 170
4 29 21 25 10 40 0 0.02 0.4 4 6.6 12 270 M M 10 12 17 210
5 29 14 22 7 43 0 0.00 0.0 4 2.9 14 280 M M 8 128 20 280
6 27 15 21 6 44 0 0.00 0.0 4 3.0 7 140 M M 10 12 10 140
7 30 19 25 11 40 0 T T 4 3.1 7 300 M M 10 128 9 340
8 30 11 21 7 44 0 0.00 0.0 4 3.7 9 50 M M 6 18 13 50
9 24 13 19 5 46 0 0.00 0.0 4 4.1 9 280 M M 10 1 12 270
10 22 18 20 6 45 0 T T 4 5.7 12 260 M M 10 1 15 200
11 32 18 25 11 40 0 0.00 0.0 4 6.9 14 270 M M 9 1 21 190
12 31 21 26 12 39 0 0.00 0.0 4 4.4 12 220 M M 9 18 14 230
13 34 18 26 12 39 0 0.00 0.0 4 1.7 9 310 M M 1 12 12 310
14 35 18 27 13 38 0 0.15 0.2 3 9.8 17 60 M M 7 1 28 100
15 35 32 34 20 31 0 0.14 0.5 3 8.8 17 60 M M 10 1 27 60
16 33 26 30 16 35 0 T T 3 8.1 15 320 M M 10 23 320
17 27 23 25 11 40 0 T T 3 5.7 10 360 M M 10 168 15 350
18 23 12 18 4 47 0 0.00 0.0 3 7.6 17 260 M M 9 1 22 260
19 16 6 11 -3 54 0 T T 3 8.8 15 270 M M 8 18 20 290
20 33 1 17 3 48 0 0.00 0.0 3 10.4 22 220 M M 2 41 230
21 33 10 22 8 43 0 0.00 0.0 3 16.2 29 260 M M 6 39 260
22 13 5 9 -5 56 0 T T 3 10.4 17 300 M M 6 26 330
23 19 1 10 -4 55 0 0.02 0.4 3 4.2 12 130 M M 4 1 17 130
24 25 11 18 4 47 0 0.15 2.8 7 5.4 10 280 M M 5 18 13 280
25 23 1 12 -3 53 0 0.00 0.0 7 5.7 14 30 M M 1 20 30
26 22 8 15 0 50 0 0.00 0.0 7 8.7 15 360 M M 6 23 10
27 19 -1 9 -6 56 0 0.00 0.0 7 5.3 13 310 M M 1 18 300
28 15 -7 4 -11 61 0 0.00 0.0 6 2.9 8 260 M M 6 9 250
29 25 2 14 -1 51 0 0.00 0.0 6 7.3 14 90 M M 5 22 90
30 30 22 26 11 39 0 0.03 0.4 6 14.1 22 80 M M 9 18 33 90
31 32 20 26 11 39 0 0.11 1.0 6 6.7 15 50 M M 9 18 21 70
================================================================================
SM 818 408 1396 0 0.62 5.7 201.9 M 226
================================================================================
AV 26.4 13.2 6.5 FASTST M M 7 MAX(MPH)
MISC ----> 29 260 41 230
================================================================================
NOTES:
# LAST OF SEVERAL OCCURRENCES
COLUMN 17 PEAK WIND IN M.P.H.
PRELIMINARY LOCAL CLIMATOLOGICAL DATA (WS FORM: F-6) , PAGE 2
STATION: WAUSAU WI
MONTH: JANUARY
YEAR: 2021
LATITUDE: 44 55 N
LONGITUDE: 89 37 W
[TEMPERATURE DATA] [PRECIPITATION DATA] SYMBOLS USED IN COLUMN 16
AVERAGE MONTHLY: 19.8 TOTAL FOR MONTH: 0.62 1 = FOG OR MIST
DPTR FM NORMAL: 5.2 DPTR FM NORMAL: -0.40 2 = FOG REDUCING VISIBILITY
HIGHEST: 35 ON 15,14 GRTST 24HR 0.29 ON 30-30 TO 1/4 MILE OR LESS
LOWEST: -7 ON 28 3 = THUNDER
SNOW, ICE PELLETS, HAIL 4 = ICE PELLETS
TOTAL MONTH: 5.7 INCHES 5 = HAIL
GRTST 24HR 2.8 ON 24-24 6 = FREEZING RAIN OR DRIZZLE
GRTST DEPTH: 7 ON 27,26 7 = DUSTSTORM OR SANDSTORM:
VSBY 1/2 MILE OR LESS
8 = SMOKE OR HAZE
[NO. OF DAYS WITH] [WEATHER - DAYS WITH] 9 = BLOWING SNOW
X = TORNADO
MAX 32 OR BELOW: 25 0.01 INCH OR MORE: 7
MAX 90 OR ABOVE: 0 0.10 INCH OR MORE: 4
MIN 32 OR BELOW: 31 0.50 INCH OR MORE: 0
MIN 0 OR BELOW: 2 1.00 INCH OR MORE: 0
[HDD (BASE 65) ]
TOTAL THIS MO. 1396 CLEAR (SCALE 0-3) 4
DPTR FM NORMAL -168 PTCLDY (SCALE 4-7) 11
TOTAL FM JUL 1 4501 CLOUDY (SCALE 8-10) 16
DPTR FM NORMAL -352
[CDD (BASE 65) ]
TOTAL THIS MO. 0
DPTR FM NORMAL 0 [PRESSURE DATA]
TOTAL FM JAN 1 0 HIGHEST SLP 30.72 ON 28
DPTR FM NORMAL 0 LOWEST SLP 29.39 ON 15
[REMARKS]
#FINAL-01-21#