000
CXUS52 KGSP 010817
CF6AVL
PRELIMINARY LOCAL CLIMATOLOGICAL DATA (WS FORM: F-6)
STATION: ASHEVILLE NC
MONTH: OCTOBER
YEAR: 2022
LATITUDE: 35 25 N
LONGITUDE: 82 33 W
TEMPERATURE IN F: :PCPN: SNOW: WIND :SUNSHINE: SKY :PK WND
================================================================================
1 2 3 4 5 6A 6B 7 8 9 10 11 12 13 14 15 16 17 18
12Z AVG MX 2MIN
DY MAX MIN AVG DEP HDD CDD WTR SNW DPTH SPD SPD DIR MIN PSBL S-S WX SPD DR
================================================================================
1 59 49 54 -9 11 0 0.05 0.0 0 10.5 21 330 M M 10 1 27 330
2 58 50 54 -9 11 0 0.00 0.0 0 11.4 22 330 M M 8 31 350
3 63 49 56 -7 9 0 0.00 0.0 0 8.8 21 330 M M 4 27 340
4 68 45 57 -5 8 0 0.00 0.0 0 7.5 21 340 M M 3 12 26 330
5 69 43 56 -6 9 0 0.00 0.0 0 8.3 21 330 M M 0 26 330
6 74 41 58 -4 7 0 0.00 0.0 0 3.3 13 330 M M 0 16 300
7 75 43 59 -2 6 0 0.00 0.0 0 4.0 15 340 M M 0 21 320
8 65 47 56 -5 9 0 0.00 0.0 0 9.5 20 330 M M 2 27 330
9 64 44 54 -6 11 0 0.00 0.0 0 3.5 12 160 M M 7 15 170
10 68 40 54 -6 11 0 0.00 0.0 0 2.7 12 320 M M 1 12 16 340
11 70 44 57 -3 8 0 0.00 0.0 0 3.5 14 170 M M 5 20 170
12 65 56 61 2 4 0 0.01 0.0 0 4.5 12 190 M M 9 1 18 140
13 76 51 64 5 1 0 0.00 0.0 0 9.2 24 330 M M 2 1 30 330
14 70 37 54 -5 11 0 0.00 0.0 0 2.6 14 300 M M 0 19 280
15 79 37 58 0 7 0 0.00 0.0 0 3.2 18 300 M M 0 26 310
16 74 45 60 2 5 0 0.05 0.0 0 3.4 17 340 M M 3 1 24 350
17 72 44 58 0 7 0 0.02 0.0 0 9.6 21 320 M M 3 1 26 320
18 44 32 38 -19 27 0 0.00 0.0 0 14.3 31 330 M M 4 38 330
19 55 33 44 -13 21 0 0.00 0.0 0 9.2 21 340 M M 3 28 340
20 59 26 43 -13 22 0 0.00 0.0 0 3.9 14 190 M M 0 17 200
21 64 28 46 -10 19 0 0.00 0.0 0 2.3 12 170 M M 0 15 120
22 69 30 50 -6 15 0 0.00 0.0 0 1.9 13 180 M M 0 17 180
23 74 33 54 -1 11 0 0.00 0.0 0 2.2 10 160 M M 0 15 130
24 74 34 54 -1 11 0 0.00 0.0 0 1.8 12 170 M M 0 16 170
25 70 36 53 -2 12 0 0.00 0.0 0 5.1 17 170 M M 1 22 180
26 63 50 57 3 8 0 0.11 0.0 0 10.3 25 330 M M 6 1 32 330
27 66 43 55 1 10 0 0.00 0.0 0 6.9 21 330 M M 2 26 330
28 63 40 52 -2 13 0 0.00 0.0 0 1.8 9 160 M M 2 12 170
29 61 34 48 -5 17 0 T 0.0 0 3.5 10 180 M M 7 1 13 200
30 56 51 54 1 11 0 0.09 0.0 0 6.0 12 170 M M 10 1 15 170
31 67 49 58 6 7 0 0.35 0.0 0 5.6 15 200 M M 7 12 18 210
================================================================================
SM 2054 1284 339 0 0.68 0.0 180.3 M 99
================================================================================
AV 66.3 41.4 5.8 FASTST M M 3 MAX(MPH)
MISC ----> 31 330 38 330
================================================================================
NOTES:
# LAST OF SEVERAL OCCURRENCES
COLUMN 17 PEAK WIND IN M.P.H.
PRELIMINARY LOCAL CLIMATOLOGICAL DATA (WS FORM: F-6) , PAGE 2
STATION: ASHEVILLE NC
MONTH: OCTOBER
YEAR: 2022
LATITUDE: 35 25 N
LONGITUDE: 82 33 W
[TEMPERATURE DATA] [PRECIPITATION DATA] SYMBOLS USED IN COLUMN 16
AVERAGE MONTHLY: 53.8 TOTAL FOR MONTH: 0.68 1 = FOG OR MIST
DPTR FM NORMAL: -4.1 DPTR FM NORMAL: -2.69 2 = FOG REDUCING VISIBILITY
HIGHEST: 79 ON 15 GRTST 24HR 0.61 ON 30- 1 TO 1/4 MILE OR LESS
LOWEST: 26 ON 20 3 = THUNDER
SNOW, ICE PELLETS, HAIL 4 = ICE PELLETS
TOTAL MONTH: 0.0 INCH 5 = HAIL
GRTST 24HR 0.0 6 = FREEZING RAIN OR DRIZZLE
GRTST DEPTH: 0 7 = DUSTSTORM OR SANDSTORM:
VSBY 1/2 MILE OR LESS
8 = SMOKE OR HAZE
[NO. OF DAYS WITH] [WEATHER - DAYS WITH] 9 = BLOWING SNOW
X = TORNADO
MAX 32 OR BELOW: 0 0.01 INCH OR MORE: 7
MAX 90 OR ABOVE: 0 0.10 INCH OR MORE: 2
MIN 32 OR BELOW: 4 0.50 INCH OR MORE: 0
MIN 0 OR BELOW: 0 1.00 INCH OR MORE: 0
[HDD (BASE 65) ]
TOTAL THIS MO. 339 CLEAR (SCALE 0-3) 20
DPTR FM NORMAL 100 PTCLDY (SCALE 4-7) 7
TOTAL FM JUL 1 396 CLOUDY (SCALE 8-10) 4
DPTR FM NORMAL 122
[CDD (BASE 65) ]
TOTAL THIS MO. 0
DPTR FM NORMAL -19 [PRESSURE DATA]
TOTAL FM JAN 1 1017 HIGHEST SLP 30.41 ON 29
DPTR FM NORMAL -30 LOWEST SLP 29.66 ON 17
[REMARKS]
#FINAL-10-22#