000
CXUS52 KGSP 011436
CF6AVL
PRELIMINARY LOCAL CLIMATOLOGICAL DATA (WS FORM: F-6)
STATION: ASHEVILLE NC
MONTH: MARCH
YEAR: 2022
LATITUDE: 35 25 N
LONGITUDE: 82 33 W
TEMPERATURE IN F: :PCPN: SNOW: WIND :SUNSHINE: SKY :PK WND
================================================================================
1 2 3 4 5 6A 6B 7 8 9 10 11 12 13 14 15 16 17 18
12Z AVG MX 2MIN
DY MAX MIN AVG DEP HDD CDD WTR SNW DPTH SPD SPD DIR MIN PSBL S-S WX SPD DR
================================================================================
1 65 29 47 2 18 0 0.00 0.0 0 3.3 10 330 M M 0 14 340
2 70 31 51 6 14 0 0.00 0.0 0 3.0 20 330 M M 0 27 350
3 75 35 55 10 10 0 0.00 0.0 0 6.5 22 340 M M 0 24 350
4 64 37 51 5 14 0 0.00 0.0 0 5.0 13 140 M M 0 19 140
5 70 38 54 8 11 0 0.00 0.0 0 7.1 20 200 M M 0 27 200
6 73 54 64 18 1 0 0.00 0.0 0 11.0 24 200 M M 3 33 190
7 67 49 58 12 7 0 0.23 0.0 0 10.4 25 200 M M 5 1 34 200
8 60 41 51 5 14 0 0.87 0.0 0 8.5 20 340 M M 8 1 27 340
9 53 45 49 2 16 0 0.75 0.0 0 9.2 24 340 M M 8 1 29 330
10 47 43 45 -2 20 0 0.00 0.0 0 5.2 10 170 M M 10 14 200
11 65 41 53 6 12 0 T 0.0 0 6.0 21 170 M M 8 1 30 210
12 52 19 36 -11 29 0 0.24 0.3 T 18.4 35 320 M M 4 19 47 320
13 50 16 33 -15 32 0 0.00 0.0 0 5.9 15 340 M M 0 22 330
14 61 28 45 -3 20 0 0.00 0.0 0 5.1 18 180 M M 0 22 160
15 61 33 47 -1 18 0 0.00 0.0 0 3.1 14 190 M M 3 18 200
16 55 45 50 2 15 0 0.74 0.0 0 1.6 8 240 M M 10 1 12 220
17 69 47 58 10 7 0 0.00 0.0 0 5.1 16 340 M M 5 23 340
18 63 41 52 3 13 0 0.11 0.0 0 5.8 22 200 M M 5 1 33 100
19 69 45 57 8 8 0 0.01 0.0 0 13.4 25 200 M M 2 35 200
20 59 41 50 1 15 0 0.00 0.0 0 14.1 30 330 M M 1 38 330
21 67 32 50 0 15 0 0.00 0.0 0 5.4 14 180 M M 0 20 160
22 68 42 55 5 10 0 0.00 0.0 0 8.4 17 150 M M 0 26 170
23 67 54 61 11 4 0 2.15 0.0 0 7.4 23 200 M M 9 13 31 200
24 67 44 56 6 9 0 0.00 0.0 0 8.7 22 340 M M 1 28 250
25 57 35 46 -5 19 0 0.00 0.0 0 6.9 22 330 M M 6 27 350
26 56 41 49 -2 16 0 0.00 0.0 0 15.3 29 320 M M 2 41 290
27 53 34 44 -7 21 0 0.00 0.0 0 14.2 31 330 M M 0 41 330
28 55 33 44 -8 21 0 0.00 0.0 0 11.5 18 350 M M 0 30 340
29 62 37 50 -2 15 0 0.00 0.0 0 6.6 15 140 M M 2 22 140
30 73 39 56 4 9 0 0.00 0.0 0 8.6 23 170 M M 4 35 210
31 72 54 63 11 2 0 0.85 0.0 0 15.1 30 180 M M 6 1 46 190
================================================================================
SM 1945 1203 435 0 5.95 0.3 255.8 M 102
================================================================================
AV 62.7 38.8 8.3 FASTST M M 3 MAX(MPH)
MISC ----> 35 320 47 320
================================================================================
NOTES:
# LAST OF SEVERAL OCCURRENCES
COLUMN 17 PEAK WIND IN M.P.H.
PRELIMINARY LOCAL CLIMATOLOGICAL DATA (WS FORM: F-6) , PAGE 2
STATION: ASHEVILLE NC
MONTH: MARCH
YEAR: 2022
LATITUDE: 35 25 N
LONGITUDE: 82 33 W
[TEMPERATURE DATA] [PRECIPITATION DATA] SYMBOLS USED IN COLUMN 16
AVERAGE MONTHLY: 50.8 TOTAL FOR MONTH: 5.95 1 = FOG OR MIST
DPTR FM NORMAL: 2.4 DPTR FM NORMAL: 2.15 2 = FOG REDUCING VISIBILITY
HIGHEST: 75 ON 3 GRTST 24HR 2.15 ON 23-23 TO 1/4 MILE OR LESS
LOWEST: 16 ON 13 3 = THUNDER
SNOW, ICE PELLETS, HAIL 4 = ICE PELLETS
TOTAL MONTH: 0.3 INCH 5 = HAIL
GRTST 24HR 0.3 ON 12-12 6 = FREEZING RAIN OR DRIZZLE
GRTST DEPTH: T 7 = DUSTSTORM OR SANDSTORM:
VSBY 1/2 MILE OR LESS
8 = SMOKE OR HAZE
[NO. OF DAYS WITH] [WEATHER - DAYS WITH] 9 = BLOWING SNOW
X = TORNADO
MAX 32 OR BELOW: 0 0.01 INCH OR MORE: 9
MAX 90 OR ABOVE: 0 0.10 INCH OR MORE: 8
MIN 32 OR BELOW: 6 0.50 INCH OR MORE: 5
MIN 0 OR BELOW: 0 1.00 INCH OR MORE: 1
[HDD (BASE 65) ]
TOTAL THIS MO. 435 CLEAR (SCALE 0-3) 18
DPTR FM NORMAL -80 PTCLDY (SCALE 4-7) 10
TOTAL FM JUL 1 3251 CLOUDY (SCALE 8-10) 3
DPTR FM NORMAL -245
[CDD (BASE 65) ]
TOTAL THIS MO. 0
DPTR FM NORMAL -1 [PRESSURE DATA]
TOTAL FM JAN 1 0 HIGHEST SLP 30.47 ON 14
DPTR FM NORMAL -1 LOWEST SLP 29.47 ON 12
[REMARKS]
#FINAL-03-22#