000
CXUS52 KGSP 010817
CF6AVL
PRELIMINARY LOCAL CLIMATOLOGICAL DATA (WS FORM: F-6)
STATION: ASHEVILLE NC
MONTH: JUNE
YEAR: 2021
LATITUDE: 35 25 N
LONGITUDE: 82 33 W
TEMPERATURE IN F: :PCPN: SNOW: WIND :SUNSHINE: SKY :PK WND
================================================================================
1 2 3 4 5 6A 6B 7 8 9 10 11 12 13 14 15 16 17 18
12Z AVG MX 2MIN
DY MAX MIN AVG DEP HDD CDD WTR SNW DPTH SPD SPD DIR MIN PSBL S-S WX SPD DR
================================================================================
1 76 51 64 -5 1 0 0.00 0.0 0 1.1 12 170 M M 4 8 16 130
2 75 55 65 -4 0 0 T 0.0 0 8.7 14 160 M M 2 8 22 170
3 77 59 68 -1 0 3 0.17 0.0 0 2.5 13 320 M M 4 1 16 240
4 83 63 73 4 0 8 T 0.0 0 6.3 14 340 M M 5 18 22 340
5 84 59 72 2 0 7 T 0.0 0 4.0 13 170 M M 3 20 240
6 83 66 75 5 0 10 0.02 0.0 0 4.5 14 180 M M 4 17 190
7 81 68 75 5 0 10 0.34 0.0 0 7.8 21 190 M M 7 18 26 190
8 82 64 73 3 0 8 0.04 0.0 0 4.5 13 230 M M 6 1 19 230
9 83 65 74 4 0 9 1.61 0.0 0 4.6 25 220 M M 4 138 43 220
10 81 67 74 3 0 9 0.02 0.0 0 4.1 16 190 M M 6 18 22 210
11 81 67 74 3 0 9 1.92 0.0 0 3.8 17 330 M M 7 1238 26 340
12 81 66 74 3 0 9 0.41 0.0 0 6.9 18 330 M M 5 13 24 350
13 85 64 75 4 0 10 0.02 0.0 0 2.7 10 120 M M 5 1238 16 70
14 88 64 76 4 0 11 T 0.0 0 6.6 17 330 M M 2 1 25 340
15 81 61 71 -1 0 6 0.00 0.0 0 8.6 21 340 M M 0 29 320
16 80 60 70 -2 0 5 0.00 0.0 0 8.2 18 340 M M 2 8 24 330
17 81 54 68 -4 0 3 0.00 0.0 0 5.4 15 330 M M 0 19 20
18 85 55 70 -2 0 5 0.00 0.0 0 4.1 16 210 M M 1 8 22 210
19 85 61 73 0 0 8 0.00 0.0 0 6.0 18 220 M M 1 138 24 200
20 80 64 72 -1 0 7 0.49 0.0 0 2.6 9 180 M M 7 1 13 180
21 87 64 76 3 0 11 0.09 0.0 0 7.6 18 200 M M 2 138 29 250
22 75 59 67 -6 0 2 0.48 0.0 0 6.6 21 340 M M 5 1 28 340
23 76 56 66 -7 0 1 0.00 0.0 0 4.2 13 170 M M 6 8 19 160
24 76 60 68 -6 0 3 0.00 0.0 0 4.1 13 160 M M 6 8 17 170
25 78 60 69 -5 0 4 0.00 0.0 0 3.5 10 160 M M 4 8 15 160
26 81 55 68 -6 0 3 0.00 0.0 0 4.5 14 160 M M 2 8 19 120
27 83 67 75 1 0 10 0.08 0.0 0 3.6 13 170 M M 6 18 18 170
28 86 65 76 2 0 11 T 0.0 0 3.1 12 140 M M 2 1 17 130
29 77 68 73 -1 0 8 0.16 0.0 0 2.3 14 160 M M 8 123 20 170
30 86 63 75 1 0 10 0.00 0.0 0 3.1 12 180 M M 5 1238 16 200
================================================================================
SM 2437 1850 1 200 5.85 0.0 145.6 M 121
================================================================================
AV 81.2 61.7 4.9 FASTST M M 4 MAX(MPH)
MISC ----> 25 220 43 220
================================================================================
NOTES:
# LAST OF SEVERAL OCCURRENCES
COLUMN 17 PEAK WIND IN M.P.H.
PRELIMINARY LOCAL CLIMATOLOGICAL DATA (WS FORM: F-6) , PAGE 2
STATION: ASHEVILLE NC
MONTH: JUNE
YEAR: 2021
LATITUDE: 35 25 N
LONGITUDE: 82 33 W
[TEMPERATURE DATA] [PRECIPITATION DATA] SYMBOLS USED IN COLUMN 16
AVERAGE MONTHLY: 71.5 TOTAL FOR MONTH: 5.85 1 = FOG OR MIST
DPTR FM NORMAL: -0.4 DPTR FM NORMAL: 1.06 2 = FOG REDUCING VISIBILITY
HIGHEST: 88 ON 14 GRTST 24HR 1.93 ON 11-12 TO 1/4 MILE OR LESS
LOWEST: 51 ON 1 3 = THUNDER
SNOW, ICE PELLETS, HAIL 4 = ICE PELLETS
TOTAL MONTH: 0.0 INCH 5 = HAIL
GRTST 24HR 0.0 6 = FREEZING RAIN OR DRIZZLE
GRTST DEPTH: 0 7 = DUSTSTORM OR SANDSTORM:
VSBY 1/2 MILE OR LESS
8 = SMOKE OR HAZE
[NO. OF DAYS WITH] [WEATHER - DAYS WITH] 9 = BLOWING SNOW
X = TORNADO
MAX 32 OR BELOW: 0 0.01 INCH OR MORE: 14
MAX 90 OR ABOVE: 0 0.10 INCH OR MORE: 8
MIN 32 OR BELOW: 0 0.50 INCH OR MORE: 2
MIN 0 OR BELOW: 0 1.00 INCH OR MORE: 2
[HDD (BASE 65) ]
TOTAL THIS MO. 1 CLEAR (SCALE 0-3) 11
DPTR FM NORMAL -7 PTCLDY (SCALE 4-7) 18
TOTAL FM JUL 1 3706 CLOUDY (SCALE 8-10) 1
DPTR FM NORMAL -132
[CDD (BASE 65) ]
TOTAL THIS MO. 200
DPTR FM NORMAL -12 [PRESSURE DATA]
TOTAL FM JAN 1 261 HIGHEST SLP 30.31 ON 24
DPTR FM NORMAL -42 LOWEST SLP 29.76 ON 21
[REMARKS]
#FINAL-06-21#