000
CXUS51 KBGM 010810
CF6AVP
PRELIMINARY LOCAL CLIMATOLOGICAL DATA (WS FORM: F-6)
STATION: AVOCA PA
MONTH: SEPTEMBER
YEAR: 2022
LATITUDE: 41 19 N
LONGITUDE: 75 44 W
TEMPERATURE IN F: :PCPN: SNOW: WIND :SUNSHINE: SKY :PK WND
================================================================================
1 2 3 4 5 6A 6B 7 8 9 10 11 12 13 14 15 16 17 18
12Z AVG MX 2MIN
DY MAX MIN AVG DEP HDD CDD WTR SNW DPTH SPD SPD DIR MIN PSBL S-S WX SPD DR
================================================================================
1 79 57 68 -1 0 3 0.00 0.0 M 7.7 17 340 M M 0 23 350
2 82 51 67 -2 0 2 0.00 0.0 M 3.3 8 280 M M 0 11 100
3 83 61 72 3 0 7 0.00 0.0 M 3.2 14 240 M M 5 21 240
4 83 68 76 8 0 11 0.18 0.0 M 3.9 10 250 M M 5 1 13 310
5 72 67 70 2 0 5 2.28 0.0 M 2.7 8 30 M M 9 1 10 220
6 77 66 72 4 0 7 1.13 0.0 M 2.7 10 60 M M 10 1 15 50
7 67 59 63 -5 2 0 0.92 0.0 M 4.3 10 40 M M 9 1 12 30
8 80 60 70 3 0 5 0.00 0.0 M 3.9 12 300 M M 7 12 15 290
9 83 56 70 3 0 5 0.00 0.0 M 3.8 9 20 M M 1 12 50
10 81 56 69 2 0 4 0.00 0.0 M 2.8 9 190 M M 0 13 190
11 69 64 67 1 0 2 0.13 0.0 M 3.0 7 50 M M 9 1 9 50
12 77 65 71 5 0 6 0.18 0.0 M 2.5 7 100 M M 9 1 9 80
13 78 57 68 2 0 3 0.19 0.0 M 5.5 18 250 M M 7 13 24 260
14 78 55 67 2 0 2 T 0.0 M 5.6 15 310 M M 2 21 320
15 70 50 60 -5 5 0 0.00 0.0 M 7.9 16 330 M M 2 21 10
16 75 46 61 -4 4 0 0.00 0.0 M 3.9 10 300 M M 1 13 300
17 80 59 70 6 0 5 0.00 0.0 M 4.4 13 250 M M 3 17 250
18 83 59 71 7 0 6 0.00 0.0 M 5.5 16 240 M M 1 21 240
19 79 65 72 8 0 7 0.16 0.0 M 6.4 24 250 M M 7 1 35 260
20 75 57 66 3 0 1 0.00 0.0 M 4.4 14 310 M M 5 1 19 300
21 81 55 68 5 0 3 0.00 0.0 M 4.4 15 260 M M 2 12 19 250
22 72 53 63 1 2 0 0.70 0.0 M 8.6 29 330 M M 7 13 43 320
23 58 41 50 -12 15 0 0.04 0.0 M 12.1 23 330 M M 5 1 30 330
24 67 40 54 -8 11 0 0.00 0.0 M 3.2 10 250 M M 1 13 260
25 69 52 61 0 4 0 0.16 0.0 M 4.9 17 240 M M 7 13 22 240
26 70 51 61 0 4 0 T 0.0 M 8.9 29 260 M M 5 43 240
27 63 50 57 -3 8 0 0.00 0.0 M 7.6 15 220 M M 6 21 220
28 65 48 57 -3 8 0 T 0.0 M 6.2 15 320 M M 9 18 320
29 63 44 54 -6 11 0 0.00 0.0 M 6.2 17 30 M M 5 22 30
30 64 41 53 -6 12 0 0.00 0.0 M 4.2 13 50 M M 0 16 60
================================================================================
SM 2223 1653 86 84 6.07 0.0 153.7 M 139
================================================================================
AV 74.1 55.1 5.1 FASTST M M 5 MAX(MPH)
MISC ----> # 29 330 # 43 320
================================================================================
NOTES:
# LAST OF SEVERAL OCCURRENCES
COLUMN 17 PEAK WIND IN M.P.H.
PRELIMINARY LOCAL CLIMATOLOGICAL DATA (WS FORM: F-6) , PAGE 2
STATION: AVOCA PA
MONTH: SEPTEMBER
YEAR: 2022
LATITUDE: 41 19 N
LONGITUDE: 75 44 W
[TEMPERATURE DATA] [PRECIPITATION DATA] SYMBOLS USED IN COLUMN 16
AVERAGE MONTHLY: 64.6 TOTAL FOR MONTH: 6.07 1 = FOG OR MIST
DPTR FM NORMAL: 0.0 DPTR FM NORMAL: 1.92 2 = FOG REDUCING VISIBILITY
HIGHEST: 83 ON 18, 9 GRTST 24HR 2.67 ON 5- 6 TO 1/4 MILE OR LESS
LOWEST: 40 ON 24 3 = THUNDER
SNOW, ICE PELLETS, HAIL 4 = ICE PELLETS
TOTAL MONTH: 0.0 INCH 5 = HAIL
GRTST 24HR 0.0 6 = FREEZING RAIN OR DRIZZLE
GRTST DEPTH: M ON M 7 = DUSTSTORM OR SANDSTORM:
VSBY 1/2 MILE OR LESS
8 = SMOKE OR HAZE
[NO. OF DAYS WITH] [WEATHER - DAYS WITH] 9 = BLOWING SNOW
X = TORNADO
MAX 32 OR BELOW: 0 0.01 INCH OR MORE: 11
MAX 90 OR ABOVE: 0 0.10 INCH OR MORE: 10
MIN 32 OR BELOW: 0 0.50 INCH OR MORE: 4
MIN 0 OR BELOW: 0 1.00 INCH OR MORE: 2
[HDD (BASE 65) ]
TOTAL THIS MO. 86 CLEAR (SCALE 0-3) 12
DPTR FM NORMAL -10 PTCLDY (SCALE 4-7) 12
TOTAL FM JUL 1 86 CLOUDY (SCALE 8-10) 6
DPTR FM NORMAL -20
[CDD (BASE 65) ]
TOTAL THIS MO. 84
DPTR FM NORMAL 2 [PRESSURE DATA]
TOTAL FM JAN 1 960 HIGHEST SLP 30.43 ON 29
DPTR FM NORMAL 179 LOWEST SLP 29.57 ON 25
[REMARKS]
#FINAL-09-22#