000
CXUS51 KBGM 021549 AAA
CF6AVP
PRELIMINARY LOCAL CLIMATOLOGICAL DATA (WS FORM: F-6)
STATION: AVOCA PA
MONTH: OCTOBER
YEAR: 2021
LATITUDE: 41 19 N
LONGITUDE: 75 44 W
TEMPERATURE IN F: :PCPN: SNOW: WIND :SUNSHINE: SKY :PK WND
================================================================================
1 2 3 4 5 6A 6B 7 8 9 10 11 12 13 14 15 16 17 18
12Z AVG MX 2MIN
DY MAX MIN AVG DEP HDD CDD WTR SNW DPTH SPD SPD DIR MIN PSBL S-S WX SPD DR
================================================================================
1 65 41 53 -6 12 0 0.00 0.0 M 3.0 12 300 M M 2 12 15 290
2 72 44 58 0 7 0 0.00 0.0 M 3.8 15 240 M M 0 21 230
3 70 49 60 2 5 0 0.42 0.0 M 2.1 7 250 M M 6 12 9 100
4 71 62 67 9 0 2 0.64 0.0 M 3.9 14 280 M M 10 123 20 280
5 70 60 65 8 0 0 T 0.0 M 3.3 9 60 M M 10 18 13 70
6 73 63 68 11 0 3 0.00 0.0 M 1.2 6 120 M M 10 1 10 110
7 77 59 68 12 0 3 0.00 0.0 M 1.9 12 300 M M 5 1 13 300
8 76 59 68 12 0 3 0.00 0.0 M 2.1 9 130 M M 9 18 14 130
9 68 60 64 8 1 0 0.00 0.0 M 5.2 14 110 M M 8 19 100
10 66 59 63 8 2 0 T 0.0 M 6.0 13 60 M M 10 8 19 110
11 74 57 66 11 0 1 0.00 0.0 M 4.6 12 40 M M 5 15 50
12 72 53 63 9 2 0 0.00 0.0 M 3.9 9 260 M M 6 1 13 270
13 68 57 63 9 2 0 0.00 0.0 M 3.1 10 250 M M 8 1 14 250
14 76 57 67 13 0 2 0.00 0.0 M 4.6 14 320 M M 5 12 16 310
15 82 58 70 17 0 5 0.00 0.0 M 3.5 12 200 M M 3 20 190
16 78 51 65 12 0 0 0.39 0.0 M 7.5 30 230 M M 7 1 42 230
17 58 47 53 0 12 0 0.10 0.0 M 8.2 17 260 M M 7 24 270
18 56 44 50 -2 15 0 0.01 0.0 M 8.2 25 330 M M 8 31 300
19 67 42 55 3 10 0 0.00 0.0 M 7.3 16 240 M M 1 21 270
20 74 54 64 12 1 0 0.00 0.0 M 6.3 14 250 M M 0 19 250
21 74 48 61 10 4 0 T 0.0 M 4.6 16 240 M M 1 24 260
22 63 45 54 3 11 0 0.09 0.0 M 5.3 14 240 M M 7 1 19 240
23 53 44 49 -2 16 0 0.16 0.0 M 1.4 14 300 M M 9 1 18 310
24 55 43 49 -1 16 0 0.13 0.0 M 2.5 10 30 M M 10 1 14 340
25 74 52 63 13 2 0 0.31 0.0 M 3.3 10 160 M M 3 1 20 150
26 60 47 54 4 11 0 1.50 0.0 M 5.4 17 310 M M 10 1 22 300
27 60 43 52 3 13 0 0.04 0.0 M 6.9 16 350 M M 7 1 22 340
28 66 38 52 3 13 0 0.00 0.0 M 2.8 8 120 M M 1 16 130
29 57 47 52 3 13 0 0.50 0.0 M 7.9 21 60 M M 8 1 31 130
30 63 49 56 8 9 0 0.18 0.0 M 6.1 16 100 M M 10 1 27 110
31 61 50 56 8 9 0 0.08 0.0 M 7.2 17 260 M M 9 12 25 260
================================================================================
SM 2099 1582 186 19 4.55 0.0 143.1 M 195
================================================================================
AV 67.7 51.0 4.6 FASTST M M 6 MAX(MPH)
MISC ----> 30 230 42 230
================================================================================
NOTES:
# LAST OF SEVERAL OCCURRENCES
COLUMN 17 PEAK WIND IN M.P.H.
PRELIMINARY LOCAL CLIMATOLOGICAL DATA (WS FORM: F-6) , PAGE 2
STATION: AVOCA PA
MONTH: OCTOBER
YEAR: 2021
LATITUDE: 41 19 N
LONGITUDE: 75 44 W
[TEMPERATURE DATA] [PRECIPITATION DATA] SYMBOLS USED IN COLUMN 16
AVERAGE MONTHLY: 59.4 TOTAL FOR MONTH: 4.55 1 = FOG OR MIST
DPTR FM NORMAL: 6.2 DPTR FM NORMAL: 0.84 2 = FOG REDUCING VISIBILITY
HIGHEST: 82 ON 15 GRTST 24HR 1.71 ON 25-26 TO 1/4 MILE OR LESS
LOWEST: 38 ON 28 3 = THUNDER
SNOW, ICE PELLETS, HAIL 4 = ICE PELLETS
TOTAL MONTH: 0.0 INCH 5 = HAIL
GRTST 24HR 0.0 6 = FREEZING RAIN OR DRIZZLE
GRTST DEPTH: M ON M 7 = DUSTSTORM OR SANDSTORM:
VSBY 1/2 MILE OR LESS
8 = SMOKE OR HAZE
[NO. OF DAYS WITH] [WEATHER - DAYS WITH] 9 = BLOWING SNOW
X = TORNADO
MAX 32 OR BELOW: 0 0.01 INCH OR MORE: 14
MAX 90 OR ABOVE: 0 0.10 INCH OR MORE: 10
MIN 32 OR BELOW: 0 0.50 INCH OR MORE: 3
MIN 0 OR BELOW: 0 1.00 INCH OR MORE: 1
[HDD (BASE 65) ]
TOTAL THIS MO. 186 CLEAR (SCALE 0-3) 7
DPTR FM NORMAL -189 PTCLDY (SCALE 4-7) 12
TOTAL FM JUL 1 240 CLOUDY (SCALE 8-10) 12
DPTR FM NORMAL -241
[CDD (BASE 65) ]
TOTAL THIS MO. 19
DPTR FM NORMAL 10 [PRESSURE DATA]
TOTAL FM JAN 1 936 HIGHEST SLP 30.38 ON 6
DPTR FM NORMAL 146 LOWEST SLP 29.37 ON 26
[REMARKS]
#FINAL-10-21#
WARMEST OCTOBER EVER
TAC