000
CXUS51 KBGM 010800
CF6AVP
PRELIMINARY LOCAL CLIMATOLOGICAL DATA (WS FORM: F-6)
STATION: AVOCA PA
MONTH: NOVEMBER
YEAR: 2020
LATITUDE: 41 19 N
LONGITUDE: 75 44 W
TEMPERATURE IN F: :PCPN: SNOW: WIND :SUNSHINE: SKY :PK WND
================================================================================
1 2 3 4 5 6A 6B 7 8 9 10 11 12 13 14 15 16 17 18
12Z AVG MX 2MIN
DY MAX MIN AVG DEP HDD CDD WTR SNW DPTH SPD SPD DIR MIN PSBL S-S WX SPD DR
================================================================================
1 51 37 44 -2 21 0 0.22 0.0 M 8.3 24 310 M M 9 1 33 270
2 43 36 40 -6 25 0 T 0.3 M 15.1 29 320 M M 7 38 320
3 54 35 45 -1 20 0 0.00 0.0 M 9.8 25 320 M M 3 32 320
4 67 33 50 5 15 0 0.00 0.0 M 4.8 15 250 M M 0 22 260
5 71 42 57 12 8 0 0.00 0.0 M 4.0 14 230 M M 0 20 170
6 71 44 58 13 7 0 0.00 0.0 M 5.0 16 240 M M 0 21 240
7 72 41 57 13 8 0 0.00 0.0 M 3.5 10 250 M M 0 12 230
8 76 39 58 14 7 0 0.00 0.0 M 3.1 9 100 M M 0 1 12 110
9 75 40 58 14 7 0 0.00 0.0 M 2.9 10 240 M M 0 13 250
10 76 51 64 21 1 0 0.00 0.0 M 5.0 13 250 M M 2 1 19 190
11 70 62 66 23 0 1 0.75 0.0 M 4.8 17 230 M M 8 12 26 220
12 65 35 50 7 15 0 T 0.0 M 9.2 17 360 M M 7 1 23 10
13 53 34 44 2 21 0 T 0.0 M 3.4 12 240 M M 6 1 15 240
14 50 33 42 0 23 0 0.00 0.0 M 5.5 16 330 M M 1 22 350
15 58 34 46 4 19 0 0.27 0.0 M 13.9 28 250 M M 7 1 46 180
16 49 30 40 -1 25 0 T M M 11.3 25 260 M M 4 33 250
17 42 31 37 -4 28 0 0.06 T M 7.7 25 290 M M 8 18 33 300
18 33 23 28 -13 37 0 T T M 9.7 23 330 M M 6 31 310
19 49 21 35 -5 30 0 0.00 0.0 M 5.2 16 210 M M 0 23 190
20 65 38 52 12 13 0 0.00 0.0 M 5.8 18 250 M M 2 27 210
21 56 37 47 7 18 0 0.00 0.0 M 6.2 14 10 M M 2 18 20
22 56 33 45 6 20 0 0.02 M M 4.5 14 180 M M 8 1 22 150
23 56 40 48 9 17 0 0.34 0.0 M 10.6 28 330 M M 10 1 33 330
24 44 35 40 2 25 0 0.00 0.0 M 6.5 15 330 M M 7 20 340
25 52 39 46 8 19 0 0.09 0.0 M 4.0 13 240 M M 6 1 17 190
26 61 47 54 16 11 0 0.16 0.0 M 6.5 20 270 M M 9 1 25 260
27 53 47 50 13 15 0 0.00 0.0 M 4.5 15 260 M M 10 21 270
28 52 32 42 5 23 0 0.00 0.0 M 5.9 16 350 M M 7 24 310
29 52 29 41 5 24 0 0.00 0.0 M 4.1 13 230 M M 0 16 250
30 62 42 52 16 13 0 0.54 0.0 M 6.4 18 120 M M 8 1 30 130
================================================================================
SM 1734 1120 515 1 2.45 0.3 197.2 M 137
================================================================================
AV 57.8 37.3 6.6 FASTST M M 5 MAX(MPH)
MISC ----> # 29 320 # 46 180
================================================================================
NOTES:
# LAST OF SEVERAL OCCURRENCES
COLUMN 17 PEAK WIND IN M.P.H.
PRELIMINARY LOCAL CLIMATOLOGICAL DATA (WS FORM: F-6) , PAGE 2
STATION: AVOCA PA
MONTH: NOVEMBER
YEAR: 2020
LATITUDE: 41 19 N
LONGITUDE: 75 44 W
[TEMPERATURE DATA] [PRECIPITATION DATA] SYMBOLS USED IN COLUMN 16
AVERAGE MONTHLY: 47.6 TOTAL FOR MONTH: 2.45 1 = FOG OR MIST
DPTR FM NORMAL: 6.2 DPTR FM NORMAL: -0.69 2 = FOG REDUCING VISIBILITY
HIGHEST: 76 ON 10, 8 GRTST 24HR 0.75 ON 11-11 TO 1/4 MILE OR LESS
LOWEST: 21 ON 19 3 = THUNDER
SNOW, ICE PELLETS, HAIL 4 = ICE PELLETS
TOTAL MONTH: 0.3 INCH 5 = HAIL
GRTST 24HR 0.3 ON 2- 2 6 = FREEZING RAIN OR DRIZZLE
GRTST DEPTH: M ON M 7 = DUSTSTORM OR SANDSTORM:
VSBY 1/2 MILE OR LESS
8 = SMOKE OR HAZE
[NO. OF DAYS WITH] [WEATHER - DAYS WITH] 9 = BLOWING SNOW
X = TORNADO
MAX 32 OR BELOW: 0 0.01 INCH OR MORE: 9
MAX 90 OR ABOVE: 0 0.10 INCH OR MORE: 6
MIN 32 OR BELOW: 6 0.50 INCH OR MORE: 2
MIN 0 OR BELOW: 0 1.00 INCH OR MORE: 0
[HDD (BASE 65) ]
TOTAL THIS MO. 515 CLEAR (SCALE 0-3) 12
DPTR FM NORMAL -195 PTCLDY (SCALE 4-7) 12
TOTAL FM JUL 1 925 CLOUDY (SCALE 8-10) 6
DPTR FM NORMAL -388
[CDD (BASE 65) ]
TOTAL THIS MO. 1
DPTR FM NORMAL 1 [PRESSURE DATA]
TOTAL FM JAN 1 1058 HIGHEST SLP 30.57 ON 18
DPTR FM NORMAL 478 LOWEST SLP 29.29 ON 30
[REMARKS]
#FINAL-11-20#