000
CXUS51 KBOX 011212
CF6BDL
PRELIMINARY LOCAL CLIMATOLOGICAL DATA (WS FORM: F-6)
STATION: HARTFORD CT
MONTH: AUGUST
YEAR: 2023
LATITUDE: 41 55 N
LONGITUDE: 72 41 W
TEMPERATURE IN F: :PCPN: SNOW: WIND :SUNSHINE: SKY :PK WND
================================================================================
1 2 3 4 5 6A 6B 7 8 9 10 11 12 13 14 15 16 17 18
12Z AVG MX 2MIN
DY MAX MIN AVG DEP HDD CDD WTR SNW DPTH SPD SPD DIR MIN PSBL S-S WX SPD DR
================================================================================
1 78 57 68 -6 0 3 0.00 0.0 0 7.2 17 360 M M 3 22 360
2 79 52 66 -8 0 1 0.00 0.0 0 3.0 9 340 M M 3 14 10
3 81 57 69 -5 0 4 0.00 0.0 0 9.9 20 200 M M 6 26 180
4 78 67 73 -1 0 8 0.00 0.0 0 9.2 17 190 M M 9 22 190
5 85 64 75 1 0 10 0.00 0.0 0 4.7 13 30 M M 5 1 17 10
6 85 60 73 -1 0 8 0.00 0.0 0 4.3 14 190 M M 4 1 17 190
7 75 63 69 -5 0 4 0.52 0.0 0 7.8 18 150 M M 9 1 23 150
8 84 69 77 3 0 12 0.02 0.0 0 7.1 20 290 M M 8 1 24 280
9 85 68 77 3 0 12 0.00 0.0 0 10.0 23 310 M M 6 32 310
10 80 64 72 -1 0 7 0.72 0.0 0 5.2 16 200 M M 8 1 22 200
11 83 62 73 0 0 8 0.00 0.0 0 6.8 18 260 M M 2 25 270
12 85 58 72 -1 0 7 0.22 0.0 0 6.1 22 200 M M 6 13 26 190
13 88 67 78 5 0 13 0.15 0.0 0 7.6 17 320 M M 6 13 21 350
14 84 64 74 1 0 9 T 0.0 0 4.4 15 260 M M 8 19 280
15 73 68 71 -2 0 6 0.76 0.0 0 6.2 14 20 M M 10 1 18 20
16 79 67 73 0 0 8 T 0.0 0 4.0 12 100 M M 10 1 13 100
17 77 67 72 -1 0 7 T 0.0 0 6.7 12 140 M M 10 1 14 150
18 84 62 73 1 0 8 1.06 0.0 0 6.9 21 290 M M 6 13 25 270
19 77 58 68 -4 0 3 0.00 0.0 0 8.0 18 260 M M 6 23 270
20 84 57 71 -1 0 6 0.00 0.0 0 5.6 14 240 M M 3 19 230
21 86 63 75 3 0 10 0.00 0.0 0 5.0 17 360 M M 7 23 10
22 80 60 70 -2 0 5 0.00 0.0 0 10.2 21 40 M M 4 26 30
23 79 54 67 -5 0 2 0.00 0.0 0 5.1 9 190 M M 2 12 180
24 74 54 64 -8 1 0 0.05 0.0 0 6.5 17 160 M M 8 1 22 160
25 76 65 71 0 0 6 0.31 0.0 0 8.2 15 170 M M 10 1 20 220
26 86 65 76 5 0 11 T 0.0 0 6.1 13 340 M M 6 1 17 340
27 82 61 72 1 0 7 0.01 0.0 0 5.3 12 30 M M 4 16 10
28 81 65 73 2 0 8 T 0.0 0 5.3 15 190 M M 8 1 18 180
29 83 62 73 3 0 8 0.00 0.0 0 5.4 13 140 M M 8 16 140
30 85 65 75 5 0 10 0.06 0.0 0 8.1 18 310 M M 8 1 23 300
31 77 56 67 -3 0 2 0.00 0.0 0 10.0 21 30 M M 2 25 350
================================================================================
SM 2513 1921 1 213 3.88 0.0 205.9 M 195
================================================================================
AV 81.1 62.0 6.6 FASTST M M 6 MAX(MPH)
MISC ----> 23 310 32 310
================================================================================
NOTES:
# LAST OF SEVERAL OCCURRENCES
COLUMN 17 PEAK WIND IN M.P.H.
PRELIMINARY LOCAL CLIMATOLOGICAL DATA (WS FORM: F-6) , PAGE 2
STATION: HARTFORD CT
MONTH: AUGUST
YEAR: 2023
LATITUDE: 41 55 N
LONGITUDE: 72 41 W
[TEMPERATURE DATA] [PRECIPITATION DATA] SYMBOLS USED IN COLUMN 16
AVERAGE MONTHLY: 71.5 TOTAL FOR MONTH: 3.88 1 = FOG OR MIST
DPTR FM NORMAL: -1.0 DPTR FM NORMAL: -0.33 2 = FOG REDUCING VISIBILITY
HIGHEST: 88 ON 13 GRTST 24HR 1.06 ON 17-18 TO 1/4 MILE OR LESS
LOWEST: 52 ON 2 3 = THUNDER
SNOW, ICE PELLETS, HAIL 4 = ICE PELLETS
TOTAL MONTH: 0.0 INCH 5 = HAIL
GRTST 24HR 0.0 6 = FREEZING RAIN OR DRIZZLE
GRTST DEPTH: 0 7 = DUSTSTORM OR SANDSTORM:
VSBY 1/2 MILE OR LESS
8 = SMOKE OR HAZE
[NO. OF DAYS WITH] [WEATHER - DAYS WITH] 9 = BLOWING SNOW
X = TORNADO
MAX 32 OR BELOW: 0 0.01 INCH OR MORE: 11
MAX 90 OR ABOVE: 0 0.10 INCH OR MORE: 7
MIN 32 OR BELOW: 0 0.50 INCH OR MORE: 4
MIN 0 OR BELOW: 0 1.00 INCH OR MORE: 1
[HDD (BASE 65) ]
TOTAL THIS MO. 1 CLEAR (SCALE 0-3) 6
DPTR FM NORMAL -5 PTCLDY (SCALE 4-7) 18
TOTAL FM JUL 1 1 CLOUDY (SCALE 8-10) 7
DPTR FM NORMAL -2
[CDD (BASE 65) ]
TOTAL THIS MO. 213
DPTR FM NORMAL -25 [PRESSURE DATA]
TOTAL FM JAN 1 768 HIGHEST SLP 30.25 ON 2
DPTR FM NORMAL 43 LOWEST SLP 29.51 ON 8
[REMARKS]
#FINAL-08-23#