000
CXAK56 PAFC 011234
CF6BET
PRELIMINARY LOCAL CLIMATOLOGICAL DATA (WS FORM: F-6)
STATION: BETHEL
MONTH: FEBRUARY
YEAR: 2022
LATITUDE: 60 46 N
LONGITUDE: 161 48 W
TEMPERATURE IN F: :PCPN: SNOW: WIND :SUNSHINE: SKY :PK WND
================================================================================
1 2 3 4 5 6A 6B 7 8 9 10 11 12 13 14 15 16 17 18
12Z AVG MX 2MIN
DY MAX MIN AVG DEP HDD CDD WTR SNW DPTH SPD SPD DIR MIN PSBL S-S WX SPD DR
================================================================================
1 19 12 16 5 49 0 0.10 M M 22.0 31 40 M M 9 1269 37 40
2 19 8 14 3 51 0 0.00 M M 22.4 35 40 M M 9 9 42 40
3 14 9 12 1 53 0 0.07 M M 26.0 38 40 M M 9 129 45 40
4 22 12 17 5 48 0 0.03 M M 10.6 17 10 M M 10 129 20 200
5 13 3 8 -4 57 0 T M M 11.8 17 10 M M 9 1 21 360
6 -3 -5 -4 -16 69 0 0.00 M M 14.6 23 10 M M 3 18 27 10
7 -14 -22 -18 -30 83 0 0.00 M M 13.5 24 10 M M 0 128 27 10
8 -14 -26 -20 -33 85 0 0.00 M M 9.2 14 180 M M 5 128 16 180
9 -5 -23 -14 -27 79 0 T M M 11.5 15 210 M M 4 18 20 200
10 4 -17 -6 -19 71 0 T M M 14.0 29 30 M M 8 18 34 30
11 10 2 6 -7 59 0 0.07 M M 18.7 29 30 M M 9 1 33 30
12 9 5 7 -7 58 0 0.11 M M 12.6 22 20 M M 10 1 25 20
13 8 -8 0 -14 65 0 T M M 10.7 18 20 M M 3 1 22 30
14 7 2 5 -9 60 0 0.17 M M 17.3 25 30 M M 9 12 31 20
15 8 3 6 -8 59 0 0.01 M M 16.4 28 30 M M 10 1 32 30
16 12 5 9 -5 56 0 0.32 M M 19.6 32 30 M M 10 1 40 30
17 14 10 12 -2 53 0 0.53 M M 13.7 21 50 M M 10 1 25 50
18 12 3 8 -6 57 0 0.13 M M 12.8 21 20 M M 10 1 25 10
19 14 -9 3 -11 62 0 0.02 M M 8.9 20 40 M M 6 1 21 40
20 39 14 27 13 38 0 0.14 M M 12.5 33 150 M M 7 126 40 150
21 37 32 35 21 30 0 0.05 M M 19.0 32 170 M M 5 1 39 160
22 35 29 32 18 33 0 0.05 M M 14.6 28 190 M M 7 1 35 180
23 42 30 36 22 29 0 0.03 M M 15.8 25 110 M M 7 32 100
24 42 36 39 25 26 0 0.06 M M 13.5 21 100 M M 8 8 26 90
25 43 34 39 25 26 0 T M M 22.1 40 140 M M 5 18 49 140
26 36 32 34 20 31 0 T M M 11.7 30 140 M M 7 1 35 150
27 37 27 32 18 33 0 0.01 M M 5.8 14 120 M M 9 1 17 110
28 31 19 25 11 40 0 T M M 9.4 17 30 M M 8 12 20 20
================================================================================
SM 491 217 1460 0 1.90 M 410.7 M 206
================================================================================
AV 17.5 7.8 14.7 FASTST M M 7 MAX(MPH)
MISC ----> 40 140 49 140
================================================================================
NOTES:
# LAST OF SEVERAL OCCURRENCES
COLUMN 17 PEAK WIND IN M.P.H.
PRELIMINARY LOCAL CLIMATOLOGICAL DATA (WS FORM: F-6) , PAGE 2
STATION: BETHEL
MONTH: FEBRUARY
YEAR: 2022
LATITUDE: 60 46 N
LONGITUDE: 161 48 W
[TEMPERATURE DATA] [PRECIPITATION DATA] SYMBOLS USED IN COLUMN 16
AVERAGE MONTHLY: 12.6 TOTAL FOR MONTH: 1.90 1 = FOG OR MIST
DPTR FM NORMAL: -0.7 DPTR FM NORMAL: 1.02 2 = FOG REDUCING VISIBILITY
HIGHEST: 43 ON 25 GRTST 24HR 0.55 ON 16-17 TO 1/4 MILE OR LESS
LOWEST: -26 ON 8 3 = THUNDER
SNOW, ICE PELLETS, HAIL 4 = ICE PELLETS
TOTAL MONTH: M 5 = HAIL
GRTST 24HR M ON M 6 = FREEZING RAIN OR DRIZZLE
GRTST DEPTH: M ON M 7 = DUSTSTORM OR SANDSTORM:
VSBY 1/2 MILE OR LESS
8 = SMOKE OR HAZE
[NO. OF DAYS WITH] [WEATHER - DAYS WITH] 9 = BLOWING SNOW
X = TORNADO
MAX 32 OR BELOW: 20 0.01 INCH OR MORE: 17
MAX 90 OR ABOVE: 0 0.10 INCH OR MORE: 7
MIN 32 OR BELOW: 26 0.50 INCH OR MORE: 1
MIN 0 OR BELOW: 7 1.00 INCH OR MORE: 0
[HDD (BASE 65) ]
TOTAL THIS MO. 1460 CLEAR (SCALE 0-3) 2
DPTR FM NORMAL 12 PTCLDY (SCALE 4-7) 12
TOTAL FM JUL 1 9016 CLOUDY (SCALE 8-10) 14
DPTR FM NORMAL 466
[CDD (BASE 65) ]
TOTAL THIS MO. 0
DPTR FM NORMAL 0 [PRESSURE DATA]
TOTAL FM JAN 1 0 HIGHEST SLP 30.35 ON 13
DPTR FM NORMAL 0 LOWEST SLP 28.80 ON 25
[REMARKS]
#FINAL-02-22#