000
CXAK56 PAFC 050328
CF6BET
PRELIMINARY LOCAL CLIMATOLOGICAL DATA (WS FORM: F-6)
STATION: BETHEL
MONTH: OCTOBER
YEAR: 2020
LATITUDE: 60 46 N
LONGITUDE: 161 48 W
TEMPERATURE IN F: :PCPN: SNOW: WIND :SUNSHINE: SKY :PK WND
================================================================================
1 2 3 4 5 6A 6B 7 8 9 10 11 12 13 14 15 16 17 18
12Z AVG MX 2MIN
DY MAX MIN AVG DEP HDD CDD WTR SNW DPTH SPD SPD DIR MIN PSBL S-S WX SPD DR
================================================================================
1 54 44 49 11 16 0 0.04 M M 9.2 21 130 M M 9 25 130
2 54 42 48 10 17 0 0.07 M M 11.1 17 50 M M 8 22 40
3 52 39 46 9 19 0 T M M 8.5 20 190 M M 8 12 24 190
4 52 41 47 10 18 0 T M M 6.7 10 180 M M 8 13 170
5 44 38 41 5 24 0 0.09 M M 11.0 18 290 M M 9 12 24 290
6 42 36 39 3 26 0 T M M 9.1 23 140 M M 9 28 140
7 49 38 44 9 21 0 0.26 M M 17.0 22 160 M M 9 1 36 150
8 49 39 44 10 21 0 0.03 M M 5.3 10 150 M M 10 12 13 150
9 52 35 44 10 21 0 T M M 4.5 8 120 M M 8 12 12 130
10 48 34 41 8 24 0 0.05 M M 3.0 9 10 M M 10 12 10 360
11 47 34 41 8 24 0 T M M 5.4 10 50 M M 10 12 12 50
12 36 27 32 0 33 0 T M M 12.0 21 10 M M 2 25 10
13 35 23 29 -3 36 0 0.00 M M 10.0 16 360 M M 0 22 340
14 35 23 29 -2 36 0 0.00 M M 5.5 13 360 M M 5 15 360
15 33 20 27 -4 38 0 T M M 5.4 12 160 M M 2 1 14 150
16 42 30 36 6 29 0 0.00 M M 12.1 23 160 M M 7 28 160
17 40 31 36 6 29 0 0.06 M M 11.7 22 160 M M 6 27 150
18 44 30 37 8 28 0 0.04 M M 11.1 18 160 M M 7 1 24 160
19 39 27 33 5 32 0 0.02 M M 6.8 13 290 M M 8 126 17 300
20 41 25 33 5 32 0 0.01 M M 5.1 14 300 M M 5 17 290
21 36 23 30 2 35 0 0.00 M M 13.1 23 40 M M 2 1 28 40
22 40 24 32 5 33 0 0.02 M M 16.6 26 70 M M 2 34 80
23 48 34 41 15 24 0 0.03 M M 12.5 21 60 M M 9 28 60
24 47 35 41 15 24 0 0.15 M M 9.4 17 170 M M 9 21 150
25 42 34 38 12 27 0 0.01 M M 8.7 17 10 M M 9 1 M M
26 38 34 36 11 29 0 0.01 M M 11.1 18 290 M M 10 1 22 290
27 37 30 34 9 31 0 0.02 M M 5.6 14 320 M M 10 18 17 320
28 32 27 30 6 35 0 0.00 M M 2.6 7 330 M M 10 12 9 310
29 30 20 25 1 40 0 0.06 M M 4.5 14 330 M M 8 12 16 330
30 24 13 19 -4 46 0 0.00 M M 11.0 18 10 M M 7 1 24 30
31 27 16 22 -1 43 0 0.00 M M 6.3 12 360 M M 4 12 15 290
================================================================================
SM 1289 946 891 0 0.97 M 271.8 M 220
================================================================================
AV 41.6 30.5 8.8 FASTST M M 7 MAX(MPH)
MISC ----> 26 70 36 150
================================================================================
NOTES:
# LAST OF SEVERAL OCCURRENCES
COLUMN 17 PEAK WIND IN M.P.H.
PRELIMINARY LOCAL CLIMATOLOGICAL DATA (WS FORM: F-6) , PAGE 2
STATION: BETHEL
MONTH: OCTOBER
YEAR: 2020
LATITUDE: 60 46 N
LONGITUDE: 161 48 W
[TEMPERATURE DATA] [PRECIPITATION DATA] SYMBOLS USED IN COLUMN 16
AVERAGE MONTHLY: 36.0 TOTAL FOR MONTH: 0.97 1 = FOG OR MIST
DPTR FM NORMAL: 5.7 DPTR FM NORMAL: -0.68 2 = FOG REDUCING VISIBILITY
HIGHEST: 54 ON 2, 1 GRTST 24HR 0.26 ON 6- 7 TO 1/4 MILE OR LESS
LOWEST: 13 ON 30 3 = THUNDER
SNOW, ICE PELLETS, HAIL 4 = ICE PELLETS
TOTAL MONTH: M 5 = HAIL
GRTST 24HR M ON M 6 = FREEZING RAIN OR DRIZZLE
GRTST DEPTH: M ON M 7 = DUSTSTORM OR SANDSTORM:
VSBY 1/2 MILE OR LESS
8 = SMOKE OR HAZE
[NO. OF DAYS WITH] [WEATHER - DAYS WITH] 9 = BLOWING SNOW
X = TORNADO
MAX 32 OR BELOW: 4 0.01 INCH OR MORE: 17
MAX 90 OR ABOVE: 0 0.10 INCH OR MORE: 2
MIN 32 OR BELOW: 16 0.50 INCH OR MORE: 0
MIN 0 OR BELOW: 0 1.00 INCH OR MORE: 0
[HDD (BASE 65) ]
TOTAL THIS MO. 891 CLEAR (SCALE 0-3) 5
DPTR FM NORMAL -186 PTCLDY (SCALE 4-7) 11
TOTAL FM JUL 1 2019 CLOUDY (SCALE 8-10) 15
DPTR FM NORMAL -275
[CDD (BASE 65) ]
TOTAL THIS MO. 0
DPTR FM NORMAL 0 [PRESSURE DATA]
TOTAL FM JAN 1 3 HIGHEST SLP 30.71 ON 20
DPTR FM NORMAL -1 LOWEST SLP 29.05 ON 2
[REMARKS]
#FINAL-10-20#