000
CXUS51 KCTP 010800
CF6BFD
PRELIMINARY LOCAL CLIMATOLOGICAL DATA (WS FORM: F-6)
STATION: BRADFORD
MONTH: OCTOBER
YEAR: 2022
LATITUDE: 41 47 N
LONGITUDE: 78 38 W
TEMPERATURE IN F: :PCPN: SNOW: WIND :SUNSHINE: SKY :PK WND
================================================================================
1 2 3 4 5 6A 6B 7 8 9 10 11 12 13 14 15 16 17 18
12Z AVG MX 2MIN
DY MAX MIN AVG DEP HDD CDD WTR SNW DPTH SPD SPD DIR MIN PSBL S-S WX SPD DR
================================================================================
1 67 47 57 3 8 0 T M M 8.6 18 40 M M 5 26 30
2 59 39 49 -4 16 0 T M M 9.4 17 40 M M 5 24 20
3 50 31 41 -12 24 0 0.00 M M 2.1 10 40 M M 0 1 16 70
4 54 34 44 -8 21 0 0.00 M M M M M M M 5 M M
5 70 38 54 2 11 0 0.00 M M M M M M M 1 1 M M
6 70 39 55 3 10 0 0.00 M M M M M M M 3 M M
7 54 42 48 -3 17 0 T M M 8.9 17 300 M M 9 18 22 320
8 50 32 41 -10 24 0 0.01 M M 6.8 17 280 M M 6 1 22 280
9 59 37 48 -3 17 0 0.00 M M 5.8 18 280 M M 3 29 290
10 62 36 49 -1 16 0 T M M 5.0 16 300 M M 6 21 300
11 69 34 52 2 13 0 0.00 M M 4.7 15 280 M M 1 22 220
12 69 43 56 6 9 0 T M M 8.2 16 190 M M 2 27 210
13 60 36 48 -1 17 0 1.30 M M 6.8 24 280 M M 8 1 34 280
14 56 31 44 -5 21 0 0.00 M M 4.4 15 220 M M 2 1 27 200
15 61 32 47 -2 18 0 T M M 8.0 20 240 M M 3 31 260
16 60 29 45 -3 20 0 0.00 M M 4.4 16 210 M M 3 23 210
17 54 35 45 -3 20 0 T M M 7.8 20 210 M M 8 8 33 210
18 41 35 38 -10 27 0 0.08 M M 8.2 16 240 M M 10 1 25 260
19 40 34 37 -10 28 0 0.20 M M 8.4 17 230 M M 10 128 26 240
20 45 32 39 -8 26 0 0.00 M M 7.5 20 230 M M 6 27 220
21 61 26 44 -3 21 0 0.00 M M 6.4 17 210 M M 0 25 190
22 70 38 54 8 11 0 0.00 M M 5.3 14 220 M M 0 21 240
23 69 34 52 6 13 0 0.00 M M 3.5 13 120 M M 0 15 140
24 73 38 56 10 9 0 0.00 M M 2.9 12 110 M M 2 1 15 110
25 74 51 63 18 2 0 0.00 M M 8.1 16 140 M M 4 12 24 140
26 59 46 53 8 12 0 0.15 M M 9.6 18 310 M M 6 18 24 280
27 52 35 44 -1 21 0 0.01 M M 8.1 18 300 M M 4 18 23 320
28 58 30 44 0 21 0 0.00 M M 3.9 10 120 M M 0 15 190
29 65 27 46 2 19 0 0.00 M M 2.7 9 150 M M 0 13 140
30 64 29 47 3 18 0 0.00 M M 4.9 14 180 M M 0 21 140
31 57 39 48 5 17 0 0.07 M M 4.4 12 200 M M 8 12 14 200
================================================================================
SM 1852 1109 527 0 1.82 M 174.8 M 120
================================================================================
AV 59.7 35.8 6.2 FASTST M M 4 MAX(MPH)
MISC ----> 24 280 34 280
================================================================================
NOTES:
# LAST OF SEVERAL OCCURRENCES
COLUMN 17 PEAK WIND IN M.P.H.
PRELIMINARY LOCAL CLIMATOLOGICAL DATA (WS FORM: F-6) , PAGE 2
STATION: BRADFORD
MONTH: OCTOBER
YEAR: 2022
LATITUDE: 41 47 N
LONGITUDE: 78 38 W
[TEMPERATURE DATA] [PRECIPITATION DATA] SYMBOLS USED IN COLUMN 16
AVERAGE MONTHLY: 47.8 TOTAL FOR MONTH: 1.82 1 = FOG OR MIST
DPTR FM NORMAL: -0.5 DPTR FM NORMAL: -2.17 2 = FOG REDUCING VISIBILITY
HIGHEST: 74 ON 25 GRTST 24HR 1.30 ON 13-13 TO 1/4 MILE OR LESS
LOWEST: 26 ON 21 3 = THUNDER
SNOW, ICE PELLETS, HAIL 4 = ICE PELLETS
TOTAL MONTH: M 5 = HAIL
GRTST 24HR M ON M 6 = FREEZING RAIN OR DRIZZLE
GRTST DEPTH: M ON M 7 = DUSTSTORM OR SANDSTORM:
VSBY 1/2 MILE OR LESS
8 = SMOKE OR HAZE
[NO. OF DAYS WITH] [WEATHER - DAYS WITH] 9 = BLOWING SNOW
X = TORNADO
MAX 32 OR BELOW: 0 0.01 INCH OR MORE: 7
MAX 90 OR ABOVE: 0 0.10 INCH OR MORE: 3
MIN 32 OR BELOW: 10 0.50 INCH OR MORE: 1
MIN 0 OR BELOW: 0 1.00 INCH OR MORE: 1
[HDD (BASE 65) ]
TOTAL THIS MO. 527 CLEAR (SCALE 0-3) 14
DPTR FM NORMAL 8 PTCLDY (SCALE 4-7) 14
TOTAL FM JUL 1 715 CLOUDY (SCALE 8-10) 3
DPTR FM NORMAL -115
[CDD (BASE 65) ]
TOTAL THIS MO. 0
DPTR FM NORMAL -3 [PRESSURE DATA]
TOTAL FM JAN 1 388 HIGHEST SLP 30.53 ON 28
DPTR FM NORMAL 106 LOWEST SLP 29.55 ON 18
[REMARKS]
#FINAL-10-22#