000
CXUS51 KCTP 010800
CF6BFD
PRELIMINARY LOCAL CLIMATOLOGICAL DATA (WS FORM: F-6)
STATION: BRADFORD
MONTH: JULY
YEAR: 2022
LATITUDE: 41 47 N
LONGITUDE: 78 38 W
TEMPERATURE IN F: :PCPN: SNOW: WIND :SUNSHINE: SKY :PK WND
================================================================================
1 2 3 4 5 6A 6B 7 8 9 10 11 12 13 14 15 16 17 18
12Z AVG MX 2MIN
DY MAX MIN AVG DEP HDD CDD WTR SNW DPTH SPD SPD DIR MIN PSBL S-S WX SPD DR
================================================================================
1 86 60 73 7 0 8 1.07 M M 5.4 25 320 M M 3 13 31 330
2 80 58 69 3 0 4 0.01 M M 6.4 16 310 M M 6 20 320
3 78 51 65 -1 0 0 0.00 M M 5.1 16 310 M M 0 21 310
4 82 46 64 -2 1 0 0.00 M M 2.5 13 310 M M 2 18 300
5 75 61 68 1 0 3 0.06 M M 5.6 14 230 M M 6 8 21 190
6 77 61 69 2 0 4 0.00 M M 3.9 10 20 M M 5 1 15 20
7 82 56 69 2 0 4 0.00 M M 2.7 12 340 M M 4 12 15 350
8 82 51 67 0 0 2 0.00 M M 3.4 12 350 M M 1 1 15 340
9 79 52 66 -1 0 1 0.00 M M 5.7 14 100 M M 3 17 80
10 79 44 62 -5 3 0 0.00 M M 2.6 15 90 M M 0 19 120
11 84 50 67 0 0 2 0.00 M M 6.2 16 200 M M 1 23 240
12 83 58 71 4 0 6 0.24 M M 7.7 22 310 M M 5 3 29 280
13 80 53 67 0 0 2 T M M 4.8 15 300 M M 4 1 27 320
14 77 52 65 -2 0 0 0.00 M M 3.1 12 310 M M 3 1 15 10
15 80 47 64 -3 1 0 0.00 M M 1.6 8 340 M M 1 1 10 60
16 83 55 69 2 0 4 0.00 M M 2.2 12 240 M M 1 17 240
17 79 55 67 0 0 2 0.39 M M 4.9 12 140 M M 6 123 16 140
18 73 65 69 2 0 4 0.44 M M 8.0 15 300 M M 9 18 24 220
19 85 60 73 6 0 8 0.00 M M 5.4 20 280 M M 3 128 26 300
20 86 65 76 9 0 11 0.00 M M 5.8 16 190 M M 2 1 26 170
21 84 61 73 6 0 8 0.00 M M 7.5 20 280 M M 4 27 290
22 84 59 72 5 0 7 0.01 M M 4.1 15 280 M M 2 1 20 260
23 89 56 73 6 0 8 0.00 M M 4.8 15 280 M M 1 1 25 270
24 84 65 75 8 0 10 0.21 M M 5.3 13 270 M M 4 38 24 250
25 79 52 66 -1 0 1 0.63 M M 8.5 21 320 M M 5 13 29 230
26 77 47 62 -5 3 0 0.00 M M 2.7 12 220 M M 2 18 15 220
27 74 52 63 -4 2 0 0.09 M M 3.4 10 220 M M 6 1 16 200
28 81 64 73 6 0 8 0.16 M M 5.8 17 290 M M 7 18 24 310
29 78 54 66 -1 0 1 T M M 5.2 15 310 M M 4 20 300
30 78 53 66 -1 0 1 0.00 M M 5.6 21 320 M M 2 1 26 330
31 76 49 63 -4 2 0 0.00 M M 2.9 9 160 M M 0 1 14 150
================================================================================
SM 2494 1712 12 109 3.31 M 148.8 M 102
================================================================================
AV 80.5 55.2 4.8 FASTST M M 3 MAX(MPH)
MISC ----> 25 320 31 330
================================================================================
NOTES:
# LAST OF SEVERAL OCCURRENCES
COLUMN 17 PEAK WIND IN M.P.H.
PRELIMINARY LOCAL CLIMATOLOGICAL DATA (WS FORM: F-6) , PAGE 2
STATION: BRADFORD
MONTH: JULY
YEAR: 2022
LATITUDE: 41 47 N
LONGITUDE: 78 38 W
[TEMPERATURE DATA] [PRECIPITATION DATA] SYMBOLS USED IN COLUMN 16
AVERAGE MONTHLY: 67.8 TOTAL FOR MONTH: 3.31 1 = FOG OR MIST
DPTR FM NORMAL: 0.9 DPTR FM NORMAL: -0.85 2 = FOG REDUCING VISIBILITY
HIGHEST: 89 ON 23 GRTST 24HR 1.08 ON 1- 2 TO 1/4 MILE OR LESS
LOWEST: 44 ON 10 3 = THUNDER
SNOW, ICE PELLETS, HAIL 4 = ICE PELLETS
TOTAL MONTH: M 5 = HAIL
GRTST 24HR M ON M 6 = FREEZING RAIN OR DRIZZLE
GRTST DEPTH: M ON M 7 = DUSTSTORM OR SANDSTORM:
VSBY 1/2 MILE OR LESS
8 = SMOKE OR HAZE
[NO. OF DAYS WITH] [WEATHER - DAYS WITH] 9 = BLOWING SNOW
X = TORNADO
MAX 32 OR BELOW: 0 0.01 INCH OR MORE: 11
MAX 90 OR ABOVE: 0 0.10 INCH OR MORE: 7
MIN 32 OR BELOW: 0 0.50 INCH OR MORE: 2
MIN 0 OR BELOW: 0 1.00 INCH OR MORE: 1
[HDD (BASE 65) ]
TOTAL THIS MO. 12 CLEAR (SCALE 0-3) 16
DPTR FM NORMAL -31 PTCLDY (SCALE 4-7) 14
TOTAL FM JUL 1 12 CLOUDY (SCALE 8-10) 1
DPTR FM NORMAL -29
[CDD (BASE 65) ]
TOTAL THIS MO. 109
DPTR FM NORMAL 8 [PRESSURE DATA]
TOTAL FM JAN 1 244 HIGHEST SLP 30.24 ON 31
DPTR FM NORMAL 68 LOWEST SLP 29.59 ON 21
[REMARKS]
#FINAL-07-22#