000
CXUS55 KCYS 011057
CF6BFF
PRELIMINARY LOCAL CLIMATOLOGICAL DATA (WS FORM: F-6) ...CORRECTED...
STATION: SCOTTSBLUFF NE AIRPORT
MONTH: APRIL
YEAR: 2020
LATITUDE: 41 52 N
LONGITUDE: 103 36 W
TEMPERATURE IN F: :PCPN: SNOW: WIND :SUNSHINE: SKY :PK WND
================================================================================
1 2 3 4 5 6A 6B 7 8 9 10 11 12 13 14 15 16 17 18
12Z AVG MX 2MIN
DY MAX MIN AVG DEP HDD CDD WTR SNW DPTH SPD SPD DIR MIN PSBL S-S WX SPD DR
================================================================================
1 70 25 48 6 17 0 0.00 0.0 0 9.8 35 30 M M 6 18 42 30
2 26 8 17 -26 48 0 0.03 0.5 0 13.4 21 320 M M 8 168 25 320
3 43 3 23 -20 42 0 0.00 0.0 0 8.2 18 110 M M 1 22 110
4 64 27 46 3 19 0 0.00 0.0 0 12.3 20 220 M M 3 28 160
5 75 32 54 11 11 0 T 0.0 0 9.5 23 300 M M 3 28 300
6 80 35 58 14 7 0 0.00 0.0 0 5.4 21 270 M M 3 12 30 240
7 76 36 56 12 9 0 0.00 0.0 0 14.4 32 280 M M 0 41 300
8 61 30 46 2 19 0 0.00 0.0 0 10.2 20 10 M M 0 23 40
9 59 24 42 -2 23 0 0.00 0.0 0 9.7 20 340 M M 0 25 340
10 77 27 52 7 13 0 0.00 0.0 0 11.0 23 50 M M 1 29 60
11 67 26 47 2 18 0 0.02 0.0 0 13.5 36 30 M M 3 1 45 30
12 31 13 22 -23 43 0 0.06 1.2 1 14.3 31 20 M M 8 18 38 20
13 37 13 25 -21 40 0 0.00 0.0 0 8.5 21 330 M M 4 28 300
14 50 9 30 -16 35 0 0.00 0.0 0 9.8 30 320 M M 2 40 330
15 55 24 40 -6 25 0 0.03 T 0 10.3 26 340 M M 6 1 37 330
16 35 18 27 -20 38 0 0.18 3.7 3 11.0 28 180 M M 9 18 M M
17 54 10 32 -15 33 0 0.00 0.0 2 8.5 23 260 M M 0 30 260
18 67 24 46 -1 19 0 0.00 0.0 0 9.2 24 60 M M 1 31 60
19 66 30 48 0 17 0 0.00 0.0 0 7.7 32 350 M M 4 37 360
20 67 28 48 0 17 0 0.00 0.0 0 9.7 22 320 M M 3 33 320
21 76 28 52 4 13 0 0.00 0.0 0 6.2 15 230 M M 1 20 230
22 76 36 56 7 9 0 0.00 0.0 0 10.4 24 330 M M 3 33 330
23 73 34 54 5 11 0 0.22 0.0 0 10.7 30 340 M M 6 1 37 330
24 61 39 50 1 15 0 0.21 0.0 0 9.7 28 350 M M 8 13 34 350
25 63 34 49 -1 16 0 T 0.0 0 6.4 22 280 M M 2 29 270
26 76 37 57 7 8 0 T 0.0 0 9.1 20 230 M M 2 30 120
27 82 40 61 11 4 0 T 0.0 0 7.9 36 310 M M 2 51 310
28 66 37 52 1 13 0 T 0.0 0 17.7 41 320 M M 2 50 310
29 75 32 54 3 11 0 0.00 0.0 0 7.9 16 290 M M 0 21 300
30 90 43 67 15 0 2 T 0.0 0 8.2 39 310 M M 1 50 320
================================================================================
SM 1898 802 593 2 0.75 5.4 300.6 M 92
================================================================================
AV 63.3 26.7 10.0 FASTST M M 3 MAX(MPH)
MISC ----> # 41 320 # 51 310
================================================================================
NOTES:
# LAST OF SEVERAL OCCURRENCES
COLUMN 17 PEAK WIND IN M.P.H.
PRELIMINARY LOCAL CLIMATOLOGICAL DATA (WS FORM: F-6) , PAGE 2
STATION: SCOTTSBLUFF NE AIRPORT
MONTH: APRIL
YEAR: 2020
LATITUDE: 41 52 N
LONGITUDE: 103 36 W
[TEMPERATURE DATA] [PRECIPITATION DATA] SYMBOLS USED IN COLUMN 16
AVERAGE MONTHLY: 45.0 TOTAL FOR MONTH: 0.75 1 = FOG OR MIST
DPTR FM NORMAL: -1.7 DPTR FM NORMAL: -1.08 2 = FOG REDUCING VISIBILITY
HIGHEST: 90 ON 30 GRTST 24HR 0.22 ON 23-23 TO 1/4 MILE OR LESS
LOWEST: 3 ON 3 3 = THUNDER
SNOW, ICE PELLETS, HAIL 4 = ICE PELLETS
TOTAL MONTH: 5.4 INCHES 5 = HAIL
GRTST 24HR 3.7 ON 16-16 6 = FREEZING RAIN OR DRIZZLE
GRTST DEPTH: 3 ON 16 7 = DUSTSTORM OR SANDSTORM:
VSBY 1/2 MILE OR LESS
8 = SMOKE OR HAZE
[NO. OF DAYS WITH] [WEATHER - DAYS WITH] 9 = BLOWING SNOW
X = TORNADO
MAX 32 OR BELOW: 2 0.01 INCH OR MORE: 7
MAX 90 OR ABOVE: 1 0.10 INCH OR MORE: 3
MIN 32 OR BELOW: 20 0.50 INCH OR MORE: 0
MIN 0 OR BELOW: 0 1.00 INCH OR MORE: 0
[HDD (BASE 65) ]
TOTAL THIS MO. 593 CLEAR (SCALE 0-3) 19
DPTR FM NORMAL 41 PTCLDY (SCALE 4-7) 8
TOTAL FM JUL 1 6002 CLOUDY (SCALE 8-10) 3
DPTR FM NORMAL -291
[CDD (BASE 65) ]
TOTAL THIS MO. 2
DPTR FM NORMAL 0 [PRESSURE DATA]
TOTAL FM JAN 1 2 HIGHEST SLP 30.42 ON 3
DPTR FM NORMAL 0 LOWEST SLP 29.46 ON 11
[REMARKS]
APRIL 14TH...RECORD LOW 9 DEGREES (PREVIOUS 12 DEGREES IN 1933).
APRIL 16TH...PEAK WIND MISSING.
#FINAL-04-20#