000
CXUS55 KCYS 052324
CLMBFF
CLIMATE REPORT
NATIONAL WEATHER SERVICE CHEYENNE WY
524 PM MDT SAT AUG 05 2023
...................................
...THE SCOTTSBLUFF NE AIRPORT CLIMATE SUMMARY FOR THE MONTH OF JULY 2023...
CLIMATE NORMAL PERIOD 1991 TO 2020
CLIMATE RECORD PERIOD 1871 TO 2023
WEATHER OBSERVED NORMAL DEPART LAST YEAR`S
VALUE DATE(S) VALUE FROM VALUE DATE(S)
NORMAL
................................................................
TEMPERATURE (F)
RECORD
HIGH 110 07/11/1939
LOW 35 07/05/1898
HIGHEST 101 07/30 89 12 108
LOWEST 52 07/07 59 -7 55
07/09
07/21
AVG. MAXIMUM 88.5 90.7 -2.2 94.6
AVG. MINIMUM 58.9 59.8 -0.9 62.4
MEAN 73.7 75.3 -1.6 78.5
DAYS MAX >= 90 18 18.2 -0.2 23
DAYS MAX <= 32 0 0.0 0.0 0
DAYS MIN <= 32 0 0.0 0.0 0
DAYS MIN <= 0 0 0.0 0.0 0
PRECIPITATION (INCHES)
RECORD
MAXIMUM 5.33 1912
TOTALS 2.15 1.66 0.49 1.03
DAYS >= .01 11 7.7 3.3 6
DAYS >= .10 6 4.0 2.0 2
DAYS >= .50 0 1.0 -1.0 1
DAYS >= 1.00 0 0.2 -0.2 0
GREATEST
24 HR. TOTAL 0.49 07/31 TO 07/31 0.57 07/03 TO 07/03
06/30 TO 06/30
07/03 TO 07/03
SNOWFALL (INCHES)
RECORDS
TOTAL MM MM
24 HR TOTAL MM
TOTALS 0.0 0.0 0.0 0.0
SINCE 7/1 0.0 0.0 0.0 MM
DAYS >= 1.0 0 0.0 0.0 0
GREATEST
SNOW DEPTH 0 0
24 HR TOTAL 0.0 MM
DEGREE DAYS
HEATING TOTAL 12 4 8 0
SINCE 7/1 12 0 12 MM
COOLING TOTAL 289 322 -33 412
SINCE 1/1 413 508 -95 MM
................................................................
WIND (MPH)
AVERAGE WIND SPEED 7.3
HIGHEST WIND SPEED/DIRECTION 43/340 DATE 07/27
HIGHEST GUST SPEED/DIRECTION 56/310 DATE 07/18
56/350 07/27
SKY COVER
POSSIBLE SUNSHINE (PERCENT) MM
AVERAGE SKY COVER 0.18
NUMBER OF DAYS FAIR 26
NUMBER OF DAYS PC 4
NUMBER OF DAYS CLOUDY 1
AVERAGE RH (PERCENT) 65
WEATHER CONDITIONS. NUMBER OF DAYS WITH
THUNDERSTORM 18 MIXED PRECIP 0
HEAVY RAIN 7 RAIN 5
LIGHT RAIN 17 FREEZING RAIN 0
LT FREEZING RAIN 0 HAIL 0
HEAVY SNOW 0 SNOW 0
LIGHT SNOW 0 SLEET 0
FOG 14 FOG W/VIS <= 1/4 MILE 3
HAZE 6
- INDICATES NEGATIVE NUMBERS.
R INDICATES RECORD WAS SET OR TIED.
MM INDICATES DATA IS MISSING.
T INDICATES TRACE AMOUNT.
$$