000
CXUS56 KHNX 191203
CF6BFL
PRELIMINARY LOCAL CLIMATOLOGICAL DATA (WS FORM: F-6)
STATION: BAKERSFIELD CA
MONTH: APRIL
YEAR: 2024
LATITUDE: 35 25 N
LONGITUDE: 119 3 W
TEMPERATURE IN F: :PCPN: SNOW: WIND :SUNSHINE: SKY :PK WND
================================================================================
1 2 3 4 5 6A 6B 7 8 9 10 11 12 13 14 15 16 17 18
12Z AVG MX 2MIN
DY MAX MIN AVG DEP HDD CDD WTR SNW DPTH SPD SPD DIR MIN PSBL S-S WX SPD DR
================================================================================
1 72 47 60 0 5 0 0.00 0.0 0 5.5 14 330 M M 2 19 310
2 81 48 65 4 0 0 0.00 0.0 0 5.8 13 300 M M 0 20 300
3 82 52 67 6 0 2 0.00 0.0 0 6.1 21 270 M M 0 25 270
4 61 44 53 -8 12 0 0.12 0.0 0 6.9 21 280 M M 6 1 29 270
5 59 42 51 -10 14 0 0.11 0.0 0 5.7 32 320 M M 7 13 43 300
6 62 37 50 -11 15 0 0.00 0.0 0 5.0 13 330 M M 3 17 330
7 64 39 52 -9 13 0 0.00 0.0 0 4.9 16 290 M M 4 20 320
8 68 40 54 -8 11 0 0.00 0.0 0 4.9 13 300 M M 0 8 17 300
9 78 44 61 -1 4 0 0.00 0.0 0 5.5 12 300 M M 0 17 290
10 83 50 67 5 0 2 0.00 0.0 0 5.2 15 290 M M 0 20 270
11 88 54 71 9 0 6 0.00 0.0 0 4.5 15 280 M M 0 22 290
12 91 56 74 12 0 9 0.00 0.0 0 8.3 25 320 M M 0 8 31 330
13 72 44 58 -4 7 0 0.42 0.0 0 10.6 43 310 M M 3 18 52 310
14 59 42 51 -12 14 0 0.13 0.0 0 5.9 21 310 M M 4 1 25 310
15 66 45 56 -7 9 0 0.00 0.0 0 2.7 8 250 M M 6 13 280
16 76 47 62 -1 3 0 0.00 0.0 0 5.0 16 310 M M 0 23 300
17 81 53 67 4 0 2 0.00 0.0 0 4.5 12 250 M M 0 18 17 250
18 85 56 71 7 0 6 0.00 0.0 0 4.3 12 270 M M 0 19 330
================================================================================
SM 1328 840 107 27 0.78 0.0 101.3 M 35
================================================================================
AV 73.8 46.7 5.6 FASTST M M 2 MAX(MPH)
MISC ----> 43 310 52 310
================================================================================
NOTES:
# LAST OF SEVERAL OCCURRENCES
COLUMN 17 PEAK WIND IN M.P.H.
PRELIMINARY LOCAL CLIMATOLOGICAL DATA (WS FORM: F-6) , PAGE 2
STATION: BAKERSFIELD CA
MONTH: APRIL
YEAR: 2024
LATITUDE: 35 25 N
LONGITUDE: 119 3 W
[TEMPERATURE DATA] [PRECIPITATION DATA] SYMBOLS USED IN COLUMN 16
AVERAGE MONTHLY: 60.2 TOTAL FOR MONTH: 0.78 1 = FOG OR MIST
DPTR FM NORMAL: -1.7 DPTR FM NORMAL: 0.36 2 = FOG REDUCING VISIBILITY
HIGHEST: 91 ON 12 GRTST 24HR 0.54 ON 13-14 TO 1/4 MILE OR LESS
LOWEST: 37 ON 6 3 = THUNDER
SNOW, ICE PELLETS, HAIL 4 = ICE PELLETS
TOTAL MONTH: 0.0 INCH 5 = HAIL
GRTST 24HR 0.0 6 = FREEZING RAIN OR DRIZZLE
GRTST DEPTH: 0 7 = DUSTSTORM OR SANDSTORM:
VSBY 1/2 MILE OR LESS
8 = SMOKE OR HAZE
[NO. OF DAYS WITH] [WEATHER - DAYS WITH] 9 = BLOWING SNOW
X = TORNADO
MAX 32 OR BELOW: 0 0.01 INCH OR MORE: 4
MAX 90 OR ABOVE: 1 0.10 INCH OR MORE: 4
MIN 32 OR BELOW: 0 0.50 INCH OR MORE: 0
MIN 0 OR BELOW: 0 1.00 INCH OR MORE: 0
[HDD (BASE 65) ]
TOTAL THIS MO. 107 CLEAR (SCALE 0-3) 12
DPTR FM NORMAL 26 PTCLDY (SCALE 4-7) 6
TOTAL FM JUL 1 1610 CLOUDY (SCALE 8-10) 0
DPTR FM NORMAL -288
[CDD (BASE 65) ]
TOTAL THIS MO. 27
DPTR FM NORMAL 1 [PRESSURE DATA]
TOTAL FM JAN 1 28 HIGHEST SLP M ON M
DPTR FM NORMAL -12 LOWEST SLP 29.64 ON 12
[REMARKS]