000
CXUS56 KHNX 170123
CF6BFL
PRELIMINARY LOCAL CLIMATOLOGICAL DATA (WS FORM: F-6)
STATION: BAKERSFIELD CA
MONTH: MAY
YEAR: 2022
LATITUDE: 35 25 N
LONGITUDE: 119 3 W
TEMPERATURE IN F: :PCPN: SNOW: WIND :SUNSHINE: SKY :PK WND
================================================================================
1 2 3 4 5 6A 6B 7 8 9 10 11 12 13 14 15 16 17 18
12Z AVG MX 2MIN
DY MAX MIN AVG DEP HDD CDD WTR SNW DPTH SPD SPD DIR MIN PSBL S-S WX SPD DR
================================================================================
1 78 53 66 -1 0 1 0.00 0.0 0 6.9 15 300 M M 0 20 320
2 84 56 70 2 0 5 0.00 0.0 0 8.0 17 320 M M 0 24 310
3 78 54 66 -2 0 1 0.00 0.0 0 5.2 13 320 M M 0 17 310
4 91 56 74 6 0 9 0.00 0.0 0 5.8 13 320 M M 0 17 310
5 94 63 79 11 0 14 0.00 0.0 0 8.2 17 350 M M 0 22 280
6 83 58 71 2 0 6 0.00 0.0 0 6.9 15 320 M M 0 18 310
7 77 59 68 -1 0 3 0.00 0.0 0 9.9 17 320 M M 2 21 330
8 72 50 61 -8 4 0 0.00 0.0 0 13.4 30 330 M M 0 8 34 330
9 66 43 55 -14 10 0 0.00 0.0 0 7.6 16 330 M M 2 21 330
10 67 45 56 -14 9 0 0.00 0.0 0 7.9 18 330 M M 0 28 310
11 70 45 58 -12 7 0 0.00 0.0 0 7.9 22 320 M M 1 28 330
12 77 49 63 -7 2 0 0.00 0.0 0 6.6 16 330 M M 0 21 350
13 81 49 65 -5 0 0 0.00 0.0 0 5.7 13 300 M M 0 19 300
14 88 57 73 2 0 8 0.00 0.0 0 3.7 12 290 M M 0 8 14 290
15 92 65 79 8 0 14 0.00 0.0 0 7.4 16 320 M M 0 23 330
16 86 62 74 3 0 9 0.00 0.0 0 7.4 17 330 M M 0 27 330
17 85 56 71 0 0 6 0.00 0.0 0 5.2 14 310 M M 0 17 300
18 91 66 79 7 0 14 0.00 0.0 0 5.3 13 340 M M 0 20 300
19 94 68 81 9 0 16 0.00 0.0 0 7.7 17 350 M M 0 8 23 320
20 82 62 72 0 0 7 0.00 0.0 0 9.2 18 320 M M 0 8 23 310
21 85 60 73 1 0 8 0.00 0.0 0 5.9 16 320 M M 0 8 23 360
22 89 61 75 2 0 10 0.00 0.0 0 5.8 16 320 M M 0 20 330
23 91 64 78 5 0 13 0.00 0.0 0 6.2 17 320 M M 0 8 21 310
24 96 68 82 9 0 17 0.00 0.0 0 5.9 16 320 M M 0 8 20 300
25 102 72 87 14 0 22 0.00 0.0 0 8.1 16 350 M M 0 8 21 350
26 100 71 86 12 0 21 0.00 0.0 0 9.5 28 320 M M 0 8 33 320
27 86 63 75 1 0 10 0.00 0.0 0 8.4 15 310 M M 0 18 300
28 84 61 73 -1 0 8 0.00 0.0 0 11.5 25 330 M M 0 8 31 330
29 80 59 70 -4 0 5 0.00 0.0 0 10.9 21 340 M M 2 8 27 300
30 82 57 70 -4 0 5 0.00 0.0 0 7.1 17 310 M M 0 25 310
31 84 58 71 -4 0 6 0.00 0.0 0 6.1 15 310 M M 0 22 340
================================================================================
SM 2615 1810 32 238 0.00 0.0 231.3 M 7
================================================================================
AV 84.4 58.4 7.5 FASTST M M 0 MAX(MPH)
MISC ----> 30 330 34 330
================================================================================
NOTES:
# LAST OF SEVERAL OCCURRENCES
COLUMN 17 PEAK WIND IN M.P.H.
PRELIMINARY LOCAL CLIMATOLOGICAL DATA (WS FORM: F-6) , PAGE 2
STATION: BAKERSFIELD CA
MONTH: MAY
YEAR: 2022
LATITUDE: 35 25 N
LONGITUDE: 119 3 W
[TEMPERATURE DATA] [PRECIPITATION DATA] SYMBOLS USED IN COLUMN 16
AVERAGE MONTHLY: 71.4 TOTAL FOR MONTH: 0.00 1 = FOG OR MIST
DPTR FM NORMAL: 0.3 DPTR FM NORMAL: -0.25 2 = FOG REDUCING VISIBILITY
HIGHEST: 102 ON 25 GRTST 24HR T ON 10-10 TO 1/4 MILE OR LESS
LOWEST: 43 ON 9 3 = THUNDER
SNOW, ICE PELLETS, HAIL 4 = ICE PELLETS
TOTAL MONTH: 0.0 INCH 5 = HAIL
GRTST 24HR 0.0 6 = FREEZING RAIN OR DRIZZLE
GRTST DEPTH: 0 7 = DUSTSTORM OR SANDSTORM:
VSBY 1/2 MILE OR LESS
8 = SMOKE OR HAZE
[NO. OF DAYS WITH] [WEATHER - DAYS WITH] 9 = BLOWING SNOW
X = TORNADO
MAX 32 OR BELOW: 0 0.01 INCH OR MORE: 0
MAX 90 OR ABOVE: 9 0.10 INCH OR MORE: 0
MIN 32 OR BELOW: 0 0.50 INCH OR MORE: 0
MIN 0 OR BELOW: 0 1.00 INCH OR MORE: 0
[HDD (BASE 65) ]
TOTAL THIS MO. 32 CLEAR (SCALE 0-3) 31
DPTR FM NORMAL 6 PTCLDY (SCALE 4-7) 0
TOTAL FM JUL 1 1825 CLOUDY (SCALE 8-10) 0
DPTR FM NORMAL -130
[CDD (BASE 65) ]
TOTAL THIS MO. 238
DPTR FM NORMAL 24 [PRESSURE DATA]
TOTAL FM JAN 1 341 HIGHEST SLP 30.29 ON 12
DPTR FM NORMAL 51 LOWEST SLP 29.66 ON 20
[REMARKS]
#FINAL-05-22#