000
CXUS51 KCAR 020548
CF6BGR
PRELIMINARY LOCAL CLIMATOLOGICAL DATA (WS FORM: F-6)
STATION: BANGOR ME
MONTH: FEBRUARY
YEAR: 2022
LATITUDE: 44 47 N
LONGITUDE: 68 49 W
TEMPERATURE IN F: :PCPN: SNOW: WIND :SUNSHINE: SKY :PK WND
================================================================================
1 2 3 4 5 6A 6B 7 8 9 10 11 12 13 14 15 16 17 18
12Z AVG MX 2MIN
DY MAX MIN AVG DEP HDD CDD WTR SNW DPTH SPD SPD DIR MIN PSBL S-S WX SPD DR
================================================================================
1 21 -12 5 -13 60 0 0.00 0.0 14 1.4 8 140 M M 1 9 330
2 40 13 27 9 38 0 T T 14 6.9 16 180 M M 10 1 20 190
3 42 26 34 16 31 0 0.37 0.8 9 6.1 22 20 M M 10 1 27 20
4 26 13 20 2 45 0 1.00 11.4 10 16.6 23 30 M M 10 12 30 30
5 18 1 10 -9 55 0 T 0.4 17 14.0 29 320 M M 6 1 36 320
6 20 -12 4 -15 61 0 T T 17 3.7 15 170 M M 4 19 180
7 36 12 24 5 41 0 0.08 T 16 4.8 13 200 M M 9 16 17 180
8 37 33 35 16 30 0 0.79 1.5 15 8.5 15 20 M M 10 1 18 40
9 40 24 32 13 33 0 T T 15 6.4 18 310 M M 5 24 320
10 43 19 31 11 34 0 T 0.0 13 5.6 20 190 M M 7 1 26 190
11 43 23 33 13 32 0 0.00 0.0 11 8.0 20 170 M M 5 1 26 170
12 52 30 41 21 24 0 T 0.0 7 10.0 22 320 M M 8 25 320
13 30 9 20 0 45 0 0.00 0.0 4 13.1 22 320 M M 8 25 320
14 14 3 9 -12 56 0 T T 4 13.3 23 320 M M 7 29 320
15 20 1 11 -10 54 0 0.00 0.0 4 7.4 20 320 M M 5 26 330
16 42 -2 20 -1 45 0 0.00 0.0 4 11.1 29 190 M M 6 40 190
17 52 42 47 25 18 0 0.09 0.0 3 14.7 22 190 M M 10 1 28 190
18 54 15 35 13 30 0 0.23 0.0 T 19.0 35 320 M M 7 1 43 320
19 30 9 20 -2 45 0 0.04 0.4 0 8.5 23 190 M M 6 1 30 290
20 31 8 20 -2 45 0 0.00 0.0 T 11.7 29 300 M M 4 9 40 300
21 50 29 40 17 25 0 0.00 0.0 T 7.7 14 310 M M 8 21 310
22 50 26 38 15 27 0 0.67 0.0 T 11.2 39 180 M M 10 1 53 180
23 65 17 41 18 24 0 0.15 0.0 0 15.3 35 320 M M 6 1 51 320
24 27 11 19 -5 46 0 0.00 0.0 0 12.4 28 330 M M 3 34 340
25 14 -2 6 -18 59 0 0.39 6.2 T 10.5 20 30 M M 8 12 24 30
26 22 -17 3 -21 62 0 0.00 0.0 6 4.2 12 240 M M 1 18 15 250
27 34 7 21 -4 44 0 T T 6 10.9 31 310 M M 5 19 44 330
28 18 0 9 -16 56 0 0.00 0.0 5 11.8 29 320 M M 1 37 320
================================================================================
SM 971 326 1165 0 3.81 20.7 274.8 M 180
================================================================================
AV 34.7 11.6 9.8 FASTST M M 6 MAX(MPH)
MISC ----> 39 180 53 180
================================================================================
NOTES:
# LAST OF SEVERAL OCCURRENCES
COLUMN 17 PEAK WIND IN M.P.H.
PRELIMINARY LOCAL CLIMATOLOGICAL DATA (WS FORM: F-6) , PAGE 2
STATION: BANGOR ME
MONTH: FEBRUARY
YEAR: 2022
LATITUDE: 44 47 N
LONGITUDE: 68 49 W
[TEMPERATURE DATA] [PRECIPITATION DATA] SYMBOLS USED IN COLUMN 16
AVERAGE MONTHLY: 23.2 TOTAL FOR MONTH: 3.81 1 = FOG OR MIST
DPTR FM NORMAL: 2.2 DPTR FM NORMAL: 1.43 2 = FOG REDUCING VISIBILITY
HIGHEST: 65 ON 23 GRTST 24HR 1.00 ON 4- 4 TO 1/4 MILE OR LESS
LOWEST: -17 ON 26 3 = THUNDER
SNOW, ICE PELLETS, HAIL 4 = ICE PELLETS
TOTAL MONTH: 20.7 INCHES 5 = HAIL
GRTST 24HR 11.4 ON 4- 4 6 = FREEZING RAIN OR DRIZZLE
GRTST DEPTH: 17 ON 6, 5 7 = DUSTSTORM OR SANDSTORM:
VSBY 1/2 MILE OR LESS
8 = SMOKE OR HAZE
[NO. OF DAYS WITH] [WEATHER - DAYS WITH] 9 = BLOWING SNOW
X = TORNADO
MAX 32 OR BELOW: 13 0.01 INCH OR MORE: 10
MAX 90 OR ABOVE: 0 0.10 INCH OR MORE: 7
MIN 32 OR BELOW: 26 0.50 INCH OR MORE: 3
MIN 0 OR BELOW: 6 1.00 INCH OR MORE: 1
[HDD (BASE 65) ]
TOTAL THIS MO. 1165 CLEAR (SCALE 0-3) 4
DPTR FM NORMAL -65 PTCLDY (SCALE 4-7) 15
TOTAL FM JUL 1 5201 CLOUDY (SCALE 8-10) 9
DPTR FM NORMAL -263
[CDD (BASE 65) ]
TOTAL THIS MO. 0
DPTR FM NORMAL 0 [PRESSURE DATA]
TOTAL FM JAN 1 0 HIGHEST SLP 30.81 ON 16
DPTR FM NORMAL 0 LOWEST SLP 29.04 ON 18
[REMARKS]
#FINAL-02-22#