129
CXUS54 KBMX 011110
CF6BHM
PRELIMINARY LOCAL CLIMATOLOGICAL DATA (WS FORM: F-6)
STATION: BIRMINGHAM
MONTH: AUGUST
YEAR: 2020
LATITUDE: 33 34 N
LONGITUDE: 86 45 W
TEMPERATURE IN F: :PCPN: SNOW: WIND :SUNSHINE: SKY :PK WND
================================================================================
1 2 3 4 5 6A 6B 7 8 9 10 11 12 13 14 15 16 17 18
12Z AVG MX 2MIN
DY MAX MIN AVG DEP HDD CDD WTR SNW DPTH SPD SPD DIR MIN PSBL S-S WX SPD DR
================================================================================
1 88 74 81 0 0 16 0.03 0.0 0 9.6 21 240 M M 5 29 220
2 88 70 79 -2 0 14 0.00 0.0 0 3.2 10 350 M M 6 13 350
3 90 72 81 0 0 16 0.00 0.0 0 2.7 12 280 M M 4 15 280
4 89 70 80 -1 0 15 0.01 0.0 0 4.1 25 280 M M 5 31 280
5 91 71 81 0 0 16 0.00 0.0 0 4.0 13 270 M M 6 17 290
6 89 72 81 0 0 16 0.69 0.0 0 3.0 23 100 M M 5 138 29 120
7 91 72 82 1 0 17 T 0.0 0 2.2 14 10 M M 5 3 18 350
8 94 70 82 1 0 17 0.00 0.0 0 2.4 9 360 M M 2 13 360
9 95 73 84 3 0 19 0.00 0.0 0 3.0 10 270 M M 2 14 280
10 95 75 85 4 0 20 0.00 0.0 0 4.7 22 250 M M 4 3 26 260
11 94 76 85 4 0 20 0.00 0.0 0 4.8 20 360 M M 6 3 26 360
12 96 74 85 4 0 20 T 0.0 0 3.9 17 70 M M 6 3 24 80
13 93 73 83 2 0 18 0.00 0.0 0 2.5 14 10 M M 4 3 17 360
14 88 74 81 0 0 16 0.36 0.0 0 5.8 17 280 M M 7 13 21 280
15 91 73 82 1 0 17 0.00 0.0 0 6.0 15 360 M M 5 1 23 350
16 93 69 81 0 0 16 0.00 0.0 0 4.4 15 310 M M 3 20 310
17 91 71 81 0 0 16 0.00 0.0 0 4.9 15 340 M M 2 1 21 350
18 93 66 80 -1 0 15 0.00 0.0 0 2.3 13 330 M M 3 16 330
19 92 69 81 0 0 16 1.16 0.0 0 4.6 30 180 M M 4 13 44 180
20 87 69 78 -3 0 13 0.97 0.0 0 4.1 24 170 M M 7 138 30 150
21 84 69 77 -4 0 12 0.27 0.0 0 3.2 9 360 M M 7 138 12 340
22 85 69 77 -3 0 12 0.41 0.0 0 3.4 18 160 M M 6 1 25 170
23 89 71 80 0 0 15 0.00 0.0 0 3.1 10 140 M M 6 14 150
24 88 74 81 1 0 16 0.00 0.0 0 5.4 12 50 M M 8 16 100
25 79 75 77 -3 0 12 0.33 0.0 0 5.8 13 70 M M 9 1 19 60
26 91 76 84 4 0 19 0.00 0.0 0 5.3 10 120 M M 8 1 13 110
27 91 74 83 3 0 18 0.26 0.0 0 7.0 18 230 M M 8 138 25 220
28 84 75 80 0 0 15 0.73 0.0 0 10.7 20 200 M M 7 13 25 190
29 85 74 80 0 0 15 0.45 0.0 0 5.8 17 210 M M 8 138 22 210
30 90 75 83 4 0 18 0.02 0.0 0 2.9 16 180 M M 6 13 22 190
31 91 74 83 4 0 18 0.20 0.0 0 4.3 20 340 M M 8 13 24 330
================================================================================
SM 2785 2239 0 503 5.89 0.0 139.1 M 172
================================================================================
AV 89.8 72.2 4.5 FASTST M M 6 MAX(MPH)
MISC ----> # 30 180 # 44 180
================================================================================
NOTES:
# LAST OF SEVERAL OCCURRENCES
COLUMN 17 PEAK WIND IN M.P.H.
PRELIMINARY LOCAL CLIMATOLOGICAL DATA (WS FORM: F-6) , PAGE 2
STATION: BIRMINGHAM
MONTH: AUGUST
YEAR: 2020
LATITUDE: 33 34 N
LONGITUDE: 86 45 W
[TEMPERATURE DATA] [PRECIPITATION DATA] SYMBOLS USED IN COLUMN 16
AVERAGE MONTHLY: 81.0 TOTAL FOR MONTH: 5.89 1 = FOG OR MIST
DPTR FM NORMAL: 0.3 DPTR FM NORMAL: 1.96 2 = FOG REDUCING VISIBILITY
HIGHEST: 96 ON 12 GRTST 24HR 1.16 ON 19-19 TO 1/4 MILE OR LESS
LOWEST: 66 ON 18 3 = THUNDER
SNOW, ICE PELLETS, HAIL 4 = ICE PELLETS
TOTAL MONTH: 0.0 INCH 5 = HAIL
GRTST 24HR 0.0 6 = FREEZING RAIN OR DRIZZLE
GRTST DEPTH: 0 7 = DUSTSTORM OR SANDSTORM:
VSBY 1/2 MILE OR LESS
8 = SMOKE OR HAZE
[NO. OF DAYS WITH] [WEATHER - DAYS WITH] 9 = BLOWING SNOW
X = TORNADO
MAX 32 OR BELOW: 0 0.01 INCH OR MORE: 14
MAX 90 OR ABOVE: 18 0.10 INCH OR MORE: 11
MIN 32 OR BELOW: 0 0.50 INCH OR MORE: 4
MIN 0 OR BELOW: 0 1.00 INCH OR MORE: 1
[HDD (BASE 65) ]
TOTAL THIS MO. 0 CLEAR (SCALE 0-3) 4
DPTR FM NORMAL 0 PTCLDY (SCALE 4-7) 26
TOTAL FM JUL 1 0 CLOUDY (SCALE 8-10) 1
DPTR FM NORMAL 0
[CDD (BASE 65) ]
TOTAL THIS MO. 503
DPTR FM NORMAL 16 [PRESSURE DATA]
TOTAL FM JAN 1 1746 HIGHEST SLP 30.17 ON 9
DPTR FM NORMAL 96 LOWEST SLP 29.79 ON 30
[REMARKS]
#FINAL-08-20#