000
CXUS54 KBMX 041508
CLMBHM
CLIMATE REPORT
NATIONAL WEATHER SERVICE BIRMINGHAM AL
908 AM CST SUN FEB 04 2024
...................................
...THE BIRMINGHAM CLIMATE SUMMARY FOR THE MONTH OF JANUARY 2024...
CLIMATE NORMAL PERIOD 1991 TO 2020
CLIMATE RECORD PERIOD 1895 TO 2024
WEATHER OBSERVED NORMAL DEPART LAST YEAR`S
VALUE DATE(S) VALUE FROM VALUE DATE(S)
NORMAL
................................................................
TEMPERATURE (F)
RECORD
HIGH 81 01/10/1949
LOW -6 01/21/1985
HIGHEST 75 01/27 MM MM 75 01/02
LOWEST 10 01/17 MM MM 25 01/15
01/21
AVG. MAXIMUM 52.5 54.5 -2.0 60.4
AVG. MINIMUM 33.3 34.9 -1.6 41.4
MEAN 42.9 50.9
DAYS MAX >= 90 0 0.0 0.0 0
DAYS MAX <= 32 2 0.9 1.1 0
DAYS MIN <= 32 15 14.9 0.1 6
DAYS MIN <= 0 0 0.0 0.0 0
PRECIPITATION (INCHES)
RECORD
MAXIMUM 13.37 1937
MINIMUM 1.09 1981
TOTALS 6.28 5.03 1.25 8.11
DAILY AVG. 0.20 0.16 0.04 0.26
DAYS >= .01 13 10.5 2.5 14
DAYS >= .10 8 7.4 0.6 13
DAYS >= .50 4 3.7 0.3 7
DAYS >= 1.00 2 1.5 0.5 4
DEGREE DAYS
HEATING TOTAL 677 631 46 438
SINCE 7/1 1522 1637 -115 MM
COOLING TOTAL 1 2 -1 9
SINCE 1/1 1 2 -1 MM
................................................................
WIND (MPH)
AVERAGE WIND SPEED 7.7
HIGHEST WIND SPEED/DIRECTION 31/120 DATE 01/06
HIGHEST GUST SPEED/DIRECTION 49/150 DATE 01/12
AVERAGE RH (PERCENT) 66
WEATHER CONDITIONS. NUMBER OF DAYS WITH
THUNDERSTORM 4 MIXED PRECIP 0
HEAVY RAIN 5 RAIN 9
LIGHT RAIN 16 FREEZING RAIN 0
LT FREEZING RAIN 2 HAIL 0
HEAVY SNOW 0 SNOW 0
LIGHT SNOW 2 SLEET 0
FOG 16 FOG W/VIS <= 1/4 MILE 0
HAZE 5
- INDICATES NEGATIVE NUMBERS.
R INDICATES RECORD WAS SET OR TIED.
MM INDICATES DATA IS MISSING.
T INDICATES TRACE AMOUNT.
$$