000
CXUS55 KBYZ 011100
CF6BIL
PRELIMINARY LOCAL CLIMATOLOGICAL DATA (WS FORM: F-6)
STATION: BILLINGS MT
MONTH: FEBRUARY
YEAR: 2023
LATITUDE: 45 47 N
LONGITUDE: 108 32 W
TEMPERATURE IN F: :PCPN: SNOW: WIND :SUNSHINE: SKY :PK WND
================================================================================
1 2 3 4 5 6A 6B 7 8 9 10 11 12 13 14 15 16 17 18
12Z AVG MX 2MIN
DY MAX MIN AVG DEP HDD CDD WTR SNW DPTH SPD SPD DIR MIN PSBL S-S WX SPD DR
================================================================================
1 36 20 28 0 37 0 0.00 0.0 2 17.6 28 240 M M 5 32 240
2 38 16 27 -1 38 0 0.00 0.0 1 11.7 28 240 M M 8 33 250
3 43 35 39 11 26 0 0.00 0.0 1 20.0 29 240 M M 8 36 240
4 49 32 41 13 24 0 0.00 0.0 T 14.8 28 270 M M 4 37 260
5 41 26 34 6 31 0 0.00 0.0 0 8.8 17 230 M M 7 24 230
6 47 32 40 12 25 0 0.00 0.0 0 16.7 29 300 M M 6 34 290
7 51 31 41 13 24 0 0.00 0.0 0 15.9 24 260 M M 5 34 280
8 42 28 35 7 30 0 0.00 0.0 0 17.5 36 310 M M 7 45 320
9 42 26 34 6 31 0 T T 0 12.7 23 240 M M 3 31 240
10 49 30 40 12 25 0 0.00 0.0 0 20.1 29 240 M M 3 37 240
11 50 27 39 11 26 0 0.00 0.0 0 12.0 20 240 M M 4 23 240
12 51 25 38 9 27 0 0.00 0.0 0 15.4 23 240 M M 2 28 260
13 55 33 44 15 21 0 0.01 T 0 14.2 24 240 M M 8 1 32 240
14 33 7 20 -9 45 0 0.25 3.5 1 11.5 28 30 M M 9 189 32 30
15 23 2 13 -16 52 0 0.00 0.0 3 15.0 25 240 M M 1 32 230
16 30 13 22 -7 43 0 0.00 0.0 3 22.7 29 240 M M 0 33 230
17 37 24 31 1 34 0 0.00 0.0 2 15.1 29 240 M M 7 33 230
18 39 23 31 1 34 0 0.04 0.6 1 12.7 23 270 M M 7 1 29 280
19 39 20 30 0 35 0 T T 2 18.2 37 270 M M 8 1 50 270
20 38 27 33 3 32 0 0.13 2.5 T 10.7 26 270 M M 10 1 34 280
21 42 2 22 -8 43 0 0.06 1.8 2 18.5 30 30 M M 10 19 36 340
22 2 -9 -3 -34 68 0 0.14 3.3 2 16.0 23 40 M M 10 19 28 40
23 -3 -14 -8 -39 73 0 0.02 0.3 4 7.4 12 40 M M 6 18 14 30
24 17 -18 0 -31 65 0 0.00 0.0 4 13.7 30 230 M M 3 18 37 230
25 42 17 30 -2 35 0 0.00 0.0 4 15.6 26 240 M M 2 32 240
26 49 29 39 7 26 0 0.00 0.0 1 14.6 31 290 M M 4 40 280
27 42 26 34 2 31 0 0.00 0.0 0 8.4 32 290 M M 6 41 290
28 39 23 31 -1 34 0 0.00 0.0 0 7.0 18 270 M M 9 25 270
================================================================================
SM 1063 533 1015 0 0.65 12.0 404.5 M 162
================================================================================
AV 38.0 19.0 14.4 FASTST M M 6 MAX(MPH)
MISC ----> 37 270 50 270
================================================================================
NOTES:
# LAST OF SEVERAL OCCURRENCES
COLUMN 17 PEAK WIND IN M.P.H.
PRELIMINARY LOCAL CLIMATOLOGICAL DATA (WS FORM: F-6) , PAGE 2
STATION: BILLINGS MT
MONTH: FEBRUARY
YEAR: 2023
LATITUDE: 45 47 N
LONGITUDE: 108 32 W
[TEMPERATURE DATA] [PRECIPITATION DATA] SYMBOLS USED IN COLUMN 16
AVERAGE MONTHLY: 28.5 TOTAL FOR MONTH: 0.65 1 = FOG OR MIST
DPTR FM NORMAL: -0.9 DPTR FM NORMAL: 0.08 2 = FOG REDUCING VISIBILITY
HIGHEST: 55 ON 13 GRTST 24HR 0.26 ON 13-14 TO 1/4 MILE OR LESS
LOWEST: -18 ON 24 3 = THUNDER
SNOW, ICE PELLETS, HAIL 4 = ICE PELLETS
TOTAL MONTH: 12.0 INCHES 5 = HAIL
GRTST 24HR 3.5 ON 14-14 6 = FREEZING RAIN OR DRIZZLE
GRTST DEPTH: 4 ON 25,24 7 = DUSTSTORM OR SANDSTORM:
VSBY 1/2 MILE OR LESS
8 = SMOKE OR HAZE
[NO. OF DAYS WITH] [WEATHER - DAYS WITH] 9 = BLOWING SNOW
X = TORNADO
MAX 32 OR BELOW: 5 0.01 INCH OR MORE: 7
MAX 90 OR ABOVE: 0 0.10 INCH OR MORE: 3
MIN 32 OR BELOW: 26 0.50 INCH OR MORE: 0
MIN 0 OR BELOW: 3 1.00 INCH OR MORE: 0
[HDD (BASE 65) ]
TOTAL THIS MO. 1015 CLEAR (SCALE 0-3) 6
DPTR FM NORMAL 20 PTCLDY (SCALE 4-7) 16
TOTAL FM JUL 1 5073 CLOUDY (SCALE 8-10) 6
DPTR FM NORMAL 139
[CDD (BASE 65) ]
TOTAL THIS MO. 0
DPTR FM NORMAL 0 [PRESSURE DATA]
TOTAL FM JAN 1 0 HIGHEST SLP 30.55 ON 23
DPTR FM NORMAL 0 LOWEST SLP 29.23 ON 21
[REMARKS]
#FINAL-02-23#