000
CXUS53 KGRR 310100 RRB
CLSBIV
WRKCLSBIV 000
TTAA00 GRR 310026
CLIMATE REPORT
NATIONAL WEATHER SERVICE GRAND RAPIDS, MICHIGAN
716 PM EST SAT DEC 30 2023
...................................
...THE HOLLAND CLIMATE SUMMARY FOR THE SEASON, FROM
3/1/2023 TO 5/31/2023...
CLIMATE NORMAL PERIOD: 1991 TO 2020
CLIMATE RECORD PERIOD: 1905 TO 2023
WEATHER OBSERVED NORMAL DEPART LAST YEAR`S
VALUE DATE(S) VALUE FROM VALUE DATE(S)
NORMAL
................................................................
TEMPERATURE (F)
RECORD
HIGH 95 05/28/2018
LOW -9 03/01/1967
HIGHEST 93 05/31 MM MM 90 05/11
LOWEST 17 03/18 MM MM 15 03/12
AVG. MAXIMUM 57.9 56.6 1.3 56.2
AVG. MINIMUM 38.7 37.7 1.0 39.1
MEAN 48.3 47.1 1.2 47.7
DAYS MAX >= 90 1 0.6 0.4 1
DAYS MAX <= 32 2 4.6 -2.6 6
DAYS MIN <= 32 26 30.7 -4.7 31
DAYS MIN <= 0 0 0.2 -0.2 0
PRECIPITATION (INCHES)
RECORD
MAXIMUM 17.75 1976
MINIMUM 3.38 1971
TOTALS 9.18 9.33 -0.15 11.91
DAILY AVG. 0.10 0.10 -0.00 0.13
DAYS >= .01 37 36.0 1.0 41
DAYS >= .10 21 20.6 0.4 25
DAYS >= .50 5 6.1 -1.1 9
DAYS >= 1.00 1 1.8 -0.8 3
GREATEST
24 HR. TOTAL 2.46
DEGREE DAYS
HEATING TOTAL 1551 1687 -136 1660
SINCE 7/1 5335 6285 -950 MM
COOLING TOTAL 38 41 -3 88
SINCE 1/1 38 41 -3 MM
FREEZE DATES
EARLIEST 10/23
LATEST 04/27
................................................................
WIND (MPH)
AVERAGE WIND SPEED 8.6
RESULTANT WIND SPEED/DIRECTION 2/250
HIGHEST WIND SPEED/DIRECTION 35/250 DATE 04/01
HIGHEST GUST SPEED/DIRECTION 52/220 DATE 03/20
SKY COVER
POSSIBLE SUNSHINE (PERCENT) MM
AVERAGE SKY COVER 0.40
NUMBER OF DAYS FAIR 44
NUMBER OF DAYS PC 29
NUMBER OF DAYS CLOUDY 19
AVERAGE RH (PERCENT) 64
WEATHER CONDITIONS. NUMBER OF DAYS WITH
THUNDERSTORM 8 MIXED PRECIP 0
HEAVY RAIN 8 RAIN 16
LIGHT RAIN 31 FREEZING RAIN 1
LT FREEZING RAIN 1 HAIL 0
HEAVY SNOW 2 SNOW 5
LIGHT SNOW 14 SLEET 0
FOG 37 FOG W/VIS <= 1/4 MILE 4
HAZE 5
- INDICATES NEGATIVE NUMBERS.
R INDICATES RECORD WAS SET OR TIED.
MM INDICATES DATA IS MISSING.
T INDICATES TRACE AMOUNT.
$$