000
CXUS56 KBOI 011002
CF6BKE
PRELIMINARY LOCAL CLIMATOLOGICAL DATA (WS FORM: F-6)
STATION: BAKER OR
MONTH: AUGUST
YEAR: 2020
LATITUDE: 44 50 N
LONGITUDE: 117 49 W
TEMPERATURE IN F: :PCPN: SNOW: WIND :SUNSHINE: SKY :PK WND
================================================================================
1 2 3 4 5 6A 6B 7 8 9 10 11 12 13 14 15 16 17 18
12Z AVG MX 2MIN
DY MAX MIN AVG DEP HDD CDD WTR SNW DPTH SPD SPD DIR MIN PSBL S-S WX SPD DR
================================================================================
1 91 54 73 6 0 8 0.00 M M 7.5 21 340 M M 0 26 340
2 95 49 72 5 0 7 0.00 M M 9.3 26 340 M M 0 33 340
3 85 55 70 3 0 5 0.00 M M 10.1 21 340 M M 0 25 340
4 90 42 66 -1 0 1 0.00 M M 5.5 16 350 M M 0 21 350
5 95 47 71 4 0 6 T M M 4.7 26 300 M M 0 3 34 300
6 83 53 68 2 0 3 0.02 M M 12.9 30 340 M M 1 3 37 340
7 78 39 59 -7 6 0 0.00 M M 7.0 20 340 M M 0 25 350
8 84 41 63 -3 2 0 0.00 M M 6.4 18 340 M M 0 23 340
9 81 49 65 -1 0 0 0.00 M M 11.7 25 330 M M 0 29 320
10 88 44 66 0 0 1 0.00 M M 5.7 13 320 M M 0 15 310
11 93 43 68 2 0 3 0.00 M M 6.1 23 340 M M 0 29 340
12 75 47 61 -5 4 0 T M M 5.8 18 340 M M 3 25 340
13 82 39 61 -5 4 0 0.00 M M 6.3 21 360 M M 0 8 26 20
14 85 37 61 -4 4 0 0.00 M M 3.6 10 320 M M 0 13 320
15 95 40 68 3 0 3 0.00 M M 2.9 9 300 M M 0 18 12 290
16 97 49 73 8 0 8 T M M 5.5 22 100 M M 0 29 110
17 99 54 77 12 0 12 T M M 4.6 37 220 M M 1 38 49 210
18 98 59 79 15 0 14 0.29 M M 4.2 16 230 M M 0 3 23 230
19 85 58 72 8 0 7 0.00 M M 4.8 9 260 M M 1 11 290
20 87 55 71 7 0 6 0.00 M M 4.6 13 330 M M 1 8 16 330
21 93 47 70 6 0 5 0.00 M M 6.9 24 340 M M 0 18 34 340
22 84 56 70 6 0 5 0.00 M M 8.5 20 340 M M 0 25 340
23 90 47 69 6 0 4 0.00 M M 4.0 12 340 M M 0 14 340
24 76 50 63 0 2 0 T M M 3.8 22 70 M M 0 18 28 60
25 86 49 68 5 0 3 0.07 M M 4.1 28 280 M M 3 138 37 280
26 85 46 66 4 0 1 0.00 M M 4.4 15 330 M M 1 128 19 330
27 85 46 66 4 0 1 0.00 M M 5.8 14 310 M M 0 19 360
28 85 37 61 -1 4 0 0.00 M M 4.5 10 310 M M 0 8 13 290
29 87 40 64 2 1 0 0.00 M M 8.6 25 350 M M 0 18 30 350
30 74 45 60 -1 5 0 0.00 M M 13.1 23 320 M M 0 28 330
31 70 44 57 -4 8 0 0.00 M M 9.4 23 340 M M 4 31 320
================================================================================
SM 2681 1461 40 103 0.38 M 202.3 M 15
================================================================================
AV 86.5 47.1 6.5 FASTST M M 0 MAX(MPH)
MISC ----> 37 220 49 210
================================================================================
NOTES:
# LAST OF SEVERAL OCCURRENCES
COLUMN 17 PEAK WIND IN M.P.H.
PRELIMINARY LOCAL CLIMATOLOGICAL DATA (WS FORM: F-6) , PAGE 2
STATION: BAKER OR
MONTH: AUGUST
YEAR: 2020
LATITUDE: 44 50 N
LONGITUDE: 117 49 W
[TEMPERATURE DATA] [PRECIPITATION DATA] SYMBOLS USED IN COLUMN 16
AVERAGE MONTHLY: 66.8 TOTAL FOR MONTH: 0.38 1 = FOG OR MIST
DPTR FM NORMAL: 2.2 DPTR FM NORMAL: -0.33 2 = FOG REDUCING VISIBILITY
HIGHEST: 99 ON 17 GRTST 24HR 0.29 ON 18-18 TO 1/4 MILE OR LESS
LOWEST: 37 ON 28,14 3 = THUNDER
SNOW, ICE PELLETS, HAIL 4 = ICE PELLETS
TOTAL MONTH: M 5 = HAIL
GRTST 24HR M ON M 6 = FREEZING RAIN OR DRIZZLE
GRTST DEPTH: M ON M 7 = DUSTSTORM OR SANDSTORM:
VSBY 1/2 MILE OR LESS
8 = SMOKE OR HAZE
[NO. OF DAYS WITH] [WEATHER - DAYS WITH] 9 = BLOWING SNOW
X = TORNADO
MAX 32 OR BELOW: 0 0.01 INCH OR MORE: 3
MAX 90 OR ABOVE: 11 0.10 INCH OR MORE: 1
MIN 32 OR BELOW: 0 0.50 INCH OR MORE: 0
MIN 0 OR BELOW: 0 1.00 INCH OR MORE: 0
[HDD (BASE 65) ]
TOTAL THIS MO. 40 CLEAR (SCALE 0-3) 29
DPTR FM NORMAL -41 PTCLDY (SCALE 4-7) 2
TOTAL FM JUL 1 62 CLOUDY (SCALE 8-10) 0
DPTR FM NORMAL -88
[CDD (BASE 65) ]
TOTAL THIS MO. 103
DPTR FM NORMAL 36 [PRESSURE DATA]
TOTAL FM JAN 1 295 HIGHEST SLP 30.20 ON 14
DPTR FM NORMAL 135 LOWEST SLP 29.70 ON 5
[REMARKS]
#FINAL-08-20#