000
CXUS55 KSEW 010930
CF6BLI
PRELIMINARY LOCAL CLIMATOLOGICAL DATA (WS FORM: F-6)
STATION: BELLINGHAM WA AIRPORT
MONTH: OCTOBER
YEAR: 2023
LATITUDE: 48 47 N
LONGITUDE: 122 32 W
TEMPERATURE IN F: :PCPN: SNOW: WIND :SUNSHINE: SKY :PK WND
================================================================================
1 2 3 4 5 6A 6B 7 8 9 10 11 12 13 14 15 16 17 18
12Z AVG MX 2MIN
DY MAX MIN AVG DEP HDD CDD WTR SNW DPTH SPD SPD DIR MIN PSBL S-S WX SPD DR
================================================================================
1 63 37 50 -5 15 0 0.00 M M 2.7 14 180 M M 2 12 23 160
2 58 52 55 0 10 0 0.26 M M 5.6 14 190 M M 10 1 20 170
3 59 51 55 1 10 0 T M M 3.6 13 180 M M 9 1 20 180
4 59 54 57 3 8 0 0.00 M M 4.6 14 180 M M 10 1 22 190
5 69 47 58 4 7 0 0.00 M M 3.6 12 320 M M 6 128 17 290
6 70 44 57 3 8 0 0.00 M M 1.3 8 20 M M 2 12 12 30
7 77 43 60 7 5 0 0.00 M M 1.2 7 230 M M 2 12 9 220
8 69 50 60 7 5 0 0.00 M M 2.4 9 190 M M 0 1 14 200
9 68 52 60 7 5 0 0.09 M M 9.1 20 150 M M 6 1 27 140
10 59 52 56 4 9 0 0.10 M M 9.4 22 150 M M 9 29 160
11 64 43 54 2 11 0 T M M 5.0 20 130 M M 5 1 26 150
12 67 38 53 1 12 0 0.00 M M 0.3 5 350 M M 2 12 8 80
13 71 37 54 2 11 0 0.09 M M 4.0 17 160 M M 3 1 28 160
14 63 52 58 6 7 0 0.03 M M 6.9 20 150 M M 8 30 150
15 66 53 60 9 5 0 0.15 M M 6.7 18 170 M M 6 1 27 170
16 62 51 57 6 8 0 0.27 M M 7.5 25 170 M M 5 13 49 160
17 58 50 54 3 11 0 0.43 M M 4.0 14 150 M M 8 1 19 150
18 58 51 55 5 10 0 0.04 M M 6.8 13 30 M M 10 1 18 40
19 60 49 55 5 10 0 0.09 M M 5.4 13 180 M M 9 12 20 170
20 59 50 55 5 10 0 0.00 M M 2.4 10 300 M M 10 12 13 300
21 57 51 54 4 11 0 0.00 M M 1.9 8 320 M M 10 12 11 320
22 53 43 48 -1 17 0 0.00 M M 2.4 8 300 M M 9 1 12 290
23 51 41 46 -3 19 0 0.00 M M 1.2 8 310 M M 9 12 300
24 48 39 44 -5 21 0 1.58 M M 9.3 24 50 M M 10 13 38 40
25 49 36 43 -6 22 0 0.12 M M 14.7 26 40 M M 5 40 20
26 51 28 40 -8 25 0 0.00 M M 5.8 15 30 M M 0 26 350
27 50 30 40 -8 25 0 0.00 M M 9.1 20 20 M M 0 28 40
28 50 23 37 -11 28 0 0.00 M M 2.3 12 20 M M 0 1 16 50
29 53 24 39 -9 26 0 0.00 M M 2.7 10 20 M M 0 1 14 10
30 55 27 41 -7 24 0 0.00 M M 1.9 12 30 M M 0 1 16 30
31 55 26 41 -7 24 0 0.00 M M 1.2 7 40 M M 0 1 10 20
================================================================================
SM 1851 1324 419 0 3.25 M 145.0 M 165
================================================================================
AV 59.7 42.7 4.7 FASTST M M 5 MAX(MPH)
MISC ----> 26 40 49 160
================================================================================
NOTES:
# LAST OF SEVERAL OCCURRENCES
COLUMN 17 PEAK WIND IN M.P.H.
PRELIMINARY LOCAL CLIMATOLOGICAL DATA (WS FORM: F-6) , PAGE 2
STATION: BELLINGHAM WA AIRPORT
MONTH: OCTOBER
YEAR: 2023
LATITUDE: 48 47 N
LONGITUDE: 122 32 W
[TEMPERATURE DATA] [PRECIPITATION DATA] SYMBOLS USED IN COLUMN 16
AVERAGE MONTHLY: 51.2 TOTAL FOR MONTH: 3.25 1 = FOG OR MIST
DPTR FM NORMAL: 0.1 DPTR FM NORMAL: -0.60 2 = FOG REDUCING VISIBILITY
HIGHEST: 77 ON 7 GRTST 24HR 1.70 ON 24-25 TO 1/4 MILE OR LESS
LOWEST: 23 ON 28 3 = THUNDER
SNOW, ICE PELLETS, HAIL 4 = ICE PELLETS
TOTAL MONTH: M 5 = HAIL
GRTST 24HR M ON M 6 = FREEZING RAIN OR DRIZZLE
GRTST DEPTH: M ON M 7 = DUSTSTORM OR SANDSTORM:
VSBY 1/2 MILE OR LESS
8 = SMOKE OR HAZE
[NO. OF DAYS WITH] [WEATHER - DAYS WITH] 9 = BLOWING SNOW
X = TORNADO
MAX 32 OR BELOW: 0 0.01 INCH OR MORE: 12
MAX 90 OR ABOVE: 0 0.10 INCH OR MORE: 7
MIN 32 OR BELOW: 6 0.50 INCH OR MORE: 1
MIN 0 OR BELOW: 0 1.00 INCH OR MORE: 1
[HDD (BASE 65) ]
TOTAL THIS MO. 419 CLEAR (SCALE 0-3) 12
DPTR FM NORMAL -13 PTCLDY (SCALE 4-7) 7
TOTAL FM JUL 1 667 CLOUDY (SCALE 8-10) 12
DPTR FM NORMAL -86
[CDD (BASE 65) ]
TOTAL THIS MO. 0
DPTR FM NORMAL 0 [PRESSURE DATA]
TOTAL FM JAN 1 111 HIGHEST SLP M ON M
DPTR FM NORMAL 36 LOWEST SLP 29.42 ON 10
[REMARKS]
#FINAL-10-23#