000
CXUS53 KILX 010900
CF6BMI
PRELIMINARY LOCAL CLIMATOLOGICAL DATA (WS FORM: F-6)
STATION: BLOOMINGTON IL AIRPORT
MONTH: JUNE
YEAR: 2023
LATITUDE: 40 28 N
LONGITUDE: 88 56 W
TEMPERATURE IN F: :PCPN: SNOW: WIND :SUNSHINE: SKY :PK WND
================================================================================
1 2 3 4 5 6A 6B 7 8 9 10 11 12 13 14 15 16 17 18
12Z AVG MX 2MIN
DY MAX MIN AVG DEP HDD CDD WTR SNW DPTH SPD SPD DIR MIN PSBL S-S WX SPD DR
================================================================================
1 85 66 76 M 0 11 M M M 6.6 28 110 M M 2 3 40 110
2 92 65 79 M 0 14 0.00 M M 8.5 17 50 M M 1 30 60
3 91 61 76 M 0 11 0.00 M M 10.5 20 40 M M 1 31 50
4 87 56 72 M 0 7 0.00 M M 12.2 22 40 M M 1 25 40
5 83 51 67 M 0 2 0.00 M M 7.6 14 60 M M 0 18 20
6 89 58 74 M 0 9 0.10 M M 8.2 20 360 M M 4 1 21 280
7 79 54 67 M 0 2 0.13 M M 8.5 14 70 M M 4 1 17 50
8 78 50 64 M 1 0 0.00 M M 7.4 14 70 M M 0 M M
9 81 53 67 M 0 2 0.00 M M 5.4 15 20 M M 0 18 20
10 84 55 70 M 0 5 0.00 M M 6.7 13 210 M M 0 17 200
11 71 53 62 M 3 0 0.04 M M 14.6 22 10 M M 10 1 26 10
12 72 50 61 M 4 0 0.00 M M 13.1 20 310 M M 4 31 330
13 76 59 68 M 0 3 T M M 12.5 22 300 M M 7 30 290
14 82 62 72 M 0 7 0.00 M M 6.5 12 200 M M 2 M M
15 90 55 73 M 0 8 0.00 M M 10.6 20 60 M M 2 8 25 60
16 75 50 63 M 2 0 0.00 M M 10.5 16 50 M M 3 20 40
17 82 49 66 M 0 1 0.00 M M 5.8 9 200 M M 0 18 M M
18 84 59 72 M 0 7 0.00 M M 9.8 15 180 M M 2 M M
19 88 61 75 M 0 10 0.00 M M 10.5 16 60 M M 0 23 70
20 91 59 75 M 0 10 0.00 M M 13.6 20 60 M M 0 27 40
21 90 61 76 M 0 11 0.00 M M 12.6 21 100 M M 0 31 60
22 87 62 75 M 0 10 M M M 7.7 18 80 M M 3 24 80
23 87 60 74 M 0 9 0.00 M M 5.8 10 350 M M 1 M M
24 91 62 77 M 0 12 T M M 7.1 20 170 M M 0 M M
25 87 70 79 M 0 14 T M M 16.6 25 280 M M 4 3 43 270
26 80 66 73 M 0 8 0.01 M M 16.4 24 290 M M 7 1 33 290
27 81 60 71 M 0 6 0.00 M M 9.8 15 330 M M 2 8 17 330
28 79 56 68 M 0 3 0.12 M M 9.4 16 140 M M 6 138 M M
29 82 64 73 M 0 8 M M M 13.5 39 280 M M 4 138 51 270
30 85 61 73 M 0 8 T M M 5.6 29 40 M M 1 138 33 50
================================================================================
SM 2509 1748 10 198 0.40 M 293.6 M 71
================================================================================
AV 83.6 58.3 9.8 FASTST M M 2 MAX(MPH)
MISC ----> 39 280 51 270
================================================================================
NOTES:
# LAST OF SEVERAL OCCURRENCES
COLUMN 17 PEAK WIND IN M.P.H.
PRELIMINARY LOCAL CLIMATOLOGICAL DATA (WS FORM: F-6) , PAGE 2
STATION: BLOOMINGTON IL AIRPORT
MONTH: JUNE
YEAR: 2023
LATITUDE: 40 28 N
LONGITUDE: 88 56 W
[TEMPERATURE DATA] [PRECIPITATION DATA] SYMBOLS USED IN COLUMN 16
AVERAGE MONTHLY: 71.0 TOTAL FOR MONTH: 0.40 1 = FOG OR MIST
DPTR FM NORMAL: 0.0 DPTR FM NORMAL: M 2 = FOG REDUCING VISIBILITY
HIGHEST: 92 ON 2 GRTST 24HR 0.13 ON 7- 7 TO 1/4 MILE OR LESS
LOWEST: 49 ON 17 3 = THUNDER
SNOW, ICE PELLETS, HAIL 4 = ICE PELLETS
TOTAL MONTH: M 5 = HAIL
GRTST 24HR M ON M 6 = FREEZING RAIN OR DRIZZLE
GRTST DEPTH: M ON M 7 = DUSTSTORM OR SANDSTORM:
VSBY 1/2 MILE OR LESS
8 = SMOKE OR HAZE
[NO. OF DAYS WITH] [WEATHER - DAYS WITH] 9 = BLOWING SNOW
X = TORNADO
MAX 32 OR BELOW: 0 0.01 INCH OR MORE: 5
MAX 90 OR ABOVE: 6 0.10 INCH OR MORE: 3
MIN 32 OR BELOW: 0 0.50 INCH OR MORE: 0
MIN 0 OR BELOW: 0 1.00 INCH OR MORE: 0
[HDD (BASE 65) ]
TOTAL THIS MO. 10 CLEAR (SCALE 0-3) 20
DPTR FM NORMAL M PTCLDY (SCALE 4-7) 9
TOTAL FM JUL 1 5338 CLOUDY (SCALE 8-10) 1
DPTR FM NORMAL M
[CDD (BASE 65) ]
TOTAL THIS MO. 198
DPTR FM NORMAL M [PRESSURE DATA]
TOTAL FM JAN 1 281 HIGHEST SLP M ON M
DPTR FM NORMAL M LOWEST SLP M ON M
[REMARKS]
#FINAL-06-23#