000
CXUS54 KEWX 181010
CF6BMQ
PRELIMINARY LOCAL CLIMATOLOGICAL DATA (WS FORM: F-6)
STATION: BURNET
MONTH: APRIL
YEAR: 2024
LATITUDE: 30 43 N
LONGITUDE: 98 14 W
TEMPERATURE IN F: :PCPN: SNOW: WIND :SUNSHINE: SKY :PK WND
================================================================================
1 2 3 4 5 6A 6B 7 8 9 10 11 12 13 14 15 16 17 18
12Z AVG MX 2MIN
DY MAX MIN AVG DEP HDD CDD WTR SNW DPTH SPD SPD DIR MIN PSBL S-S WX SPD DR
================================================================================
1 82 66 74 10 0 9 0.06 M M 12.5 28 290 M M 6 138 40 280
2 69 53 61 -4 4 0 0.00 M M 10.5 23 320 M M 2 32 340
3 81 44 63 -2 2 0 0.00 M M 7.8 18 300 M M 0 27 300
4 87 47 67 2 0 2 0.00 M M 2.7 13 290 M M 0 17 270
5 85 51 68 3 0 3 0.00 M M 7.6 21 200 M M 0 33 180
6 76 61 69 3 0 4 0.00 M M 11.5 24 180 M M 7 37 180
7 79 58 69 3 0 4 0.00 M M 4.7 15 330 M M 2 21 340
8 79 57 68 2 0 3 T M M 5.0 14 130 M M 7 1 21 150
9 77 63 70 4 0 5 2.35 M M 7.7 21 270 M M 8 13 29 270
10 66 53 60 -6 5 0 0.00 M M 11.5 24 320 M M 6 1 37 290
11 81 50 66 -1 0 1 0.00 M M 6.7 16 330 M M 0 23 340
12 81 53 67 0 0 2 0.00 M M 6.4 16 170 M M 0 29 180
13 80 59 70 3 0 5 0.00 M M 8.6 18 180 M M 0 1 32 190
14 83 65 74 7 0 9 0.00 M M 10.2 18 190 M M 5 28 200
15 82 68 75 8 0 10 0.00 M M 11.5 21 140 M M 9 39 170
16 83 69 76 8 0 11 0.01 M M 7.0 17 180 M M 7 1 33 170
17 84 71 78 10 0 13 0.00 M M 6.6 13 150 M M 8 1 23 170
================================================================================
SM 1355 988 11 81 2.42 M 138.5 M 67
================================================================================
AV 79.7 58.1 8.1 FASTST M M 4 MAX(MPH)
MISC ----> 28 290 40 280
================================================================================
NOTES:
# LAST OF SEVERAL OCCURRENCES
COLUMN 17 PEAK WIND IN M.P.H.
PRELIMINARY LOCAL CLIMATOLOGICAL DATA (WS FORM: F-6) , PAGE 2
STATION: BURNET
MONTH: APRIL
YEAR: 2024
LATITUDE: 30 43 N
LONGITUDE: 98 14 W
[TEMPERATURE DATA] [PRECIPITATION DATA] SYMBOLS USED IN COLUMN 16
AVERAGE MONTHLY: 68.9 TOTAL FOR MONTH: 2.42 1 = FOG OR MIST
DPTR FM NORMAL: 2.7 DPTR FM NORMAL: 1.32 2 = FOG REDUCING VISIBILITY
HIGHEST: 87 ON 4 GRTST 24HR 2.35 ON 9- 9 TO 1/4 MILE OR LESS
LOWEST: 44 ON 3 3 = THUNDER
SNOW, ICE PELLETS, HAIL 4 = ICE PELLETS
TOTAL MONTH: M 5 = HAIL
GRTST 24HR M ON M 6 = FREEZING RAIN OR DRIZZLE
GRTST DEPTH: M ON M 7 = DUSTSTORM OR SANDSTORM:
VSBY 1/2 MILE OR LESS
8 = SMOKE OR HAZE
[NO. OF DAYS WITH] [WEATHER - DAYS WITH] 9 = BLOWING SNOW
X = TORNADO
MAX 32 OR BELOW: 0 0.01 INCH OR MORE: 3
MAX 90 OR ABOVE: 0 0.10 INCH OR MORE: 1
MIN 32 OR BELOW: 0 0.50 INCH OR MORE: 1
MIN 0 OR BELOW: 0 1.00 INCH OR MORE: 1
[HDD (BASE 65) ]
TOTAL THIS MO. 11 CLEAR (SCALE 0-3) 8
DPTR FM NORMAL -32 PTCLDY (SCALE 4-7) 7
TOTAL FM JUL 1 1542 CLOUDY (SCALE 8-10) 2
DPTR FM NORMAL -284
[CDD (BASE 65) ]
TOTAL THIS MO. 81
DPTR FM NORMAL 19 [PRESSURE DATA]
TOTAL FM JAN 1 173 HIGHEST SLP M ON M
DPTR FM NORMAL 53 LOWEST SLP 29.52 ON 1
[REMARKS]