000
CXUS54 KEWX 011110
CF6BMQ
PRELIMINARY LOCAL CLIMATOLOGICAL DATA (WS FORM: F-6)
STATION: BURNET
MONTH: NOVEMBER
YEAR: 2022
LATITUDE: 30 43 N
LONGITUDE: 98 14 W
TEMPERATURE IN F: :PCPN: SNOW: WIND :SUNSHINE: SKY :PK WND
================================================================================
1 2 3 4 5 6A 6B 7 8 9 10 11 12 13 14 15 16 17 18
12Z AVG MX 2MIN
DY MAX MIN AVG DEP HDD CDD WTR SNW DPTH SPD SPD DIR MIN PSBL S-S WX SPD DR
================================================================================
1 74 55 65 2 0 0 0.01 M M 4.8 12 100 M M 5 20 180
2 75 55 65 2 0 0 0.00 M M 4.7 14 190 M M 6 1 19 180
3 79 68 74 12 0 9 T M M 8.9 22 180 M M 9 1 37 190
4 86 60 73 11 0 8 T M M 13.3 28 190 M M 6 42 180
5 74 48 61 -1 4 0 0.00 M M 5.3 12 140 M M 0 19 130
6 85 50 68 7 0 3 0.00 M M 5.1 15 200 M M 0 22 200
7 84 66 75 14 0 10 T M M 5.7 16 130 M M 7 1 25 130
8 77 65 71 11 0 6 0.03 M M 5.9 15 130 M M 7 1 24 110
9 76 66 71 11 0 6 M M M 6.7 10 140 M M 8 22 140
10 79 66 73 13 0 8 0.00 M M 6.1 14 180 M M 8 25 170
11 70 40 55 -5 10 0 1.15 M M 9.0 24 10 M M 7 123 39 10
12 56 35 46 -13 19 0 0.00 M M 7.3 16 340 M M 0 24 360
13 55 32 44 -15 21 0 0.00 M M 5.0 13 100 M M 0 20 110
14 60 43 52 -6 13 0 0.07 M M 6.8 20 360 M M 8 1 29 360
15 49 33 41 -17 24 0 0.00 M M 8.2 17 330 M M 0 27 330
16 54 39 47 -11 18 0 0.00 M M 5.4 14 40 M M 5 20 50
17 57 41 49 -8 16 0 0.00 M M 2.7 10 190 M M 6 15 180
18 54 44 49 -8 16 0 0.01 M M 3.3 12 20 M M 10 19 40
19 44 35 40 -17 25 0 0.19 M M 8.3 17 20 M M 10 1 26 20
20 43 35 39 -17 26 0 0.10 M M 2.9 8 340 M M 9 12 340
21 45 37 41 -15 24 0 0.06 M M 1.0 6 190 M M 10 1 10 180
22 56 44 50 -6 15 0 0.01 M M 2.0 7 150 M M 10 1 10 160
23 59 49 54 -2 11 0 0.19 M M 3.0 9 140 M M 10 13 13 200
24 66 56 61 6 4 0 1.04 0.0 0 5.3 16 30 M M 10 123 25 40
25 56 50 53 -2 12 0 0.18 M M 9.9 18 30 M M 10 13 29 40
26 54 41 48 -7 17 0 0.48 M M 8.5 22 280 M M 7 13 36 250
27 67 38 53 -1 12 0 0.00 M M 3.9 12 330 M M 0 21 340
28 74 39 57 3 8 0 0.00 M M 5.8 16 190 M M 1 25 200
29 83 53 68 14 0 3 0.00 0.0 M 8.1 23 10 M M 4 38 20
30 54 36 45 -9 20 0 0.00 0.0 M 9.8 26 360 M M 0 40 350
================================================================================
SM 1945 1419 315 53 3.52 0.0 182.7 M 173
================================================================================
AV 64.8 47.3 6.1 FASTST M M 6 MAX(MPH)
MISC ----> 28 190 42 180
================================================================================
NOTES:
# LAST OF SEVERAL OCCURRENCES
COLUMN 17 PEAK WIND IN M.P.H.
PRELIMINARY LOCAL CLIMATOLOGICAL DATA (WS FORM: F-6) , PAGE 2
STATION: BURNET
MONTH: NOVEMBER
YEAR: 2022
LATITUDE: 30 43 N
LONGITUDE: 98 14 W
[TEMPERATURE DATA] [PRECIPITATION DATA] SYMBOLS USED IN COLUMN 16
AVERAGE MONTHLY: 56.1 TOTAL FOR MONTH: 3.52 1 = FOG OR MIST
DPTR FM NORMAL: -2.0 DPTR FM NORMAL: 1.27 2 = FOG REDUCING VISIBILITY
HIGHEST: 86 ON 4 GRTST 24HR 1.17 ON 23-24 TO 1/4 MILE OR LESS
LOWEST: 32 ON 13 3 = THUNDER
SNOW, ICE PELLETS, HAIL 4 = ICE PELLETS
TOTAL MONTH: 0.0 INCH 5 = HAIL
GRTST 24HR 0.0 6 = FREEZING RAIN OR DRIZZLE
GRTST DEPTH: 0 7 = DUSTSTORM OR SANDSTORM:
VSBY 1/2 MILE OR LESS
8 = SMOKE OR HAZE
[NO. OF DAYS WITH] [WEATHER - DAYS WITH] 9 = BLOWING SNOW
X = TORNADO
MAX 32 OR BELOW: 0 0.01 INCH OR MORE: 13
MAX 90 OR ABOVE: 0 0.10 INCH OR MORE: 7
MIN 32 OR BELOW: 1 0.50 INCH OR MORE: 2
MIN 0 OR BELOW: 0 1.00 INCH OR MORE: 2
[HDD (BASE 65) ]
TOTAL THIS MO. 315 CLEAR (SCALE 0-3) 8
DPTR FM NORMAL 74 PTCLDY (SCALE 4-7) 12
TOTAL FM JUL 1 349 CLOUDY (SCALE 8-10) 10
DPTR FM NORMAL 56
[CDD (BASE 65) ]
TOTAL THIS MO. 53
DPTR FM NORMAL 21 [PRESSURE DATA]
TOTAL FM JAN 1 3475 HIGHEST SLP 30.52 ON 20
DPTR FM NORMAL 694 LOWEST SLP 29.68 ON 29
[REMARKS]
#FINAL-11-22#