000
CXUS54 KEWX 051820
CF6BMQ
PRELIMINARY LOCAL CLIMATOLOGICAL DATA (WS FORM: F-6)
STATION: BURNET
MONTH: JULY
YEAR: 2022
LATITUDE: 30 43 N
LONGITUDE: 98 14 W
TEMPERATURE IN F: :PCPN: SNOW: WIND :SUNSHINE: SKY :PK WND
================================================================================
1 2 3 4 5 6A 6B 7 8 9 10 11 12 13 14 15 16 17 18
12Z AVG MX 2MIN
DY MAX MIN AVG DEP HDD CDD WTR SNW DPTH SPD SPD DIR MIN PSBL S-S WX SPD DR
================================================================================
1 97 72 85 2 0 20 0.00 M M 4.8 14 120 M M 1 22 130
2 97 76 87 4 0 22 0.00 M M 5.9 13 170 M M 1 1 20 170
3 97 78 88 5 0 23 0.00 M M 8.4 16 180 M M 1 26 180
4 97 74 86 3 0 21 0.00 M M 9.2 17 190 M M 2 31 140
5 98 75 87 4 0 22 0.00 M M 8.7 15 190 M M 1 24 180
6 100 74 87 4 0 22 0.00 M M 8.2 14 150 M M 0 25 150
7 99 76 88 5 0 23 0.00 0.0 M 8.0 14 200 M M 0 21 180
8 102 77 90 7 0 25 0.00 0.0 M 6.3 15 230 M M 0 20 210
9 104 77 91 7 0 26 0.00 M M 4.7 14 10 M M 1 19 10
10 107 78 93 9 0 28 0.00 M M 4.3 13 50 M M 1 19 40
11 105 79 92 8 0 27 0.00 M M 3.8 21 190 M M 1 31 180
12 106 80 93 9 0 28 0.08 0.0 M 5.8 26 80 M M 3 38 42 70
13 105 76 91 7 0 26 T 0.0 M 3.7 18 180 M M 1 3 26 180
14 101 74 88 4 0 23 T M M 5.7 35 290 M M 1 38 48 280
15 97 71 84 0 0 19 0.00 M M 5.1 15 80 M M 1 23 140
16 98 73 86 2 0 21 0.00 M M 7.3 14 200 M M 2 21 180
17 102 76 89 5 0 24 0.00 M M 7.3 15 180 M M 1 24 180
18 104 75 90 6 0 25 0.00 M M 7.3 15 180 M M 0 24 190
19 103 77 90 6 0 25 0.00 M M 8.1 16 190 M M 0 27 170
20 103 77 90 6 0 25 0.00 M M 8.1 16 180 M M 0 31 140
21 100 78 89 4 0 24 0.00 M M 8.7 16 130 M M 2 27 170
22 99 76 88 3 0 23 0.00 M M 8.0 17 120 M M 1 27 110
23 98 75 87 2 0 22 0.00 M M 9.6 16 140 M M 1 33 150
24 99 76 88 3 0 23 0.00 M M 9.3 18 190 M M 1 29 170
25 100 75 88 3 0 23 0.00 M M 8.7 16 160 M M 0 28 170
26 101 73 87 2 0 22 0.00 M M 8.2 15 140 M M 0 25 180
27 99 76 88 3 0 23 0.00 M M 9.3 17 180 M M 0 26 160
28 99 76 88 3 0 23 0.00 M M 8.7 17 190 M M 1 27 170
29 99 76 88 3 0 23 0.00 M M 8.5 18 130 M M 1 28 140
30 101 76 89 4 0 24 0.00 M M 8.6 16 180 M M 0 26 140
31 100 76 88 3 0 23 0.00 M M 9.7 16 200 M M 0 25 200
================================================================================
SM 3117 2348 0 728 0.08 0.0 228.0 M 25
================================================================================
AV100.5 75.7 7.4 FASTST M M 1 MAX(MPH)
MISC ----> 35 290 48 280
================================================================================
NOTES:
# LAST OF SEVERAL OCCURRENCES
COLUMN 17 PEAK WIND IN M.P.H.
PRELIMINARY LOCAL CLIMATOLOGICAL DATA (WS FORM: F-6) , PAGE 2
STATION: BURNET
MONTH: JULY
YEAR: 2022
LATITUDE: 30 43 N
LONGITUDE: 98 14 W
[TEMPERATURE DATA] [PRECIPITATION DATA] SYMBOLS USED IN COLUMN 16
AVERAGE MONTHLY: 88.1 TOTAL FOR MONTH: 0.08 1 = FOG OR MIST
DPTR FM NORMAL: 4.0 DPTR FM NORMAL: -1.71 2 = FOG REDUCING VISIBILITY
HIGHEST: 107 ON 10 GRTST 24HR 0.08 ON 12-12 TO 1/4 MILE OR LESS
LOWEST: 71 ON 15 3 = THUNDER
SNOW, ICE PELLETS, HAIL 4 = ICE PELLETS
TOTAL MONTH: 0.0 INCH 5 = HAIL
GRTST 24HR 0.0 6 = FREEZING RAIN OR DRIZZLE
GRTST DEPTH: M ON M 7 = DUSTSTORM OR SANDSTORM:
VSBY 1/2 MILE OR LESS
8 = SMOKE OR HAZE
[NO. OF DAYS WITH] [WEATHER - DAYS WITH] 9 = BLOWING SNOW
X = TORNADO
MAX 32 OR BELOW: 0 0.01 INCH OR MORE: 1
MAX 90 OR ABOVE: 31 0.10 INCH OR MORE: 0
MIN 32 OR BELOW: 0 0.50 INCH OR MORE: 0
MIN 0 OR BELOW: 0 1.00 INCH OR MORE: 0
[HDD (BASE 65) ]
TOTAL THIS MO. 0 CLEAR (SCALE 0-3) 31
DPTR FM NORMAL 0 PTCLDY (SCALE 4-7) 0
TOTAL FM JUL 1 0 CLOUDY (SCALE 8-10) 0
DPTR FM NORMAL 0
[CDD (BASE 65) ]
TOTAL THIS MO. 728
DPTR FM NORMAL 136 [PRESSURE DATA]
TOTAL FM JAN 1 2106 HIGHEST SLP 30.10 ON 31
DPTR FM NORMAL 540 LOWEST SLP 29.73 ON 11
[REMARKS]
#FINAL-07-22#