000
CXUS54 KEWX 011110
CF6BMQ
PRELIMINARY LOCAL CLIMATOLOGICAL DATA (WS FORM: F-6)
STATION: BURNET
MONTH: DECEMBER
YEAR: 2021
LATITUDE: 30 43 N
LONGITUDE: 98 14 W
TEMPERATURE IN F: :PCPN: SNOW: WIND :SUNSHINE: SKY :PK WND
================================================================================
1 2 3 4 5 6A 6B 7 8 9 10 11 12 13 14 15 16 17 18
12Z AVG MX 2MIN
DY MAX MIN AVG DEP HDD CDD WTR SNW DPTH SPD SPD DIR MIN PSBL S-S WX SPD DR
================================================================================
1 75 49 62 9 3 0 0.00 M M 3.4 12 230 M M 3 17 230
2 78 48 63 10 2 0 0.00 M M 3.6 12 180 M M 1 1 18 180
3 76 59 68 15 0 3 0.01 M M 4.2 12 180 M M 3 1 17 140
4 75 61 68 16 0 3 0.00 M M 4.2 10 180 M M 5 12 15 190
5 76 67 72 20 0 7 0.00 M M 8.3 20 190 M M 8 28 190
6 70 41 56 4 9 0 T M M 8.9 21 360 M M 4 36 360
7 69 38 54 2 11 0 0.00 M M 3.3 13 190 M M 0 17 200
8 77 42 60 8 5 0 0.00 M M 4.3 13 280 M M 0 21 170
9 81 59 70 19 0 5 M M M 8.8 14 200 M M 3 1 23 210
10 83 64 74 23 0 9 0.00 M M 9.1 21 190 M M 0 1 29 170
11 73 33 53 2 12 0 0.00 M M 7.7 25 350 M M 2 47 340
12 61 28 45 -6 20 0 0.00 M M 2.4 10 180 M M 0 14 170
13 71 40 56 5 9 0 0.00 M M 4.1 14 180 M M 5 1 21 180
14 76 57 67 17 0 2 T M M 5.5 18 200 M M 9 12 28 190
15 79 67 73 23 0 8 0.00 M M 13.1 23 180 M M 9 37 180
16 74 68 71 21 0 6 0.02 M M 5.8 18 180 M M 8 1 31 180
17 76 68 72 22 0 7 0.01 M M 8.3 21 180 M M 8 1 34 200
18 70 42 56 6 9 0 0.51 M M 9.6 22 360 M M 6 1 34 360
19 54 37 46 -4 19 0 T M M 5.4 15 20 M M 6 23 360
20 59 37 48 -2 17 0 T M M 2.1 8 180 M M 1 13 190
21 68 36 52 2 13 0 0.00 M M 3.1 10 190 M M 0 8 16 240
22 74 44 59 10 6 0 0.00 M M 2.8 9 150 M M 0 16 160
23 74 52 63 14 2 0 0.00 M M 8.3 18 180 M M 3 1 32 170
24 76 60 68 19 0 3 0.00 M M 10.7 17 190 M M 4 28 180
25 81 61 71 22 0 6 0.00 M M 4.2 14 180 M M 3 24 180
26 75 58 67 18 0 2 0.00 M M 6.7 22 180 M M 3 12 31 170
27 72 60 66 17 0 1 T M M 7.5 15 180 M M 8 1 24 170
28 79 59 69 20 0 4 0.00 M M 5.6 18 180 M M 5 1 29 180
29 79 54 67 18 0 2 0.00 M M 3.8 12 300 M M 4 128 16 180
30 80 49 65 16 0 0 0.00 M M 3.4 10 150 M M 2 1 17 180
31 78 59 69 20 0 4 0.00 M M 7.4 16 180 M M 6 12 26 170
================================================================================
SM 2289 1597 137 72 0.55 M 185.6 M 119
================================================================================
AV 73.8 51.5 6.0 FASTST M M 4 MAX(MPH)
MISC ----> 25 350 47 340
================================================================================
NOTES:
# LAST OF SEVERAL OCCURRENCES
COLUMN 17 PEAK WIND IN M.P.H.
PRELIMINARY LOCAL CLIMATOLOGICAL DATA (WS FORM: F-6) , PAGE 2
STATION: BURNET
MONTH: DECEMBER
YEAR: 2021
LATITUDE: 30 43 N
LONGITUDE: 98 14 W
[TEMPERATURE DATA] [PRECIPITATION DATA] SYMBOLS USED IN COLUMN 16
AVERAGE MONTHLY: 62.7 TOTAL FOR MONTH: 0.55 1 = FOG OR MIST
DPTR FM NORMAL: 12.2 DPTR FM NORMAL: -1.38 2 = FOG REDUCING VISIBILITY
HIGHEST: 83 ON 10 GRTST 24HR 0.51 ON 18-18 TO 1/4 MILE OR LESS
LOWEST: 28 ON 12 3 = THUNDER
SNOW, ICE PELLETS, HAIL 4 = ICE PELLETS
TOTAL MONTH: M 5 = HAIL
GRTST 24HR M ON M 6 = FREEZING RAIN OR DRIZZLE
GRTST DEPTH: M ON M 7 = DUSTSTORM OR SANDSTORM:
VSBY 1/2 MILE OR LESS
8 = SMOKE OR HAZE
[NO. OF DAYS WITH] [WEATHER - DAYS WITH] 9 = BLOWING SNOW
X = TORNADO
MAX 32 OR BELOW: 0 0.01 INCH OR MORE: 4
MAX 90 OR ABOVE: 0 0.10 INCH OR MORE: 1
MIN 32 OR BELOW: 1 0.50 INCH OR MORE: 1
MIN 0 OR BELOW: 0 1.00 INCH OR MORE: 0
[HDD (BASE 65) ]
TOTAL THIS MO. 137 CLEAR (SCALE 0-3) 15
DPTR FM NORMAL -321 PTCLDY (SCALE 4-7) 12
TOTAL FM JUL 1 327 CLOUDY (SCALE 8-10) 4
DPTR FM NORMAL -425
[CDD (BASE 65) ]
TOTAL THIS MO. 72
DPTR FM NORMAL 65 [PRESSURE DATA]
TOTAL FM JAN 1 2709 HIGHEST SLP 30.38 ON 19
DPTR FM NORMAL -79 LOWEST SLP 29.61 ON 28
[REMARKS]
#FINAL-12-21#