000
CXUS55 KOHX 020829
CF6BNA
PRELIMINARY LOCAL CLIMATOLOGICAL DATA (WS FORM: F-6)
STATION: NASHVILLE
MONTH: NOVEMBER
YEAR: 2020
LATITUDE: 36 7 N
LONGITUDE: 86 41 W
TEMPERATURE IN F: :PCPN: SNOW: WIND :SUNSHINE: SKY :PK WND
================================================================================
1 2 3 4 5 6A 6B 7 8 9 10 11 12 13 14 15 16 17 18
12Z AVG MX 2MIN
DY MAX MIN AVG DEP HDD CDD WTR SNW DPTH SPD SPD DIR MIN PSBL S-S WX SPD DR
================================================================================
1 63 40 52 -3 13 0 0.00 0.0 0 10.4 24 310 M M 2 35 330
2 56 34 45 -10 20 0 0.00 0.0 0 4.0 9 250 M M 0 14 250
3 69 35 52 -2 13 0 0.00 0.0 0 4.8 10 200 M M 1 17 200
4 73 40 57 3 8 0 0.00 0.0 0 4.6 13 200 M M 0 17 200
5 71 43 57 3 8 0 0.00 0.0 0 4.6 13 180 M M 7 8 20 180
6 74 42 58 5 7 0 0.00 0.0 0 2.9 8 60 M M 1 1 11 80
7 80 46 63 10 2 0 0.00 0.0 0 3.3 12 110 M M 3 18 15 150
8 81 55 68 15 0 3 0.00 0.0 0 4.3 16 130 M M 3 22 130
9 83 58 71 19 0 6 0.00 0.0 0 5.5 18 140 M M 4 23 150
10 79 59 69 17 0 4 T 0.0 0 7.3 22 160 M M 8 1 30 160
11 70 50 60 8 5 0 0.09 0.0 0 7.8 17 360 M M 9 1 24 260
12 66 42 54 3 11 0 0.00 0.0 0 5.6 12 360 M M 0 16 360
13 66 42 54 3 11 0 0.00 0.0 0 5.1 14 310 M M 3 8 20 320
14 73 39 56 6 9 0 0.00 0.0 0 8.1 21 170 M M 7 28 170
15 69 44 57 7 8 0 0.15 0.0 0 13.0 32 190 M M 4 1 53 200
16 63 34 49 -1 16 0 0.00 0.0 0 4.0 9 260 M M 0 16 240
17 56 38 47 -2 18 0 0.00 0.0 0 8.9 20 360 M M 0 27 330
18 59 32 46 -3 19 0 0.00 0.0 0 4.6 9 130 M M 1 17 130
19 68 41 55 7 10 0 0.00 0.0 0 10.7 22 190 M M 1 29 210
20 71 45 58 10 7 0 0.00 0.0 0 6.4 14 200 M M 2 22 220
21 74 45 60 12 5 0 0.00 0.0 0 3.2 8 100 M M 6 13 250
22 67 41 54 7 11 0 0.07 0.0 0 9.2 20 330 M M 9 18 28 320
23 54 33 44 -3 21 0 0.00 0.0 0 2.6 12 30 M M 3 8 15 60
24 64 34 49 2 16 0 0.00 0.0 0 7.6 20 170 M M 7 18 28 170
25 67 54 61 15 4 0 0.04 0.0 0 15.9 31 180 M M 8 1 44 170
26 59 40 50 4 15 0 0.00 0.0 0 3.4 8 10 M M 6 13 330
27 62 38 50 4 15 0 0.00 0.0 0 2.8 10 350 M M 9 128 21 360
28 57 37 47 2 18 0 0.00 0.0 0 5.8 15 10 M M 5 21 340
29 52 34 43 -2 22 0 0.37 0.0 0 3.8 13 350 M M 9 18 35 90
30 43 32 38 -6 27 0 0.48 0.2 0 11.4 21 310 M M 10 14 31 310
================================================================================
SM 1989 1247 339 13 1.20 0.2 191.6 M 128
================================================================================
AV 66.3 41.6 6.4 FASTST M M 4 MAX(MPH)
MISC ----> 32 190 53 200
================================================================================
NOTES:
# LAST OF SEVERAL OCCURRENCES
COLUMN 17 PEAK WIND IN M.P.H.
PRELIMINARY LOCAL CLIMATOLOGICAL DATA (WS FORM: F-6) , PAGE 2
STATION: NASHVILLE
MONTH: NOVEMBER
YEAR: 2020
LATITUDE: 36 7 N
LONGITUDE: 86 41 W
[TEMPERATURE DATA] [PRECIPITATION DATA] SYMBOLS USED IN COLUMN 16
AVERAGE MONTHLY: 53.9 TOTAL FOR MONTH: 1.20 1 = FOG OR MIST
DPTR FM NORMAL: 4.1 DPTR FM NORMAL: -3.11 2 = FOG REDUCING VISIBILITY
HIGHEST: 83 ON 9 GRTST 24HR 0.85 ON 29-30 TO 1/4 MILE OR LESS
LOWEST: 32 ON 30,18 3 = THUNDER
SNOW, ICE PELLETS, HAIL 4 = ICE PELLETS
TOTAL MONTH: 0.2 INCH 5 = HAIL
GRTST 24HR 0.2 ON 30-30 6 = FREEZING RAIN OR DRIZZLE
GRTST DEPTH: 0 7 = DUSTSTORM OR SANDSTORM:
VSBY 1/2 MILE OR LESS
8 = SMOKE OR HAZE
[NO. OF DAYS WITH] [WEATHER - DAYS WITH] 9 = BLOWING SNOW
X = TORNADO
MAX 32 OR BELOW: 0 0.01 INCH OR MORE: 6
MAX 90 OR ABOVE: 0 0.10 INCH OR MORE: 3
MIN 32 OR BELOW: 2 0.50 INCH OR MORE: 0
MIN 0 OR BELOW: 0 1.00 INCH OR MORE: 0
[HDD (BASE 65) ]
TOTAL THIS MO. 339 CLEAR (SCALE 0-3) 13
DPTR FM NORMAL -120 PTCLDY (SCALE 4-7) 12
TOTAL FM JUL 1 479 CLOUDY (SCALE 8-10) 5
DPTR FM NORMAL -196
[CDD (BASE 65) ]
TOTAL THIS MO. 13
DPTR FM NORMAL 8 [PRESSURE DATA]
TOTAL FM JAN 1 1925 HIGHEST SLP 30.65 ON 18
DPTR FM NORMAL 280 LOWEST SLP 29.73 ON 15
[REMARKS]
#FINAL-11-20#