000
CXUS56 KBOI 011750
CF6BNO
PRELIMINARY LOCAL CLIMATOLOGICAL DATA (WS FORM: F-6)
STATION: BURNS OR
MONTH: JANUARY
YEAR: 2024
LATITUDE: 43 34 N
LONGITUDE: 118 57 W
TEMPERATURE IN F: :PCPN: SNOW: WIND :SUNSHINE: SKY :PK WND
================================================================================
1 2 3 4 5 6A 6B 7 8 9 10 11 12 13 14 15 16 17 18
12Z AVG MX 2MIN
DY MAX MIN AVG DEP HDD CDD WTR SNW DPTH SPD SPD DIR MIN PSBL S-S WX SPD DR
================================================================================
1 33 22 28 3 37 0 0.00 M M 1.8 8 290 M M 7 12 9 300
2 37 28 33 8 32 0 0.09 M M 4.2 12 110 M M 9 12 15 120
3 42 25 34 9 31 0 0.07 M M 5.0 15 300 M M 7 1 22 300
4 36 25 31 6 34 0 0.04 M M 3.5 12 250 M M 7 1 15 260
5 39 21 30 5 35 0 0.01 M M 5.9 17 320 M M 3 1 23 320
6 34 15 25 0 40 0 0.07 M M 8.0 24 330 M M 7 128 33 300
7 37 7 22 -4 43 0 0.04 M M 5.9 20 340 M M 5 128 26 320
8 30 4 17 -9 48 0 0.12 M M 2.7 7 80 M M 8 1 10 200
9 39 24 32 6 33 0 0.04 M M 14.9 37 260 M M 7 1 52 250
10 36 -2 17 -9 48 0 0.13 M M 11.4 25 250 M M 4 1 37 240
11 37 -1 18 -8 47 0 T M M 15.3 29 260 M M 8 39 250
12 38 25 32 6 33 0 T M M 17.8 32 280 M M 10 45 280
13 25 13 19 -7 46 0 0.66 M M 7.5 16 80 M M 10 128 22 80
14 30 10 20 -6 45 0 T M M 2.3 8 300 M M 6 18 9 290
15 25 0 13 -13 52 0 0.00 M M 1.6 9 320 M M 3 8 10 320
16 37 -5 16 -10 49 0 0.19 M M 3.5 8 290 M M 3 8 10 300
17 M 21 M M M M 0.14 M M 4.5 21 250 M M 10 31 250
18 M M M M M M 0.03 M M 4.2 13 270 M M 10 8 16 270
19 M M M M M M T M M 4.4 16 80 M M 6 18 22 80
20 43 32 38 11 27 0 0.12 M M 4.7 15 90 M M 8 18 21 90
21 43 34 39 12 26 0 0.35 M M 6.2 12 80 M M 9 1 17 200
22 47 28 38 11 27 0 0.20 M M 3.0 13 100 M M 7 1 17 90
23 44 24 34 7 31 0 T M M 3.2 8 300 M M 5 1268 10 60
24 40 23 32 5 33 0 0.27 M M 4.4 10 270 M M 7 12 14 270
25 44 23 34 6 31 0 0.00 M M 3.5 9 220 M M 5 12 12 220
26 37 23 30 2 35 0 0.18 M M 3.3 10 80 M M 7 1 13 70
27 50 33 42 14 23 0 0.10 M M 1.5 7 300 M M 9 12 8 160
28 54 32 43 15 22 0 0.03 M M 2.2 7 290 M M 6 12 9 250
29 50 30 40 12 25 0 0.00 M M 5.6 17 80 M M 4 12 23 80
30 50 28 39 11 26 0 0.00 M M 3.5 14 100 M M 3 12 18 90
31 53 31 42 14 23 0 T M M 8.2 21 130 M M 7 34 150
================================================================================
SM 1110 573 982 0 2.88 M 173.7 M 207
================================================================================
AV 39.6 19.8 5.6 FASTST M M 7 MAX(MPH)
MISC ----> 37 260 52 250
================================================================================
NOTES:
# LAST OF SEVERAL OCCURRENCES
COLUMN 17 PEAK WIND IN M.P.H.
PRELIMINARY LOCAL CLIMATOLOGICAL DATA (WS FORM: F-6) , PAGE 2
STATION: BURNS OR
MONTH: JANUARY
YEAR: 2024
LATITUDE: 43 34 N
LONGITUDE: 118 57 W
[TEMPERATURE DATA] [PRECIPITATION DATA] SYMBOLS USED IN COLUMN 16
AVERAGE MONTHLY: 29.7 TOTAL FOR MONTH: 2.88 1 = FOG OR MIST
DPTR FM NORMAL: 3.2 DPTR FM NORMAL: 1.55 2 = FOG REDUCING VISIBILITY
HIGHEST: 54 ON 28 GRTST 24HR 0.66 ON 13-13 TO 1/4 MILE OR LESS
LOWEST: -5 ON 16 3 = THUNDER
SNOW, ICE PELLETS, HAIL 4 = ICE PELLETS
TOTAL MONTH: M 5 = HAIL
GRTST 24HR M ON M 6 = FREEZING RAIN OR DRIZZLE
GRTST DEPTH: M ON M 7 = DUSTSTORM OR SANDSTORM:
VSBY 1/2 MILE OR LESS
8 = SMOKE OR HAZE
[NO. OF DAYS WITH] [WEATHER - DAYS WITH] 9 = BLOWING SNOW
X = TORNADO
MAX 32 OR BELOW: 4 0.01 INCH OR MORE: 20
MAX 90 OR ABOVE: 0 0.10 INCH OR MORE: 11
MIN 32 OR BELOW: 27 0.50 INCH OR MORE: 1
MIN 0 OR BELOW: 4 1.00 INCH OR MORE: 0
[HDD (BASE 65) ]
TOTAL THIS MO. 982 CLEAR (SCALE 0-3) 4
DPTR FM NORMAL -212 PTCLDY (SCALE 4-7) 17
TOTAL FM JUL 1 3630 CLOUDY (SCALE 8-10) 10
DPTR FM NORMAL -610
[CDD (BASE 65) ]
TOTAL THIS MO. 0
DPTR FM NORMAL 0 [PRESSURE DATA]
TOTAL FM JAN 1 0 HIGHEST SLP 30.48 ON 15
DPTR FM NORMAL 0 LOWEST SLP 29.58 ON 31
[REMARKS]
#FINAL-01-24#