000
CXUS54 KLCH 011617
CF6BPT
PRELIMINARY LOCAL CLIMATOLOGICAL DATA (WS FORM: F-6)
STATION: BEAUMONT PORT ARTHUR
MONTH: JUNE
YEAR: 2023
LATITUDE: 29 57 N
LONGITUDE: 94 1 W
TEMPERATURE IN F: :PCPN: SNOW: WIND :SUNSHINE: SKY :PK WND
================================================================================
1 2 3 4 5 6A 6B 7 8 9 10 11 12 13 14 15 16 17 18
12Z AVG MX 2MIN
DY MAX MIN AVG DEP HDD CDD WTR SNW DPTH SPD SPD DIR MIN PSBL S-S WX SPD DR
================================================================================
1 90 67 79 -1 0 14 0.00 0.0 M 4.1 14 170 M M 1 1 18 160
2 92 67 80 0 0 15 0.01 0.0 M 4.4 12 210 M M 2 18 17 200
3 92 70 81 0 0 16 T 0.0 M 5.5 14 30 M M 3 3 18 30
4 84 70 77 -4 0 12 T 0.0 M 4.0 15 280 M M 4 3 22 270
5 88 69 79 -2 0 14 0.00 0.0 M 6.0 16 180 M M 2 3 22 180
6 89 67 78 -3 0 13 0.99 0.0 M 4.9 18 330 M M 2 138 29 330
7 90 64 77 -4 0 12 0.05 0.0 M 4.1 15 310 M M 1 123 20 330
8 90 68 79 -2 0 14 0.17 0.0 M 4.9 16 350 M M 1 13 21 350
9 94 66 80 -2 0 15 0.00 0.0 M 3.8 13 190 M M 0 1 18 180
10 91 69 80 -2 0 15 1.14 0.0 M 8.3 30 50 M M 2 123 40 70
11 91 71 81 -1 0 16 0.02 0.0 M 8.0 17 180 M M 2 25 240
12 92 74 83 1 0 18 0.00 0.0 M 6.9 15 190 M M 2 1 22 150
13 92 73 83 1 0 18 0.00 0.0 M 9.1 17 170 M M 2 12 23 190
14 91 76 84 2 0 19 0.00 0.0 M 10.1 20 190 M M 3 1 28 180
15 94 78 86 4 0 21 0.00 0.0 M 9.3 17 210 M M 3 1 27 210
16 92 78 85 3 0 20 0.00 0.0 M 8.7 18 190 M M 4 18 26 200
17 94 77 86 4 0 21 0.00 0.0 M 7.5 15 190 M M 3 1 21 210
18 94 77 86 4 0 21 0.00 0.0 M 9.5 22 190 M M 3 18 33 200
19 94 77 86 4 0 21 0.00 0.0 M 8.4 18 190 M M 3 1 26 200
20 91 80 86 3 0 21 0.01 0.0 M 7.7 28 210 M M 4 138 38 250
21 97 78 88 5 0 23 0.07 0.0 M 6.5 14 170 M M 3 13 19 200
22 95 78 87 4 0 22 0.54 0.0 M 6.0 22 80 M M 3 13 28 80
23 93 74 84 1 0 19 0.22 0.0 M 7.3 23 160 M M 3 13 32 160
24 93 77 85 2 0 20 0.00 0.0 M 7.3 16 190 M M 2 1 23 170
25 94 78 86 3 0 21 0.00 0.0 M 9.0 20 200 M M 2 1 26 190
26 95 77 86 3 0 21 0.00 0.0 M 7.4 15 190 M M 2 1 22 210
27 96 75 86 3 0 21 0.00 0.0 M 6.8 15 190 M M 3 12 22 220
28 95 77 86 3 0 21 0.00 0.0 0 6.1 15 190 M M 1 1 19 180
29 96 74 85 2 0 20 0.00 0.0 M 6.0 14 190 M M 1 12 22 210
30 97 75 86 3 0 21 0.00 0.0 0 5.5 16 180 M M 1 12 20 170
================================================================================
SM 2776 2201 0 545 3.22 0.0 203.1 M 68
================================================================================
AV 92.5 73.4 6.8 FASTST M M 2 MAX(MPH)
MISC ----> 30 50 40 70
================================================================================
NOTES:
# LAST OF SEVERAL OCCURRENCES
COLUMN 17 PEAK WIND IN M.P.H.
PRELIMINARY LOCAL CLIMATOLOGICAL DATA (WS FORM: F-6) , PAGE 2
STATION: BEAUMONT PORT ARTHUR
MONTH: JUNE
YEAR: 2023
LATITUDE: 29 57 N
LONGITUDE: 94 1 W
[TEMPERATURE DATA] [PRECIPITATION DATA] SYMBOLS USED IN COLUMN 16
AVERAGE MONTHLY: 83.0 TOTAL FOR MONTH: 3.22 1 = FOG OR MIST
DPTR FM NORMAL: 0.9 DPTR FM NORMAL: -3.48 2 = FOG REDUCING VISIBILITY
HIGHEST: 97 ON 30,21 GRTST 24HR 1.16 ON 10-11 TO 1/4 MILE OR LESS
LOWEST: 64 ON 7 3 = THUNDER
SNOW, ICE PELLETS, HAIL 4 = ICE PELLETS
TOTAL MONTH: 0.0 INCH 5 = HAIL
GRTST 24HR 0.0 6 = FREEZING RAIN OR DRIZZLE
GRTST DEPTH: 0 7 = DUSTSTORM OR SANDSTORM:
VSBY 1/2 MILE OR LESS
8 = SMOKE OR HAZE
[NO. OF DAYS WITH] [WEATHER - DAYS WITH] 9 = BLOWING SNOW
X = TORNADO
MAX 32 OR BELOW: 0 0.01 INCH OR MORE: 10
MAX 90 OR ABOVE: 27 0.10 INCH OR MORE: 5
MIN 32 OR BELOW: 0 0.50 INCH OR MORE: 3
MIN 0 OR BELOW: 0 1.00 INCH OR MORE: 1
[HDD (BASE 65) ]
TOTAL THIS MO. 0 CLEAR (SCALE 0-3) 23
DPTR FM NORMAL 0 PTCLDY (SCALE 4-7) 7
TOTAL FM JUL 1 1024 CLOUDY (SCALE 8-10) 0
DPTR FM NORMAL -238
[CDD (BASE 65) ]
TOTAL THIS MO. 545
DPTR FM NORMAL 35 [PRESSURE DATA]
TOTAL FM JAN 1 1413 HIGHEST SLP 30.01 ON 30
DPTR FM NORMAL 270 LOWEST SLP 29.67 ON 20
[REMARKS]
#FINAL-06-23#