000
CXUS54 KBRO 010900
CF6BRO
PRELIMINARY LOCAL CLIMATOLOGICAL DATA (WS FORM: F-6)
STATION: BROWNSVILLE
MONTH: JANUARY
YEAR: 2021
LATITUDE: 25 53 N
LONGITUDE: 97 26 W
TEMPERATURE IN F: :PCPN: SNOW: WIND :SUNSHINE: SKY :PK WND
================================================================================
1 2 3 4 5 6A 6B 7 8 9 10 11 12 13 14 15 16 17 18
12Z AVG MX 2MIN
DY MAX MIN AVG DEP HDD CDD WTR SNW DPTH SPD SPD DIR MIN PSBL S-S WX SPD DR
================================================================================
1 58 38 48 -12 17 0 0.00 0.0 0 4.4 13 300 M M 5 16 300
2 68 46 57 -3 8 0 0.00 0.0 0 6.9 16 330 M M 1 21 320
3 75 43 59 -1 6 0 0.00 0.0 0 4.2 17 160 M M 2 23 160
4 83 50 67 7 0 2 0.00 0.0 0 5.7 17 150 M M 3 128 21 150
5 83 60 72 12 0 7 0.00 0.0 0 7.6 18 150 M M 4 1 140 23
6 82 61 72 12 0 7 0.15 0.0 0 11.7 23 160 M M 5 28 150
7 74 45 60 0 5 0 0.00 0.0 0 6.9 15 300 M M 0 19 340
8 70 42 56 -5 9 0 0.00 0.0 0 5.6 17 50 M M 1 27 30
9 66 47 57 -4 8 0 0.10 0.0 0 6.8 16 70 M M 8 21 70
10 67 43 55 -6 10 0 0.60 0.0 0 14.0 29 320 M M 10 1 39 320
11 50 40 45 -16 20 0 0.00 0.0 0 11.6 26 330 M M 10 33 330
12 52 47 50 -11 15 0 0.00 0.0 0 8.4 15 320 M M 10 20 340
13 67 40 54 -7 11 0 0.00 0.0 0 4.6 12 330 M M 0 15 330
14 80 46 63 2 2 0 0.00 0.0 0 10.3 26 200 M M 0 34 190
15 68 43 56 -5 9 0 0.00 0.0 0 7.7 20 20 M M 0 26 20
16 72 38 55 -6 10 0 0.00 0.0 0 4.6 16 120 M M 0 19 110
17 75 52 64 3 1 0 0.02 0.0 0 6.2 15 70 M M 6 17 60
18 80 56 68 7 0 3 0.00 0.0 0 12.6 29 160 M M 8 12 34 150
19 81 68 75 14 0 10 0.02 0.0 0 15.0 26 130 M M 7 34 130
20 76 61 69 8 0 4 T 0.0 0 7.0 17 140 M M 10 22 150
21 67 58 63 2 2 0 T 0.0 0 3.2 8 360 M M 10 18 9 360
22 77 65 71 10 0 6 T 0.0 0 3.5 10 60 M M 9 18 15 40
23 81 64 73 11 0 8 T 0.0 0 6.9 17 130 M M 10 18 20 120
24 82 71 77 15 0 12 0.00 0.0 0 18.9 32 160 M M 9 39 160
25 85 73 79 17 0 14 0.00 0.0 0 13.7 32 160 M M 5 8 43 160
26 86 65 76 14 0 11 0.00 0.0 0 4.2 13 80 M M 7 12 15 80
27 74 56 65 3 0 0 T 0.0 0 10.6 24 350 M M 6 1 35 360
28 72 56 64 2 1 0 0.00 0.0 0 9.5 18 40 M M 2 25 20
29 78 54 66 4 0 1 0.00 0.0 0 8.2 21 140 M M 3 26 140
30 83 65 74 12 0 9 0.00 0.0 0 18.6 35 170 M M 4 42 180
31 78 61 70 8 0 5 0.01 0.0 0 7.3 20 30 M M 9 1 26 20
================================================================================
SM 2290 1654 134 99 0.90 0.0 266.4 M 164
================================================================================
AV 73.9 53.4 8.6 FASTST M M 5 MAX(MPH)
MISC ----> 35 170 140 23
================================================================================
NOTES:
# LAST OF SEVERAL OCCURRENCES
COLUMN 17 PEAK WIND IN M.P.H.
PRELIMINARY LOCAL CLIMATOLOGICAL DATA (WS FORM: F-6) , PAGE 2
STATION: BROWNSVILLE
MONTH: JANUARY
YEAR: 2021
LATITUDE: 25 53 N
LONGITUDE: 97 26 W
[TEMPERATURE DATA] [PRECIPITATION DATA] SYMBOLS USED IN COLUMN 16
AVERAGE MONTHLY: 63.6 TOTAL FOR MONTH: 0.90 1 = FOG OR MIST
DPTR FM NORMAL: 2.5 DPTR FM NORMAL: -0.37 2 = FOG REDUCING VISIBILITY
HIGHEST: 86 ON 26 GRTST 24HR 0.60 ON 10-10 TO 1/4 MILE OR LESS
LOWEST: 38 ON 16, 1 3 = THUNDER
SNOW, ICE PELLETS, HAIL 4 = ICE PELLETS
TOTAL MONTH: 0.0 INCH 5 = HAIL
GRTST 24HR 0.0 6 = FREEZING RAIN OR DRIZZLE
GRTST DEPTH: 0 7 = DUSTSTORM OR SANDSTORM:
VSBY 1/2 MILE OR LESS
8 = SMOKE OR HAZE
[NO. OF DAYS WITH] [WEATHER - DAYS WITH] 9 = BLOWING SNOW
X = TORNADO
MAX 32 OR BELOW: 0 0.01 INCH OR MORE: 6
MAX 90 OR ABOVE: 0 0.10 INCH OR MORE: 3
MIN 32 OR BELOW: 0 0.50 INCH OR MORE: 1
MIN 0 OR BELOW: 0 1.00 INCH OR MORE: 0
[HDD (BASE 65) ]
TOTAL THIS MO. 134 CLEAR (SCALE 0-3) 9
DPTR FM NORMAL -46 PTCLDY (SCALE 4-7) 13
TOTAL FM JUL 1 270 CLOUDY (SCALE 8-10) 9
DPTR FM NORMAL -125
[CDD (BASE 65) ]
TOTAL THIS MO. 99
DPTR FM NORMAL 40 [PRESSURE DATA]
TOTAL FM JAN 1 99 HIGHEST SLP 30.48 ON 28
DPTR FM NORMAL 40 LOWEST SLP 29.62 ON 25
[REMARKS]
#FINAL-01-21#