000
CXUS53 KGRR 010910
CF6BTL
PRELIMINARY LOCAL CLIMATOLOGICAL DATA (WS FORM: F-6)
STATION: BATTLE CREEK
MONTH: AUGUST
YEAR: 2023
LATITUDE: 42 17 N
LONGITUDE: 85 14 W
TEMPERATURE IN F: :PCPN: SNOW: WIND :SUNSHINE: SKY :PK WND
================================================================================
1 2 3 4 5 6A 6B 7 8 9 10 11 12 13 14 15 16 17 18
12Z AVG MX 2MIN
DY MAX MIN AVG DEP HDD CDD WTR SNW DPTH SPD SPD DIR MIN PSBL S-S WX SPD DR
================================================================================
1 79 57 68 -4 0 3 0.00 M M 2.5 10 240 M M 0 13 250
2 82 63 73 1 0 8 0.00 M M 5.9 16 210 M M 3 22 210
3 85 61 73 1 0 8 0.00 M M 5.7 14 270 M M 1 1 18 270
4 85 64 75 3 0 10 0.00 M M 4.0 14 10 M M 0 19 20
5 81 65 73 1 0 8 0.02 M M 7.2 14 130 M M 2 20 110
6 70 64 67 -5 0 2 0.68 M M 8.5 16 30 M M 9 1 26 50
7 78 63 71 -1 0 6 T M M 8.3 15 290 M M 7 1 22 340
8 82 60 71 -1 0 6 0.00 M M 5.7 14 260 M M 1 20 270
9 80 62 71 -1 0 6 0.00 M M 5.9 14 250 M M 0 18 17 240
10 81 62 72 0 0 7 0.00 0.0 0 8.4 21 270 M M 5 18 28 300
11 82 59 71 -1 0 6 0.11 M M 7.7 18 220 M M 3 8 25 220
12 81 63 72 0 0 7 0.05 0.0 0 8.3 20 290 M M 2 3 29 290
13 80 62 71 0 0 6 0.00 M M 4.5 13 330 M M 4 17 310
14 78 64 71 0 0 6 1.15 M M 8.0 21 70 M M 8 138 33 60
15 73 60 67 -4 0 2 0.10 M M 8.8 21 40 M M 9 1 29 30
16 79 53 66 -5 0 1 0.00 M M 6.1 13 190 M M 0 18 190
17 77 57 67 -4 0 2 0.58 M M 13.0 24 280 M M 5 13 37 310
18 75 54 65 -6 0 0 0.00 M M 8.2 18 310 M M 1 27 350
19 78 50 64 -7 1 0 0.00 M M 6.4 15 190 M M 0 21 170
20 89 64 77 6 0 12 0.00 M M 5.7 10 330 M M 1 15 310
21 83 67 75 5 0 10 0.00 M M 6.9 14 30 M M 2 18 40
22 79 62 71 1 0 6 0.00 M M 6.8 13 140 M M 4 18 140
23 92 66 79 9 0 14 0.00 M M 11.9 20 200 M M 3 27 210
24 92 72 82 12 0 17 0.02 M M 11.8 31 250 M M 5 138 40 250
25 79 68 74 4 0 9 0.01 M M 4.9 13 30 M M 7 1 16 30
26 78 61 70 0 0 5 0.00 M M 6.6 16 20 M M 6 12 21 40
27 75 52 64 -5 1 0 0.00 M M 6.3 14 70 M M 0 20 70
28 78 50 64 -5 1 0 0.00 M M 2.2 10 270 M M 0 17 260
29 80 55 68 -1 0 3 0.05 M M 7.7 20 210 M M 3 13 29 200
30 74 52 63 -6 2 0 0.00 M M 7.2 17 360 M M 3 22 30
31 77 47 62 -6 3 0 0.00 M M 2.5 12 80 M M 0 15 70
================================================================================
SM 2482 1859 8 170 2.77 0.0 213.6 M 94
================================================================================
AV 80.1 60.0 6.9 FASTST M M 3 MAX(MPH)
MISC ----> 31 250 40 250
================================================================================
NOTES:
# LAST OF SEVERAL OCCURRENCES
COLUMN 17 PEAK WIND IN M.P.H.
PRELIMINARY LOCAL CLIMATOLOGICAL DATA (WS FORM: F-6) , PAGE 2
STATION: BATTLE CREEK
MONTH: AUGUST
YEAR: 2023
LATITUDE: 42 17 N
LONGITUDE: 85 14 W
[TEMPERATURE DATA] [PRECIPITATION DATA] SYMBOLS USED IN COLUMN 16
AVERAGE MONTHLY: 70.0 TOTAL FOR MONTH: 2.77 1 = FOG OR MIST
DPTR FM NORMAL: -0.8 DPTR FM NORMAL: -0.59 2 = FOG REDUCING VISIBILITY
HIGHEST: 92 ON 24,23 GRTST 24HR 1.25 ON 14-15 TO 1/4 MILE OR LESS
LOWEST: 47 ON 31 3 = THUNDER
SNOW, ICE PELLETS, HAIL 4 = ICE PELLETS
TOTAL MONTH: 0.0 INCH 5 = HAIL
GRTST 24HR 0.0 6 = FREEZING RAIN OR DRIZZLE
GRTST DEPTH: 0 7 = DUSTSTORM OR SANDSTORM:
VSBY 1/2 MILE OR LESS
8 = SMOKE OR HAZE
[NO. OF DAYS WITH] [WEATHER - DAYS WITH] 9 = BLOWING SNOW
X = TORNADO
MAX 32 OR BELOW: 0 0.01 INCH OR MORE: 10
MAX 90 OR ABOVE: 2 0.10 INCH OR MORE: 5
MIN 32 OR BELOW: 0 0.50 INCH OR MORE: 3
MIN 0 OR BELOW: 0 1.00 INCH OR MORE: 1
[HDD (BASE 65) ]
TOTAL THIS MO. 8 CLEAR (SCALE 0-3) 19
DPTR FM NORMAL -4 PTCLDY (SCALE 4-7) 10
TOTAL FM JUL 1 8 CLOUDY (SCALE 8-10) 2
DPTR FM NORMAL -4
[CDD (BASE 65) ]
TOTAL THIS MO. 170
DPTR FM NORMAL -23 [PRESSURE DATA]
TOTAL FM JAN 1 613 HIGHEST SLP 30.28 ON 22
DPTR FM NORMAL -22 LOWEST SLP 29.67 ON 17
[REMARKS]
#FINAL-08-23#