000
CXUS53 KGRR 021316 RRA
CLSBTL
CLIMATE REPORT
NATIONAL WEATHER SERVICE GRAND RAPIDS, MICHIGAN
303 PM EST FRI DEC 01 2023
...................................
...THE BATTLE CREEK CLIMATE SUMMARY FOR THE SEASON, FROM
9/1/2023 TO 11/30/2023...
CLIMATE NORMAL PERIOD: 1991 TO 2020
CLIMATE RECORD PERIOD: 1895 TO 2023
WEATHER OBSERVED NORMAL DEPART LAST YEAR`S
VALUE DATE(S) VALUE FROM VALUE DATE(S)
NORMAL
................................................................
TEMPERATURE (F)
RECORD
HIGH 99 09/01/1953
09/02/1953
LOW -6 11/25/1950
HIGHEST 92 09/05 MM MM 86 09/10
09/17
LOWEST 17 11/28 MM MM 12 11/20
AVG. MAXIMUM 62.6 60.8 1.8 62.8
AVG. MINIMUM 44.3 42.4 1.9 43.1
MEAN 53.4 51.6 1.8 52.9
DAYS MAX >= 90 3 1.0 2.0 0
DAYS MAX <= 32 1 2.1 -1.1 3
DAYS MIN <= 32 19 19.7 -0.7 20
DAYS MIN <= 0 0 0.0 0.0 0
PRECIPITATION (INCHES)
RECORD
MAXIMUM 16.91 1990
MINIMUM 2.22 1956
TOTALS 7.86 8.91 -1.05 5.53
DAILY AVG. 0.09 0.10 -0.01 0.06
DAYS >= .01 26 33.1 -7.1 32
DAYS >= .10 15 17.5 -2.5 18
DAYS >= .50 3 5.6 -2.6 2
DAYS >= 1.00 1 1.3 -0.3 0
GREATEST
24 HR. TOTAL 2.80 10/05 TO 10/05
DEGREE DAYS
HEATING TOTAL 1141 1299 -158 1188
SINCE 7/1 1149 1318 -169 MM
COOLING TOTAL 117 80 37 117
SINCE 1/1 730 715 15 MM
FREEZE DATES
EARLIEST 10/23
LATEST 04/27
................................................................
WIND (MPH)
AVERAGE WIND SPEED 7.4
RESULTANT WIND SPEED/DIRECTION 2/220
HIGHEST WIND SPEED/DIRECTION 29/200 DATE 11/06
HIGHEST GUST SPEED/DIRECTION 41/190 DATE 11/06
SKY COVER
POSSIBLE SUNSHINE (PERCENT) MM
AVERAGE SKY COVER 0.48
NUMBER OF DAYS FAIR 35
NUMBER OF DAYS PC 28
NUMBER OF DAYS CLOUDY 28
AVERAGE RH (PERCENT) 72
WEATHER CONDITIONS. NUMBER OF DAYS WITH
THUNDERSTORM 4 MIXED PRECIP 0
HEAVY RAIN 9 RAIN 15
LIGHT RAIN 35 FREEZING RAIN 0
LT FREEZING RAIN 0 HAIL 0
HEAVY SNOW 2 SNOW 3
LIGHT SNOW 5 SLEET 0
FOG 38 FOG W/VIS <= 1/4 MILE 4
HAZE 9
- INDICATES NEGATIVE NUMBERS.
R INDICATES RECORD WAS SET OR TIED.
MM INDICATES DATA IS MISSING.
T INDICATES TRACE AMOUNT.
$$