000
CXUS56 KLOX 011255
CF6BUR
PRELIMINARY LOCAL CLIMATOLOGICAL DATA (WS FORM: F-6)
STATION: HOLLYWOOD/BURBANK AIRPORT CA
MONTH: FEBRUARY
YEAR: 2024
LATITUDE: 34 12 N
LONGITUDE: 118 22 W
TEMPERATURE IN F: :PCPN: SNOW: WIND :SUNSHINE: SKY :PK WND
================================================================================
1 2 3 4 5 6A 6B 7 8 9 10 11 12 13 14 15 16 17 18
12Z AVG MX 2MIN
DY MAX MIN AVG DEP HDD CDD WTR SNW DPTH SPD SPD DIR MIN PSBL S-S WX SPD DR
================================================================================
1 56 48 52 -4 13 0 1.28 M M 8.4 23 110 M M 9 1 32 110
2 62 45 54 -2 11 0 0.00 M M 3.9 16 260 M M 3 20 260
3 59 43 51 -5 14 0 0.06 M M 5.1 17 150 M M 5 23 140
4 57 48 53 -3 12 0 2.70 M M 14.9 29 110 M M 9 1 44 100
5 55 51 53 -3 12 0 2.59 M M 9.1 21 120 M M 10 1 36 120
6 53 46 50 -6 15 0 1.70 M M 4.0 13 140 M M 10 1 21 70
7 57 45 51 -5 14 0 0.39 M M 4.6 26 150 M M 7 18 40 130
8 57 38 48 -8 17 0 0.04 M M 3.5 10 160 M M 4 16 160
9 59 42 51 -5 14 0 0.00 M M 4.2 17 330 M M 4 25 330
10 64 45 55 -1 10 0 0.00 M M 7.6 21 10 M M 0 31 20
11 64 38 51 -5 14 0 0.00 M M 3.0 10 220 M M 0 17 210
12 67 39 53 -3 12 0 0.00 M M 2.4 10 200 M M 0 14 180
13 65 41 53 -3 12 0 0.00 M M 3.7 13 200 M M 0 19 240
14 63 47 55 -1 10 0 0.00 M M 3.4 10 180 M M 3 8 14 200
15 67 45 56 0 9 0 0.00 M M 3.3 12 160 M M 1 18 18 140
16 68 50 59 3 6 0 0.00 M M 3.6 10 170 M M 3 18 20 200
17 61 50 56 -1 9 0 T M M 3.3 9 180 M M 8 128 17 190
18 63 52 58 1 7 0 0.08 M M 3.9 12 240 M M 10 1 14 220
19 56 53 55 -2 10 0 1.06 M M 11.4 18 120 M M 10 1 28 120
20 58 53 56 -1 9 0 0.99 M M 9.0 17 110 M M 10 1 33 110
21 64 49 57 0 8 0 0.66 M M 4.2 13 180 M M 5 1 18 230
22 68 46 57 0 8 0 0.00 M M 3.0 12 170 M M 1 1 16 160
23 75 49 62 5 3 0 0.00 M M 2.6 10 180 M M 0 14 190
24 74 54 64 7 1 0 0.00 M M 3.7 14 180 M M 0 21 120
25 69 50 60 3 5 0 0.00 M M 1.8 14 180 M M 0 17 180
26 63 50 57 -1 8 0 0.09 M M 2.3 12 170 M M 5 1 14 170
27 64 51 58 0 7 0 T M M 3.2 13 180 M M 6 18 19 120
28 71 46 59 1 6 0 0.00 M M 3.6 10 110 M M 0 1 15 170
29 60 53 57 -1 8 0 T M M 7.0 13 190 M M 10 18 20 180
================================================================================
SM 1819 1367 284 0 11.64 M 143.7 M 133
================================================================================
AV 62.7 47.1 5.0 FASTST M M 5 MAX(MPH)
MISC ----> 29 110 44 100
================================================================================
NOTES:
# LAST OF SEVERAL OCCURRENCES
COLUMN 17 PEAK WIND IN M.P.H.
PRELIMINARY LOCAL CLIMATOLOGICAL DATA (WS FORM: F-6) , PAGE 2
STATION: HOLLYWOOD/BURBANK AIRPORT CA
MONTH: FEBRUARY
YEAR: 2024
LATITUDE: 34 12 N
LONGITUDE: 118 22 W
[TEMPERATURE DATA] [PRECIPITATION DATA] SYMBOLS USED IN COLUMN 16
AVERAGE MONTHLY: 54.9 TOTAL FOR MONTH: 11.64 1 = FOG OR MIST
DPTR FM NORMAL: -1.7 DPTR FM NORMAL: 7.69 2 = FOG REDUCING VISIBILITY
HIGHEST: 75 ON 23 GRTST 24HR 4.14 ON 4- 5 TO 1/4 MILE OR LESS
LOWEST: 38 ON 11, 8 3 = THUNDER
SNOW, ICE PELLETS, HAIL 4 = ICE PELLETS
TOTAL MONTH: M 5 = HAIL
GRTST 24HR M ON M 6 = FREEZING RAIN OR DRIZZLE
GRTST DEPTH: M ON M 7 = DUSTSTORM OR SANDSTORM:
VSBY 1/2 MILE OR LESS
8 = SMOKE OR HAZE
[NO. OF DAYS WITH] [WEATHER - DAYS WITH] 9 = BLOWING SNOW
X = TORNADO
MAX 32 OR BELOW: 0 0.01 INCH OR MORE: 12
MAX 90 OR ABOVE: 0 0.10 INCH OR MORE: 8
MIN 32 OR BELOW: 0 0.50 INCH OR MORE: 7
MIN 0 OR BELOW: 0 1.00 INCH OR MORE: 5
[HDD (BASE 65) ]
TOTAL THIS MO. 284 CLEAR (SCALE 0-3) 11
DPTR FM NORMAL 42 PTCLDY (SCALE 4-7) 10
TOTAL FM JUL 1 883 CLOUDY (SCALE 8-10) 8
DPTR FM NORMAL -154
[CDD (BASE 65) ]
TOTAL THIS MO. 0
DPTR FM NORMAL -6 [PRESSURE DATA]
TOTAL FM JAN 1 0 HIGHEST SLP 30.23 ON 22
DPTR FM NORMAL -11 LOWEST SLP 29.61 ON 6
[REMARKS]
#FINAL-02-24#