000
CXUS56 KLOX 011155
CF6BUR
PRELIMINARY LOCAL CLIMATOLOGICAL DATA (WS FORM: F-6)
STATION: HOLLYWOOD/BURBANK AIRPORT CA
MONTH: MAY
YEAR: 2021
LATITUDE: 34 12 N
LONGITUDE: 118 22 W
TEMPERATURE IN F: :PCPN: SNOW: WIND :SUNSHINE: SKY :PK WND
================================================================================
1 2 3 4 5 6A 6B 7 8 9 10 11 12 13 14 15 16 17 18
12Z AVG MX 2MIN
DY MAX MIN AVG DEP HDD CDD WTR SNW DPTH SPD SPD DIR MIN PSBL S-S WX SPD DR
================================================================================
1 77 59 68 4 0 3 0.00 M M 7.6 15 180 M M 1 19 190
2 71 58 65 0 0 0 0.00 M M 6.7 16 190 M M 4 21 160
3 77 55 66 1 0 1 0.00 M M 6.1 13 170 M M 1 M M
4 87 56 72 7 0 7 0.00 M M 4.8 10 110 M M 0 M M
5 86 58 72 7 0 7 0.00 M M 6.7 15 110 M M 0 27 80
6 76 56 66 1 0 1 0.00 M M 6.6 16 180 M M 4 18 19 170
7 72 57 65 0 0 0 0.00 M M 7.2 14 190 M M 5 18 190
8 73 57 65 0 0 0 0.00 M M 5.7 14 180 M M 4 18 170
9 72 57 65 -1 0 0 0.00 M M 6.4 16 150 M M 5 18 20 160
10 68 58 63 -3 2 0 0.00 M M 6.2 13 160 M M 8 8 17 130
11 77 57 67 1 0 2 0.00 M M 6.0 15 180 M M 5 18 18 180
12 77 58 68 2 0 3 0.00 M M 6.2 14 180 M M 5 8 M M
13 72 58 65 -1 0 0 0.00 M M 6.2 15 170 M M 5 8 M M
14 75 57 66 0 0 1 0.00 M M 6.8 13 180 M M 5 18 M M
15 70 58 64 -2 1 0 0.00 M M 7.0 12 180 M M 9 M M
16 62 55 59 -7 6 0 0.01 M M 6.5 9 110 M M 10 1 M M
17 69 58 64 -2 1 0 0.00 M M 6.0 10 170 M M 6 16 140
18 75 57 66 0 0 1 0.00 M M 6.0 13 180 M M 4 M M
19 74 56 65 -1 0 0 0.00 M M 6.6 14 160 M M 2 18 M M
20 71 56 64 -2 1 0 0.00 M M 7.0 14 190 M M 5 20 170
21 73 51 62 -4 3 0 0.00 M M 9.0 21 120 M M 1 31 260
22 68 52 60 -7 5 0 0.00 M M 6.6 13 140 M M 3 M M
23 73 51 62 -5 3 0 0.00 M M 5.5 16 150 M M 0 21 110
24 91 54 73 6 0 8 0.00 M M 4.9 16 220 M M 0 20 160
25 86 62 74 7 0 9 0.00 M M 7.1 13 150 M M 0 M M
26 78 60 69 2 0 4 0.00 M M 8.0 14 190 M M 1 20 140
27 75 59 67 0 0 2 0.00 M M 6.7 14 180 M M 3 19 190
28 77 57 67 0 0 2 0.00 M M 6.9 16 190 M M 3 8 21 180
29 72 57 65 -2 0 0 0.00 M M 7.0 15 200 M M 5 19 210
30 73 58 66 -1 0 1 0.00 M M 6.0 14 170 M M 5 17 190
31 78 60 69 2 0 4 0.00 M M 5.4 14 150 M M 5 8 M 90
================================================================================
SM 2325 1762 22 56 0.01 M 201.5 M 114
================================================================================
AV 75.0 56.8 6.5 FASTST M M 4 MAX(MPH)
MISC ----> 21 120 31 260
================================================================================
NOTES:
# LAST OF SEVERAL OCCURRENCES
COLUMN 17 PEAK WIND IN M.P.H.
PRELIMINARY LOCAL CLIMATOLOGICAL DATA (WS FORM: F-6) , PAGE 2
STATION: HOLLYWOOD/BURBANK AIRPORT CA
MONTH: MAY
YEAR: 2021
LATITUDE: 34 12 N
LONGITUDE: 118 22 W
[TEMPERATURE DATA] [PRECIPITATION DATA] SYMBOLS USED IN COLUMN 16
AVERAGE MONTHLY: 65.9 TOTAL FOR MONTH: 0.01 1 = FOG OR MIST
DPTR FM NORMAL: -0.2 DPTR FM NORMAL: -0.28 2 = FOG REDUCING VISIBILITY
HIGHEST: 91 ON 24 GRTST 24HR 0.01 ON 16-16 TO 1/4 MILE OR LESS
LOWEST: 51 ON 23,21 3 = THUNDER
SNOW, ICE PELLETS, HAIL 4 = ICE PELLETS
TOTAL MONTH: M 5 = HAIL
GRTST 24HR M ON M 6 = FREEZING RAIN OR DRIZZLE
GRTST DEPTH: M ON M 7 = DUSTSTORM OR SANDSTORM:
VSBY 1/2 MILE OR LESS
8 = SMOKE OR HAZE
[NO. OF DAYS WITH] [WEATHER - DAYS WITH] 9 = BLOWING SNOW
X = TORNADO
MAX 32 OR BELOW: 0 0.01 INCH OR MORE: 1
MAX 90 OR ABOVE: 1 0.10 INCH OR MORE: 0
MIN 32 OR BELOW: 0 0.50 INCH OR MORE: 0
MIN 0 OR BELOW: 0 1.00 INCH OR MORE: 0
[HDD (BASE 65) ]
TOTAL THIS MO. 22 CLEAR (SCALE 0-3) 13
DPTR FM NORMAL -30 PTCLDY (SCALE 4-7) 16
TOTAL FM JUL 1 1160 CLOUDY (SCALE 8-10) 2
DPTR FM NORMAL -233
[CDD (BASE 65) ]
TOTAL THIS MO. 56
DPTR FM NORMAL -29 [PRESSURE DATA]
TOTAL FM JAN 1 159 HIGHEST SLP 30.08 ON 23
DPTR FM NORMAL 3 LOWEST SLP 29.76 ON 2
[REMARKS]
#FINAL-05-21#