000
CXUS54 KTSA 010850
CF6BVO
PRELIMINARY LOCAL CLIMATOLOGICAL DATA (WS FORM: F-6)
STATION: BARTLESVILLE OKLAHOMA
MONTH: MAY
YEAR: 2022
LATITUDE: 36 45 N
LONGITUDE: 96 0 W
TEMPERATURE IN F: :PCPN: SNOW: WIND :SUNSHINE: SKY :PK WND
================================================================================
1 2 3 4 5 6A 6B 7 8 9 10 11 12 13 14 15 16 17 18
12Z AVG MX 2MIN
DY MAX MIN AVG DEP HDD CDD WTR SNW DPTH SPD SPD DIR MIN PSBL S-S WX SPD DR
================================================================================
1 76 41 59 -3 6 0 0.00 0.0 M 2.1 12 160 M M 0 1 16 150
2 67 52 60 -3 5 0 0.62 0.0 M 6.3 18 160 M M 9 13 26 270
3 63 48 56 -7 9 0 0.00 0.0 M 5.0 14 40 M M 9 24 290
4 59 50 55 -8 10 0 2.76 0.0 M 7.4 17 50 M M 10 123 24 40
5 67 53 60 -4 5 0 0.87 0.0 M 5.1 18 40 M M 10 13 30 100
6 72 49 61 -3 4 0 0.00 0.0 M 3.3 12 270 M M 6 1 23 260
7 80 47 64 0 1 0 0.00 0.0 M 7.4 18 140 M M 0 1 28 150
8 86 67 77 13 0 12 0.00 0.0 M 14.5 24 160 M M 6 8 33 160
9 90 75 83 18 0 18 0.00 0.0 M 14.3 25 170 M M 1 8 39 170
10 86 74 80 15 0 15 0.00 0.0 M 11.6 20 170 M M 5 18 31 200
11 90 66 78 13 0 13 0.00 0.0 M 8.8 18 160 M M 1 25 160
12 91 64 78 12 0 13 0.00 0.0 M 9.3 21 150 M M 0 1 29 160
13 82 64 73 7 0 8 0.39 0.0 M 2.1 15 60 M M 1 13 17 160
14 90 64 77 11 0 12 0.19 0.0 M 1.9 9 230 M M 1 138 14 160
15 80 60 70 3 0 5 0.09 0.0 M 5.9 26 20 M M 5 123 36 20
16 81 56 69 2 0 4 0.00 0.0 M 1.9 9 130 M M 0 13 50
17 84 55 70 3 0 5 0.40 0.0 M 8.9 20 170 M M 2 13 29 160
18 90 63 77 9 0 12 0.06 0.0 M 3.2 14 20 M M 1 38 32 350
19 88 65 77 9 0 12 0.11 0.0 M 6.8 16 170 M M 2 13 29 170
20 84 67 76 8 0 11 0.00 0.0 M 10.1 22 200 M M 5 33 170
21 67 50 59 -10 6 0 0.89 0.0 M 11.3 31 40 M M 8 13 47 40
22 68 45 57 -12 8 0 0.00 0.0 M 8.8 20 20 M M 0 28 360
23 60 45 53 -16 12 0 1.23 0.0 M 3.8 12 60 M M 8 13 17 70
24 66 57 62 -8 3 0 1.47 0.0 M 6.8 15 160 M M 10 13 23 160
25 62 54 58 -12 7 0 0.42 0.0 M 4.8 15 230 M M 10 1 22 220
26 64 47 56 -14 9 0 0.14 0.0 M 4.4 10 290 M M 8 1 22 290
27 84 46 65 -6 0 0 0.00 0.0 M 2.0 9 180 M M 0 1 14 210
28 87 55 71 0 0 6 0.05 0.0 M 10.0 23 170 M M 1 13 37 150
29 88 71 80 9 0 15 T 0.0 M 14.2 26 160 M M 0 37 160
30 85 73 79 7 0 14 0.00 0.0 M 12.9 28 170 M M 3 40 190
31 84 76 80 8 0 15 T 0.0 M 9.9 20 200 M M 5 34 200
================================================================================
SM 2421 1799 85 190 9.69 0.0 224.8 M 127
================================================================================
AV 78.1 58.0 7.3 FASTST M M 4 MAX(MPH)
MISC ----> 31 40 47 40
================================================================================
NOTES:
# LAST OF SEVERAL OCCURRENCES
COLUMN 17 PEAK WIND IN M.P.H.
PRELIMINARY LOCAL CLIMATOLOGICAL DATA (WS FORM: F-6) , PAGE 2
STATION: BARTLESVILLE OKLAHOMA
MONTH: MAY
YEAR: 2022
LATITUDE: 36 45 N
LONGITUDE: 96 0 W
[TEMPERATURE DATA] [PRECIPITATION DATA] SYMBOLS USED IN COLUMN 16
AVERAGE MONTHLY: 68.1 TOTAL FOR MONTH: 9.69 1 = FOG OR MIST
DPTR FM NORMAL: 1.0 DPTR FM NORMAL: 4.01 2 = FOG REDUCING VISIBILITY
HIGHEST: 91 ON 12 GRTST 24HR 3.41 ON 4- 5 TO 1/4 MILE OR LESS
LOWEST: 41 ON 1 3 = THUNDER
SNOW, ICE PELLETS, HAIL 4 = ICE PELLETS
TOTAL MONTH: 0.0 INCH 5 = HAIL
GRTST 24HR 0.0 6 = FREEZING RAIN OR DRIZZLE
GRTST DEPTH: M ON M 7 = DUSTSTORM OR SANDSTORM:
VSBY 1/2 MILE OR LESS
8 = SMOKE OR HAZE
[NO. OF DAYS WITH] [WEATHER - DAYS WITH] 9 = BLOWING SNOW
X = TORNADO
MAX 32 OR BELOW: 0 0.01 INCH OR MORE: 15
MAX 90 OR ABOVE: 5 0.10 INCH OR MORE: 12
MIN 32 OR BELOW: 0 0.50 INCH OR MORE: 6
MIN 0 OR BELOW: 0 1.00 INCH OR MORE: 3
[HDD (BASE 65) ]
TOTAL THIS MO. 85 CLEAR (SCALE 0-3) 16
DPTR FM NORMAL 17 PTCLDY (SCALE 4-7) 9
TOTAL FM JUL 1 3772 CLOUDY (SCALE 8-10) 6
DPTR FM NORMAL -360
[CDD (BASE 65) ]
TOTAL THIS MO. 190
DPTR FM NORMAL 58 [PRESSURE DATA]
TOTAL FM JAN 1 234 HIGHEST SLP 30.39 ON 22
DPTR FM NORMAL 62 LOWEST SLP 29.32 ON 20
[REMARKS]
#FINAL-05-22#