000
CXUS54 KTSA 010950
CF6BVO
PRELIMINARY LOCAL CLIMATOLOGICAL DATA (WS FORM: F-6)
STATION: BARTLESVILLE OKLAHOMA
MONTH: NOVEMBER
YEAR: 2020
LATITUDE: 36 45 N
LONGITUDE: 96 0 W
TEMPERATURE IN F: :PCPN: SNOW: WIND :SUNSHINE: SKY :PK WND
================================================================================
1 2 3 4 5 6A 6B 7 8 9 10 11 12 13 14 15 16 17 18
12Z AVG MX 2MIN
DY MAX MIN AVG DEP HDD CDD WTR SNW DPTH SPD SPD DIR MIN PSBL S-S WX SPD DR
================================================================================
1 59 30 45 -9 20 0 0.00 0.0 M 4.4 17 20 M M 0 8 24 10
2 70 28 49 -5 16 0 0.00 0.0 M 4.3 18 210 M M 0 128 26 220
3 79 33 56 2 9 0 0.00 0.0 M 6.2 18 210 M M 0 27 220
4 76 37 57 4 8 0 0.00 0.0 M 7.1 21 170 M M 0 30 180
5 75 40 58 5 7 0 0.00 0.0 M 3.0 10 150 M M 0 18 15 130
6 76 44 60 8 5 0 0.00 0.0 M 5.2 17 170 M M 4 12 24 170
7 75 42 59 7 6 0 0.00 0.0 M 6.7 21 170 M M 1 12 26 150
8 76 50 63 11 2 0 0.00 0.0 M 10.7 26 160 M M 7 1 36 190
9 79 63 71 20 0 6 0.00 0.0 M 12.8 23 160 M M 7 34 160
10 71 30 51 0 14 0 0.26 0.0 M 7.6 20 210 M M 5 1 33 280
11 58 26 42 -8 23 0 0.00 0.0 M 2.7 10 80 M M 0 16 70
12 71 29 50 0 15 0 0.00 0.0 M 6.0 18 200 M M 0 34 350
13 53 27 40 -9 25 0 0.00 0.0 M 4.6 13 10 M M 2 19 350
14 76 50 63 14 2 0 0.38 0.0 M 10.2 28 200 M M 6 13 46 200
15 62 32 47 -1 18 0 0.00 0.0 M 5.1 15 290 M M 0 25 290
16 71 28 50 2 15 0 0.00 0.0 M 3.6 17 230 M M 0 28 220
17 69 30 50 3 15 0 0.00 0.0 M 5.7 17 160 M M 0 12 23 160
18 71 42 57 10 8 0 0.00 0.0 M 12.5 24 190 M M 0 38 210
19 76 53 65 19 0 0 0.00 0.0 M 13.8 23 200 M M 0 40 160
20 72 54 63 17 2 0 0.00 0.0 M 7.9 17 30 M M 5 20 30
21 56 44 50 5 15 0 1.33 0.0 M 7.9 15 10 M M 10 13 21 20
22 53 32 43 -2 22 0 0.00 0.0 M 3.3 13 10 M M 7 17 360
23 56 29 43 -1 22 0 0.00 0.0 M 8.1 21 150 M M 7 12 27 160
24 53 47 50 6 15 0 0.55 0.0 M 12.4 23 170 M M 9 13 37 250
25 52 29 41 -3 24 0 0.01 M M 5.2 18 260 M M 6 1 30 280
26 63 27 45 2 20 0 0.00 0.0 M 4.1 18 160 M M 2 12 26 160
27 57 28 43 1 22 0 0.00 0.0 M 5.8 20 360 M M 0 26 10
28 53 24 39 -3 26 0 0.00 0.0 M 1.0 12 170 M M 1 14 170
29 53 33 43 1 22 0 0.03 M M 6.2 21 350 M M 6 8 36 360
30 49 19 34 -7 31 0 0.00 0.0 M 3.2 12 280 M M 0 20 280
================================================================================
SM 1960 1080 429 6 2.56 0.0 197.3 M 85
================================================================================
AV 65.3 36.0 6.6 FASTST M M 3 MAX(MPH)
MISC ----> 28 200 46 200
================================================================================
NOTES:
# LAST OF SEVERAL OCCURRENCES
COLUMN 17 PEAK WIND IN M.P.H.
PRELIMINARY LOCAL CLIMATOLOGICAL DATA (WS FORM: F-6) , PAGE 2
STATION: BARTLESVILLE OKLAHOMA
MONTH: NOVEMBER
YEAR: 2020
LATITUDE: 36 45 N
LONGITUDE: 96 0 W
[TEMPERATURE DATA] [PRECIPITATION DATA] SYMBOLS USED IN COLUMN 16
AVERAGE MONTHLY: 50.7 TOTAL FOR MONTH: 2.56 1 = FOG OR MIST
DPTR FM NORMAL: 2.7 DPTR FM NORMAL: -0.12 2 = FOG REDUCING VISIBILITY
HIGHEST: 79 ON 9, 3 GRTST 24HR 1.33 ON 21-21 TO 1/4 MILE OR LESS
LOWEST: 19 ON 30 3 = THUNDER
SNOW, ICE PELLETS, HAIL 4 = ICE PELLETS
TOTAL MONTH: 0.0 INCH 5 = HAIL
GRTST 24HR 0.0 6 = FREEZING RAIN OR DRIZZLE
GRTST DEPTH: M ON M 7 = DUSTSTORM OR SANDSTORM:
VSBY 1/2 MILE OR LESS
8 = SMOKE OR HAZE
[NO. OF DAYS WITH] [WEATHER - DAYS WITH] 9 = BLOWING SNOW
X = TORNADO
MAX 32 OR BELOW: 0 0.01 INCH OR MORE: 6
MAX 90 OR ABOVE: 0 0.10 INCH OR MORE: 4
MIN 32 OR BELOW: 16 0.50 INCH OR MORE: 2
MIN 0 OR BELOW: 0 1.00 INCH OR MORE: 1
[HDD (BASE 65) ]
TOTAL THIS MO. 429 CLEAR (SCALE 0-3) 18
DPTR FM NORMAL -85 PTCLDY (SCALE 4-7) 10
TOTAL FM JUL 1 776 CLOUDY (SCALE 8-10) 2
DPTR FM NORMAL 15
[CDD (BASE 65) ]
TOTAL THIS MO. 6
DPTR FM NORMAL 2 [PRESSURE DATA]
TOTAL FM JAN 1 1602 HIGHEST SLP 30.59 ON 1
DPTR FM NORMAL -155 LOWEST SLP 29.49 ON 14
[REMARKS]
#FINAL-11-20#