000
CXUS55 KRIW 011859
CF6BYG
PRELIMINARY LOCAL CLIMATOLOGICAL DATA (WS FORM: F-6)
STATION: BUFFALO WY
MONTH: MARCH
YEAR: 2024
LATITUDE: 44 22 N
LONGITUDE: 106 43 W
TEMPERATURE IN F: :PCPN: SNOW: WIND :SUNSHINE: SKY :PK WND
================================================================================
1 2 3 4 5 6A 6B 7 8 9 10 11 12 13 14 15 16 17 18
12Z AVG MX 2MIN
DY MAX MIN AVG DEP HDD CDD WTR SNW DPTH SPD SPD DIR MIN PSBL S-S WX SPD DR
================================================================================
1 51 30 41 10 24 0 T M M 9.3 31 260 M M 4 1 41 230
2 55 27 41 10 24 0 T M M 9.4 32 200 M M 6 12 46 220
3 36 19 28 -3 37 0 0.00 M M 8.8 33 290 M M 2 50 300
4 39 17 28 -4 37 0 T M M 6.1 16 350 M M 2 8 24 320
5 46 20 33 1 32 0 0.00 M M 9.6 28 240 M M 0 36 260
6 34 20 27 -5 38 0 T M M 8.2 20 330 M M 7 1 28 330
7 38 18 28 -5 37 0 0.00 M M 5.8 16 350 M M 6 21 360
8 41 18 30 -3 35 0 0.00 M M 5.2 9 250 M M 0 14 150
9 57 27 42 8 23 0 0.00 M M 7.9 18 140 M M 0 23 150
10 63 33 48 14 17 0 0.00 M M 8.4 15 270 M M 0 25 160
11 56 37 47 13 18 0 0.00 M M 7.9 18 140 M M 1 29 140
12 53 31 42 7 23 0 0.00 M M 6.5 16 320 M M 4 21 310
13 39 33 36 1 29 0 0.04 M M 15.3 25 330 M M 7 1 38 340
14 36 24 30 -6 35 0 T M M 12.6 24 340 M M 9 12 35 320
15 52 20 36 0 29 0 0.00 M M 7.7 20 330 M M 0 26 330
16 48 32 40 4 25 0 0.00 M M 12.4 25 360 M M 6 32 10
17 46 28 37 1 28 0 0.00 M M 9.2 26 350 M M 6 35 360
18 64 25 45 8 20 0 0.00 M M 11.3 30 350 M M 0 40 360
19 63 32 48 11 17 0 0.00 M M 10.2 24 350 M M 0 32 360
20 60 30 45 8 20 0 0.00 M M 7.9 18 350 M M 4 24 350
21 40 25 33 -5 32 0 T M M 9.9 25 320 M M 5 1 37 310
22 31 24 28 -10 37 0 T M M 7.6 17 150 M M 10 1 24 350
23 43 24 34 -4 31 0 T M M 8.3 20 140 M M 8 1 24 150
24 28 14 21 -17 44 0 0.01 M M 21.7 35 350 M M 10 12 50 360
25 26 12 19 -20 46 0 T M M 6.0 18 350 M M 10 18 23 350
26 32 10 21 -18 44 0 0.01 M M 3.6 12 10 M M 5 18 15 10
27 49 23 36 -3 29 0 0.00 M M 5.5 13 290 M M 5 15 290
28 57 31 44 5 21 0 0.00 M M 8.3 26 340 M M 2 39 320
29 45 27 36 -4 29 0 0.04 M M 4.1 25 330 M M 7 1 34 340
30 33 27 30 -10 35 0 0.01 M M 5.4 14 360 M M 9 12 17 360
31 32 27 30 -10 35 0 0.20 M M 9.4 20 350 M M 10 12 23 360
================================================================================
SM 1393 765 931 0 0.31 M 269.5 M 145
================================================================================
AV 44.9 24.7 8.7 FASTST M M 5 MAX(MPH)
MISC ----> 35 350 # 50 300
================================================================================
NOTES:
# LAST OF SEVERAL OCCURRENCES
COLUMN 17 PEAK WIND IN M.P.H.
PRELIMINARY LOCAL CLIMATOLOGICAL DATA (WS FORM: F-6) , PAGE 2
STATION: BUFFALO WY
MONTH: MARCH
YEAR: 2024
LATITUDE: 44 22 N
LONGITUDE: 106 43 W
[TEMPERATURE DATA] [PRECIPITATION DATA] SYMBOLS USED IN COLUMN 16
AVERAGE MONTHLY: 34.8 TOTAL FOR MONTH: 0.31 1 = FOG OR MIST
DPTR FM NORMAL: -1.1 DPTR FM NORMAL: -0.42 2 = FOG REDUCING VISIBILITY
HIGHEST: 64 ON 18 GRTST 24HR 0.20 ON 31-31 TO 1/4 MILE OR LESS
LOWEST: 10 ON 26 3 = THUNDER
SNOW, ICE PELLETS, HAIL 4 = ICE PELLETS
TOTAL MONTH: M 5 = HAIL
GRTST 24HR M ON M 6 = FREEZING RAIN OR DRIZZLE
GRTST DEPTH: M ON M 7 = DUSTSTORM OR SANDSTORM:
VSBY 1/2 MILE OR LESS
8 = SMOKE OR HAZE
[NO. OF DAYS WITH] [WEATHER - DAYS WITH] 9 = BLOWING SNOW
X = TORNADO
MAX 32 OR BELOW: 5 0.01 INCH OR MORE: 6
MAX 90 OR ABOVE: 0 0.10 INCH OR MORE: 1
MIN 32 OR BELOW: 28 0.50 INCH OR MORE: 0
MIN 0 OR BELOW: 0 1.00 INCH OR MORE: 0
[HDD (BASE 65) ]
TOTAL THIS MO. 931 CLEAR (SCALE 0-3) 11
DPTR FM NORMAL 27 PTCLDY (SCALE 4-7) 14
TOTAL FM JUL 1 5524 CLOUDY (SCALE 8-10) 6
DPTR FM NORMAL -535
[CDD (BASE 65) ]
TOTAL THIS MO. 0
DPTR FM NORMAL 0 [PRESSURE DATA]
TOTAL FM JAN 1 0 HIGHEST SLP 30.44 ON 14
DPTR FM NORMAL 0 LOWEST SLP 29.24 ON 2
[REMARKS]
#FINAL-03-24#