000
CXUS52 KCAE 011400
CF6CAE
PRELIMINARY LOCAL CLIMATOLOGICAL DATA (WS FORM: F-6)
STATION: COLUMBIA METRO AIRPORT SC
MONTH: JUNE
YEAR: 2021
LATITUDE: 33 57 N
LONGITUDE: 81 7 W
TEMPERATURE IN F: :PCPN: SNOW: WIND :SUNSHINE: SKY :PK WND
================================================================================
1 2 3 4 5 6A 6B 7 8 9 10 11 12 13 14 15 16 17 18
12Z AVG MX 2MIN
DY MAX MIN AVG DEP HDD CDD WTR SNW DPTH SPD SPD DIR MIN PSBL S-S WX SPD DR
================================================================================
1 83 53 68 -8 0 3 T 0.0 0 4.1 14 130 M M 4 17 130
2 85 62 74 -2 0 9 0.01 0.0 0 3.4 17 150 M M 8 1 20 150
3 85 71 78 1 0 13 0.17 0.0 0 6.6 14 220 M M 8 13 19 230
4 91 69 80 3 0 15 0.00 0.0 0 4.5 13 110 M M 6 1 16 350
5 88 72 80 3 0 15 0.01 0.0 0 3.8 17 110 M M 7 1 21 110
6 90 72 81 4 0 16 0.63 0.0 0 5.0 20 320 M M 9 138 26 320
7 91 72 82 4 0 17 0.57 0.0 0 5.6 25 190 M M 8 13 32 180
8 81 72 77 -1 0 12 0.28 0.0 0 3.4 17 170 M M 7 1 22 160
9 90 69 80 2 0 15 0.06 0.0 0 5.8 18 320 M M 6 13 23 310
10 91 72 82 4 0 17 0.03 0.0 0 5.0 18 330 M M 7 3 25 340
11 91 72 82 4 0 17 0.00 0.0 0 9.7 21 260 M M 5 3 24 250
12 93 72 83 4 0 18 0.08 0.0 0 5.3 23 330 M M 7 13 35 330
13 85 71 78 -1 0 13 0.05 0.0 0 5.8 13 20 M M 8 1 16 10
14 93 68 81 2 0 16 0.00 0.0 0 4.4 12 240 M M 4 3 18 100
15 93 71 82 3 0 17 0.00 0.0 0 4.7 14 320 M M 3 18 290
16 87 67 77 -2 0 12 0.00 0.0 0 5.3 13 70 M M 4 16 330
17 88 64 76 -4 0 11 0.00 0.0 0 5.0 14 310 M M 1 19 310
18 92 60 76 -4 0 11 0.00 0.0 0 4.6 15 210 M M 3 19 210
19 88 71 80 0 0 15 0.06 0.0 0 7.1 26 230 M M 8 1 37 210
20 86 71 79 -1 0 14 1.40 0.0 0 8.5 26 210 M M 9 18 36 210
21 91 73 82 2 0 17 T 0.0 0 11.8 21 230 M M 4 26 190
22 83 72 78 -2 0 13 0.36 0.0 0 9.2 17 240 M M 8 1 24 240
23 86 69 78 -3 0 13 0.00 0.0 0 8.5 17 90 M M 6 21 90
24 84 67 76 -5 0 11 0.00 0.0 0 7.4 15 120 M M 3 21 80
25 85 59 72 -9 0 7 0.00 0.0 0 3.7 12 10 M M 4 16 40
26 90 73 82 1 0 17 T 0.0 0 6.8 17 140 M M 7 23 140
27 90 73 82 1 0 17 0.00 0.0 0 6.1 15 100 M M 5 1 18 110
28 90 71 81 0 0 16 T 0.0 0 9.9 20 70 M M 6 29 70
29 91 75 83 2 0 18 T 0.0 0 9.2 16 110 M M 7 22 150
30 92 72 82 0 0 17 T 0.0 0 3.8 14 160 M M 6 12 19 170
================================================================================
SM 2653 2075 0 422 3.71 0.0 184.0 M 178
================================================================================
AV 88.4 69.2 6.1 FASTST M M 6 MAX(MPH)
MISC ----> # 26 230 37 210
================================================================================
NOTES:
# LAST OF SEVERAL OCCURRENCES
COLUMN 17 PEAK WIND IN M.P.H.
PRELIMINARY LOCAL CLIMATOLOGICAL DATA (WS FORM: F-6) , PAGE 2
STATION: COLUMBIA METRO AIRPORT SC
MONTH: JUNE
YEAR: 2021
LATITUDE: 33 57 N
LONGITUDE: 81 7 W
[TEMPERATURE DATA] [PRECIPITATION DATA] SYMBOLS USED IN COLUMN 16
AVERAGE MONTHLY: 78.8 TOTAL FOR MONTH: 3.71 1 = FOG OR MIST
DPTR FM NORMAL: -0.3 DPTR FM NORMAL: -1.26 2 = FOG REDUCING VISIBILITY
HIGHEST: 93 ON 15,14 GRTST 24HR 1.46 ON 19-20 TO 1/4 MILE OR LESS
LOWEST: 53 ON 1 3 = THUNDER
SNOW, ICE PELLETS, HAIL 4 = ICE PELLETS
TOTAL MONTH: 0.0 INCH 5 = HAIL
GRTST 24HR 0.0 6 = FREEZING RAIN OR DRIZZLE
GRTST DEPTH: 0 7 = DUSTSTORM OR SANDSTORM:
VSBY 1/2 MILE OR LESS
8 = SMOKE OR HAZE
[NO. OF DAYS WITH] [WEATHER - DAYS WITH] 9 = BLOWING SNOW
X = TORNADO
MAX 32 OR BELOW: 0 0.01 INCH OR MORE: 13
MAX 90 OR ABOVE: 16 0.10 INCH OR MORE: 6
MIN 32 OR BELOW: 0 0.50 INCH OR MORE: 3
MIN 0 OR BELOW: 0 1.00 INCH OR MORE: 1
[HDD (BASE 65) ]
TOTAL THIS MO. 0 CLEAR (SCALE 0-3) 3
DPTR FM NORMAL -1 PTCLDY (SCALE 4-7) 24
TOTAL FM JUL 1 2260 CLOUDY (SCALE 8-10) 3
DPTR FM NORMAL -213
[CDD (BASE 65) ]
TOTAL THIS MO. 422
DPTR FM NORMAL -3 [PRESSURE DATA]
TOTAL FM JAN 1 725 HIGHEST SLP 30.29 ON 1
DPTR FM NORMAL -48 LOWEST SLP 29.69 ON 12
[REMARKS]
#FINAL-06-21#