000
CXUS55 KGJT 011812
CF6CAG
PRELIMINARY LOCAL CLIMATOLOGICAL DATA (WS FORM: F-6)
STATION: CRAIG CO
MONTH: MARCH
YEAR: 2022
LATITUDE: 40 30 N
LONGITUDE: 107 32 W
TEMPERATURE IN F: :PCPN: SNOW: WIND :SUNSHINE: SKY :PK WND
================================================================================
1 2 3 4 5 6A 6B 7 8 9 10 11 12 13 14 15 16 17 18
12Z AVG MX 2MIN
DY MAX MIN AVG DEP HDD CDD WTR SNW DPTH SPD SPD DIR MIN PSBL S-S WX SPD DR
================================================================================
1 40 -1 20 -7 45 0 0.00 M M 0.8 6 210 M M 0 7 230
2 43 9 26 -2 39 0 0.00 M M 0.4 7 240 M M 0 1 9 230
3 47 12 30 2 35 0 0.00 M M 1.9 9 210 M M 0 18 11 220
4 50 20 35 6 30 0 0.14 M M 6.2 24 210 M M 5 1 34 210
5 36 19 28 -1 37 0 0.30 M M 4.4 17 240 M M 8 12 23 250
6 28 11 20 -10 45 0 0.01 M M 6.9 16 230 M M 9 12 20 240
7 20 -3 9 -21 56 0 T M M 3.4 12 250 M M 6 18 15 250
8 28 -6 11 -20 54 0 0.01 M M 5.9 23 210 M M 8 18 31 210
9 29 8 19 -12 46 0 0.14 M M 6.6 26 340 M M 10 128 34 340
10 14 -15 0 -32 65 0 0.01 M M 1.7 8 330 M M 5 18 10 330
11 24 -23 1 -31 64 0 0.00 M M 2.5 10 60 M M 2 13 80
12 38 7 23 -10 42 0 0.00 M M 2.1 8 70 M M 3 11 80
13 43 5 24 -9 41 0 0.01 M M 4.4 24 280 M M 4 1 31 280
14 38 15 27 -7 38 0 0.00 M M 4.1 9 260 M M 2 12 250
15 48 11 30 -4 35 0 0.00 M M 4.0 13 60 M M 1 15 60
16 39 32 36 2 29 0 0.23 M M 4.3 17 280 M M 9 1 20 280
17 37 18 28 -7 37 0 0.00 M M 6.9 17 330 M M 6 25 340
18 44 10 27 -8 38 0 0.00 M M 1.1 10 70 M M 2 14 70
19 47 13 30 -6 35 0 0.00 M M 2.8 13 80 M M 0 21 10
20 50 25 38 2 27 0 0.02 M M 8.1 29 240 M M 5 1 37 240
21 37 21 29 -7 36 0 T M M 8.1 20 340 M M 6 1 28 330
22 36 16 26 -11 39 0 T M M 6.4 24 360 M M 6 1 30 360
23 45 9 27 -10 38 0 0.00 M M 2.4 10 270 M M 0 12 290
24 54 16 35 -2 30 0 0.00 M M 2.4 7 20 M M 0 10 90
25 59 22 41 3 24 0 0.00 M M 3.2 13 260 M M 0 8 15 260
26 64 33 49 11 16 0 0.00 M M 4.2 15 280 M M 2 19 280
27 69 26 48 10 17 0 0.00 M M 4.8 17 230 M M 0 25 240
28 67 30 49 10 16 0 0.00 M M 7.1 25 240 M M 3 34 230
29 48 35 42 3 23 0 0.26 M M 5.8 17 330 M M 10 1 22 300
30 46 29 38 -1 27 0 T M M 7.3 17 330 M M 7 25 350
31 56 23 40 0 25 0 0.09 M M 7.4 26 240 M M 4 1 37 240
================================================================================
SM 1324 427 1129 0 1.22 M 137.6 M 123
================================================================================
AV 42.7 13.8 4.4 FASTST M M 4 MAX(MPH)
MISC ----> 29 240 # 37 240
================================================================================
NOTES:
# LAST OF SEVERAL OCCURRENCES
COLUMN 17 PEAK WIND IN M.P.H.
PRELIMINARY LOCAL CLIMATOLOGICAL DATA (WS FORM: F-6) , PAGE 2
STATION: CRAIG CO
MONTH: MARCH
YEAR: 2022
LATITUDE: 40 30 N
LONGITUDE: 107 32 W
[TEMPERATURE DATA] [PRECIPITATION DATA] SYMBOLS USED IN COLUMN 16
AVERAGE MONTHLY: 28.2 TOTAL FOR MONTH: 1.22 1 = FOG OR MIST
DPTR FM NORMAL: -5.8 DPTR FM NORMAL: 0.23 2 = FOG REDUCING VISIBILITY
HIGHEST: 69 ON 27 GRTST 24HR 0.44 ON 4- 5 TO 1/4 MILE OR LESS
LOWEST: -23 ON 11 3 = THUNDER
SNOW, ICE PELLETS, HAIL 4 = ICE PELLETS
TOTAL MONTH: M 5 = HAIL
GRTST 24HR M ON M 6 = FREEZING RAIN OR DRIZZLE
GRTST DEPTH: M ON M 7 = DUSTSTORM OR SANDSTORM:
VSBY 1/2 MILE OR LESS
8 = SMOKE OR HAZE
[NO. OF DAYS WITH] [WEATHER - DAYS WITH] 9 = BLOWING SNOW
X = TORNADO
MAX 32 OR BELOW: 6 0.01 INCH OR MORE: 11
MAX 90 OR ABOVE: 0 0.10 INCH OR MORE: 5
MIN 32 OR BELOW: 29 0.50 INCH OR MORE: 0
MIN 0 OR BELOW: 5 1.00 INCH OR MORE: 0
[HDD (BASE 65) ]
TOTAL THIS MO. 1129 CLEAR (SCALE 0-3) 14
DPTR FM NORMAL 168 PTCLDY (SCALE 4-7) 12
TOTAL FM JUL 1 7055 CLOUDY (SCALE 8-10) 5
DPTR FM NORMAL 35
[CDD (BASE 65) ]
TOTAL THIS MO. 0
DPTR FM NORMAL 0 [PRESSURE DATA]
TOTAL FM JAN 1 0 HIGHEST SLP 30.75 ON 11
DPTR FM NORMAL 0 LOWEST SLP 29.54 ON 29
[REMARKS]
#FINAL-03-22#