683
CXUS55 KGJT 011010
CF6CAG
PRELIMINARY LOCAL CLIMATOLOGICAL DATA (WS FORM: F-6)
STATION: CRAIG CO
MONTH: DECEMBER
YEAR: 2020
LATITUDE: 40 30 N
LONGITUDE: 107 32 W
TEMPERATURE IN F: :PCPN: SNOW: WIND :SUNSHINE: SKY :PK WND
================================================================================
1 2 3 4 5 6A 6B 7 8 9 10 11 12 13 14 15 16 17 18
12Z AVG MX 2MIN
DY MAX MIN AVG DEP HDD CDD WTR SNW DPTH SPD SPD DIR MIN PSBL S-S WX SPD DR
================================================================================
1 34 13 24 1 41 0 T M M 6.8 17 350 M M 9 1 25 330
2 31 3 17 -5 48 0 T M M 3.2 10 80 M M 4 1 14 120
3 33 -5 14 -8 51 0 0.00 M M 0.5 5 160 M M 0 7 290
4 42 0 21 0 44 0 0.00 M M 1.3 6 210 M M 0 9 290
5 43 1 22 1 43 0 0.00 M M 1.2 7 200 M M 0 10 210
6 49 1 25 5 40 0 0.00 M M 1.2 9 210 M M 0 11 200
7 44 0 22 2 43 0 0.00 M M 1.7 10 210 M M 0 13 260
8 49 -1 24 4 41 0 0.00 M M 0.8 7 210 M M 0 9 310
9 54 -3 26 7 39 0 0.00 M M 1.0 7 80 M M 0 8 70
10 39 7 23 4 42 0 0.00 M M 1.8 9 210 M M 2 10 220
11 33 15 24 6 41 0 0.03 M M 2.9 14 310 M M 10 1 21 270
12 26 3 15 -3 50 0 0.02 M M 10.0 25 330 M M 9 1 37 330
13 26 -9 9 -9 56 0 T M M 4.8 14 70 M M 3 1 19 80
14 26 16 21 3 44 0 0.17 M M 4.2 13 80 M M 10 18 17 70
15 25 3 14 -3 51 0 T M M 3.6 15 250 M M 7 18 17 260
16 29 1 15 -2 50 0 0.01 M M 1.6 10 70 M M 9 1 15 70
17 32 -7 13 -4 52 0 T M M 2.6 15 60 M M 6 21 70
18 31 15 23 7 42 0 0.13 M M 4.6 14 240 M M 10 1 19 240
19 32 1 17 1 48 0 0.00 M M 1.4 12 250 M M 5 18 220
20 35 -1 17 1 48 0 0.00 M M 3.2 14 70 M M 7 1 19 70
21 44 14 29 13 36 0 0.00 M M 1.5 9 70 M M 6 12 70
22 48 9 29 13 36 0 0.03 M M 8.1 36 270 M M 5 18 49 300
23 21 -6 8 -7 57 0 T M M 7.1 20 250 M M 7 1 27 270
24 28 -9 10 -5 55 0 0.00 M M 4.7 13 70 M M 0 18 70
25 32 -4 14 -1 51 0 0.00 M M 2.3 8 210 M M 0 10 230
26 38 -1 19 4 46 0 T M M 3.5 18 230 M M 3 1 23 230
27 36 4 20 5 45 0 0.00 M M 2.4 15 230 M M 6 19 230
28 23 0 12 -3 53 0 0.21 M M 3.5 13 260 M M 7 1 17 260
29 24 -15 5 -10 60 0 0.13 M M 6.1 16 230 M M 5 18 19 240
30 14 -22 -4 -19 69 0 0.00 M M 2.0 8 210 M M 5 128 11 210
31 27 10 19 4 46 0 0.00 M M 1.4 13 60 M M 9 17 60
================================================================================
SM 1048 33 1468 0 0.73 M 101.0 M 144
================================================================================
AV 33.8 1.1 3.3 FASTST M M 5 MAX(MPH)
MISC ----> 36 270 49 300
================================================================================
NOTES:
# LAST OF SEVERAL OCCURRENCES
COLUMN 17 PEAK WIND IN M.P.H.
PRELIMINARY LOCAL CLIMATOLOGICAL DATA (WS FORM: F-6) , PAGE 2
STATION: CRAIG CO
MONTH: DECEMBER
YEAR: 2020
LATITUDE: 40 30 N
LONGITUDE: 107 32 W
[TEMPERATURE DATA] [PRECIPITATION DATA] SYMBOLS USED IN COLUMN 16
AVERAGE MONTHLY: 17.4 TOTAL FOR MONTH: 0.73 1 = FOG OR MIST
DPTR FM NORMAL: -0.2 DPTR FM NORMAL: -0.27 2 = FOG REDUCING VISIBILITY
HIGHEST: 54 ON 9 GRTST 24HR 0.34 ON 28-29 TO 1/4 MILE OR LESS
LOWEST: -22 ON 30 3 = THUNDER
SNOW, ICE PELLETS, HAIL 4 = ICE PELLETS
TOTAL MONTH: M 5 = HAIL
GRTST 24HR M ON M 6 = FREEZING RAIN OR DRIZZLE
GRTST DEPTH: M ON M 7 = DUSTSTORM OR SANDSTORM:
VSBY 1/2 MILE OR LESS
8 = SMOKE OR HAZE
[NO. OF DAYS WITH] [WEATHER - DAYS WITH] 9 = BLOWING SNOW
X = TORNADO
MAX 32 OR BELOW: 16 0.01 INCH OR MORE: 8
MAX 90 OR ABOVE: 0 0.10 INCH OR MORE: 4
MIN 32 OR BELOW: 31 0.50 INCH OR MORE: 0
MIN 0 OR BELOW: 15 1.00 INCH OR MORE: 0
[HDD (BASE 65) ]
TOTAL THIS MO. 1468 CLEAR (SCALE 0-3) 12
DPTR FM NORMAL -3 PTCLDY (SCALE 4-7) 12
TOTAL FM JUL 1 3423 CLOUDY (SCALE 8-10) 7
DPTR FM NORMAL -132
[CDD (BASE 65) ]
TOTAL THIS MO. 0
DPTR FM NORMAL 0 [PRESSURE DATA]
TOTAL FM JAN 1 268 HIGHEST SLP 30.91 ON 24
DPTR FM NORMAL 126 LOWEST SLP 29.67 ON 22
[REMARKS]
#FINAL-12-20#