000
CXUS55 KGJT 010910
CF6CAG
PRELIMINARY LOCAL CLIMATOLOGICAL DATA (WS FORM: F-6)
STATION: CRAIG CO
MONTH: OCTOBER
YEAR: 2023
LATITUDE: 40 30 N
LONGITUDE: 107 32 W
TEMPERATURE IN F: :PCPN: SNOW: WIND :SUNSHINE: SKY :PK WND
================================================================================
1 2 3 4 5 6A 6B 7 8 9 10 11 12 13 14 15 16 17 18
12Z AVG MX 2MIN
DY MAX MIN AVG DEP HDD CDD WTR SNW DPTH SPD SPD DIR MIN PSBL S-S WX SPD DR
================================================================================
1 73 40 57 6 8 0 T M M 7.2 25 270 M M 3 37 290
2 61 36 49 -1 16 0 0.05 M M 7.2 29 170 M M 5 45 210
3 60 35 48 -2 17 0 T M M 6.7 21 250 M M 9 29 280
4 62 35 49 0 16 0 T M M 6.1 18 290 M M 8 26 270
5 66 34 50 1 15 0 0.00 M M 3.2 13 290 M M 4 20 220
6 68 27 48 0 17 0 0.00 M M 2.6 12 330 M M 0 17 250
7 73 24 49 1 16 0 0.00 M M 1.7 13 270 M M 0 17 270
8 76 25 51 3 14 0 0.00 M M 1.7 13 270 M M 0 18 250
9 75 24 50 3 15 0 0.00 M M 3.5 18 280 M M 0 24 290
10 75 23 49 2 16 0 0.00 M M 7.8 25 200 M M 2 37 210
11 65 41 53 7 12 0 0.17 M M 6.8 31 200 M M 8 13 42 210
12 42 33 38 -8 27 0 0.69 M M 11.2 23 250 M M 10 1 31 250
13 51 27 39 -6 26 0 0.00 M M 3.5 13 70 M M 3 17 50
14 59 23 41 -4 24 0 0.00 M M 2.0 14 270 M M 1 20 290
15 66 25 46 1 19 0 0.00 M M 1.7 9 250 M M 0 13 250
16 73 27 50 6 15 0 0.00 M M 1.7 10 280 M M 0 14 280
17 76 29 53 9 12 0 0.00 M M 4.6 18 270 M M 0 22 270
18 72 29 51 8 14 0 0.00 M M 3.2 14 270 M M 0 18 300
19 73 28 51 8 14 0 0.00 M M 0.9 13 240 M M 0 17 250
20 79 26 53 10 12 0 0.00 M M 2.0 13 280 M M 0 17 260
21 77 25 51 9 14 0 0.00 M M 3.5 15 280 M M 2 20 310
22 72 29 51 9 14 0 0.00 M M 3.2 15 270 M M 0 19 280
23 73 32 53 12 12 0 T M M 7.1 25 250 M M 1 3 35 260
24 66 27 47 6 18 0 0.00 M M 3.0 16 260 M M 1 22 280
25 69 24 47 6 18 0 0.00 M M 7.4 26 220 M M 0 39 220
26 62 15 39 -1 26 0 0.21 M M 9.8 33 200 M M 5 12 46 200
27 50 13 32 -8 33 0 0.06 M M 2.2 10 110 M M 4 14 190
28 40 25 33 -7 32 0 0.31 M M 6.1 14 350 M M 9 1 17 340
29 35 15 25 -14 40 0 0.00 M M 5.7 15 320 M M 4 20 340
30 41 10 26 -13 39 0 0.00 M M 3.9 13 60 M M 0 16 50
31 51 13 32 -6 33 0 0.00 M M 3.5 15 70 M M 0 18 70
================================================================================
SM 1981 819 604 0 1.49 M 140.7 M 79
================================================================================
AV 63.9 26.4 4.5 FASTST M M 3 MAX(MPH)
MISC ----> 33 200 46 200
================================================================================
NOTES:
# LAST OF SEVERAL OCCURRENCES
COLUMN 17 PEAK WIND IN M.P.H.
PRELIMINARY LOCAL CLIMATOLOGICAL DATA (WS FORM: F-6) , PAGE 2
STATION: CRAIG CO
MONTH: OCTOBER
YEAR: 2023
LATITUDE: 40 30 N
LONGITUDE: 107 32 W
[TEMPERATURE DATA] [PRECIPITATION DATA] SYMBOLS USED IN COLUMN 16
AVERAGE MONTHLY: 45.2 TOTAL FOR MONTH: 1.49 1 = FOG OR MIST
DPTR FM NORMAL: 0.8 DPTR FM NORMAL: 0.01 2 = FOG REDUCING VISIBILITY
HIGHEST: 79 ON 20 GRTST 24HR 0.75 ON 11-12 TO 1/4 MILE OR LESS
LOWEST: 10 ON 30 3 = THUNDER
SNOW, ICE PELLETS, HAIL 4 = ICE PELLETS
TOTAL MONTH: M 5 = HAIL
GRTST 24HR M ON M 6 = FREEZING RAIN OR DRIZZLE
GRTST DEPTH: M ON M 7 = DUSTSTORM OR SANDSTORM:
VSBY 1/2 MILE OR LESS
8 = SMOKE OR HAZE
[NO. OF DAYS WITH] [WEATHER - DAYS WITH] 9 = BLOWING SNOW
X = TORNADO
MAX 32 OR BELOW: 0 0.01 INCH OR MORE: 6
MAX 90 OR ABOVE: 0 0.10 INCH OR MORE: 4
MIN 32 OR BELOW: 24 0.50 INCH OR MORE: 1
MIN 0 OR BELOW: 0 1.00 INCH OR MORE: 0
[HDD (BASE 65) ]
TOTAL THIS MO. 604 CLEAR (SCALE 0-3) 20
DPTR FM NORMAL -36 PTCLDY (SCALE 4-7) 8
TOTAL FM JUL 1 826 CLOUDY (SCALE 8-10) 3
DPTR FM NORMAL -108
[CDD (BASE 65) ]
TOTAL THIS MO. 0
DPTR FM NORMAL 0 [PRESSURE DATA]
TOTAL FM JAN 1 292 HIGHEST SLP M ON M
DPTR FM NORMAL 75 LOWEST SLP 29.37 ON 11
[REMARKS]
#FINAL-10-23#