000
CXUS55 KBOU 011509
CF6CCU
PRELIMINARY LOCAL CLIMATOLOGICAL DATA (WS FORM: F-6)
STATION: COPPER MTN/RED CLIFF
MONTH: JUNE
YEAR: 2020
LATITUDE: 39 28 N
LONGITUDE: 106 9 W
TEMPERATURE IN F: :PCPN: SNOW: WIND :SUNSHINE: SKY :PK WND
================================================================================
1 2 3 4 5 6A 6B 7 8 9 10 11 12 13 14 15 16 17 18
12Z AVG MX 2MIN
DY MAX MIN AVG DEP HDD CDD WTR SNW DPTH SPD SPD DIR MIN PSBL S-S WX SPD DR
================================================================================
1 59 45 52 M 13 0 M M M 7.3 16 160 M M 4 3 25 300
2 59 48 54 M 11 0 M M M 7.0 16 310 M M 5 20 260
3 59 46 53 M 12 0 M M M 12.3 28 270 M M 4 39 270
4 59 46 53 M 12 0 M M M 11.0 18 170 M M 3 3 41 270
5 66 48 57 M 8 0 M M M 10.9 17 180 M M 3 29 220
6 54 45 50 M 15 0 M M M 18.7 40 140 M M 5 3 74 120
7 57 45 51 M 14 0 M M M 18.7 31 150 M M 3 45 180
8 59 27 43 M 22 0 M M M 16.5 30 130 M M 4 3 53 110
9 34 27 31 M 34 0 M M M 18.9 27 280 M M 4 35 260
10 48 32 40 M 25 0 M M M 10.6 18 280 M M 6 27 290
11 59 37 48 M 17 0 M M M 7.2 15 260 M M 1 22 260
12 68 46 57 M 8 0 M M M 14.0 29 110 M M 4 39 110
13 61 41 51 M 14 0 M M M 14.3 25 170 M M 5 3 32 170
14 61 41 51 M 14 0 M M M 16.7 27 170 M M 1 37 180
15 64 48 56 M 9 0 M M M 11.8 18 250 M M 1 30 140
16 63 46 55 M 10 0 M M M 14.2 25 180 M M 2 35 180
17 64 46 55 M 10 0 M M M 15.8 27 160 M M 0 41 240
18 54 37 46 M 19 0 M M M 8.7 20 160 M M 7 3 30 150
19 50 37 44 M 21 0 M M M 9.0 28 170 M M 7 23 35 170
20 55 41 48 M 17 0 M M M 12.4 20 320 M M 0 35 320
21 59 41 50 M 15 0 M M M 13.4 28 290 M M 5 3 38 290
22 61 46 54 M 11 0 M M M 10.2 18 320 M M 6 3 31 310
23 63 46 55 M 10 0 M M M 7.8 18 310 M M 3 3 23 300
24 68 48 58 M 7 0 M M M 7.0 13 310 M M 4 3 23 310
25 66 45 56 M 9 0 M M M 12.2 32 170 M M 5 3 45 170
26 66 41 54 M 11 0 M M M 11.3 31 280 M M 4 3 40 270
27 61 45 53 M 12 0 M M M 11.5 21 250 M M 3 28 250
28 64 46 55 M 10 0 M M M 12.8 20 170 M M 3 3 29 170
29 64 50 57 M 8 0 M M M 12.7 22 130 M M 2 35 170
30 54 34 44 M 21 0 0.02 M 0 11.8 25 250 M M 3 2 36 250
================================================================================
SM 1779 1271 419 0 0.02 M 366.7 M 107
================================================================================
AV 59.3 42.4 12.2 FASTST M M 4 MAX(MPH)
MISC ----> # 40 140 # 74 120
================================================================================
NOTES:
# LAST OF SEVERAL OCCURRENCES
COLUMN 17 PEAK WIND IN M.P.H.
PRELIMINARY LOCAL CLIMATOLOGICAL DATA (WS FORM: F-6) , PAGE 2
STATION: COPPER MTN/RED CLIFF
MONTH: JUNE
YEAR: 2020
LATITUDE: 39 28 N
LONGITUDE: 106 9 W
[TEMPERATURE DATA] [PRECIPITATION DATA] SYMBOLS USED IN COLUMN 16
AVERAGE MONTHLY: 50.8 TOTAL FOR MONTH: 0.02 1 = FOG OR MIST
DPTR FM NORMAL: M DPTR FM NORMAL: M 2 = FOG REDUCING VISIBILITY
HIGHEST: 68 ON 24,12 GRTST 24HR 0.02 ON 30-30 TO 1/4 MILE OR LESS
LOWEST: 27 ON 9, 8 3 = THUNDER
SNOW, ICE PELLETS, HAIL 4 = ICE PELLETS
TOTAL MONTH: M 5 = HAIL
GRTST 24HR M ON M 6 = FREEZING RAIN OR DRIZZLE
GRTST DEPTH: 0 7 = DUSTSTORM OR SANDSTORM:
VSBY 1/2 MILE OR LESS
8 = SMOKE OR HAZE
[NO. OF DAYS WITH] [WEATHER - DAYS WITH] 9 = BLOWING SNOW
X = TORNADO
MAX 32 OR BELOW: 0 0.01 INCH OR MORE: 1
MAX 90 OR ABOVE: 0 0.10 INCH OR MORE: 0
MIN 32 OR BELOW: 3 0.50 INCH OR MORE: 0
MIN 0 OR BELOW: 0 1.00 INCH OR MORE: 0
[HDD (BASE 65) ]
TOTAL THIS MO. 419 CLEAR (SCALE 0-3) 14
DPTR FM NORMAL M PTCLDY (SCALE 4-7) 16
TOTAL FM JUL 1 10394 CLOUDY (SCALE 8-10) 0
DPTR FM NORMAL M
[CDD (BASE 65) ]
TOTAL THIS MO. 0
DPTR FM NORMAL M [PRESSURE DATA]
TOTAL FM JAN 1 0 HIGHEST SLP M ON M
DPTR FM NORMAL M LOWEST SLP M ON M
[REMARKS]
#FINAL-06-20#