000
CXUS56 KSLC 010755
CF6CDC
PRELIMINARY LOCAL CLIMATOLOGICAL DATA (WS FORM: F-6)
STATION: CEDAR CITY UT
MONTH: DECEMBER
YEAR: 2022
LATITUDE: 37 42 N
LONGITUDE: 113 6 W
TEMPERATURE IN F: :PCPN: SNOW: WIND :SUNSHINE: SKY :PK WND
================================================================================
1 2 3 4 5 6A 6B 7 8 9 10 11 12 13 14 15 16 17 18
12Z AVG MX 2MIN
DY MAX MIN AVG DEP HDD CDD WTR SNW DPTH SPD SPD DIR MIN PSBL S-S WX SPD DR
================================================================================
1 48 26 37 5 28 0 0.00 M M 23.2 44 190 M M 2 60 190
2 46 24 35 3 30 0 T M M 9.9 44 200 M M 4 60 190
3 52 24 38 7 27 0 0.00 M M 3.6 16 230 M M 6 21 230
4 54 26 40 9 25 0 0.00 M M 11.0 29 210 M M 1 37 210
5 48 32 40 9 25 0 0.01 M M 9.2 22 230 M M 5 1 29 230
6 41 26 34 4 31 0 0.03 M M 1.6 7 270 M M 8 1 10 300
7 31 21 26 -4 39 0 0.07 M M 4.6 15 140 M M 9 128 18 140
8 40 15 28 -2 37 0 0.00 M M 3.2 14 230 M M 1 1 17 230
9 45 22 34 4 31 0 0.00 M M 8.3 18 220 M M 2 23 210
10 48 23 36 6 29 0 0.00 M M 14.6 32 190 M M 0 43 190
11 45 29 37 8 28 0 0.41 M M 20.4 41 170 M M 5 12 55 170
12 30 11 21 -8 44 0 0.00 M M 7.7 15 210 M M 5 128 18 180
13 28 12 20 -9 45 0 0.07 M M 2.1 9 320 M M 8 18 12 340
14 31 9 20 -9 45 0 T M M 4.9 13 350 M M 5 1 17 360
15 32 8 20 -9 45 0 0.00 M M 5.1 17 360 M M 5 22 360
16 27 4 16 -12 49 0 0.00 M M 4.4 14 40 M M 1 17 20
17 28 -1 14 -14 51 0 0.00 M M 1.6 7 40 M M 0 7 40
18 35 3 19 -9 46 0 0.00 M M 5.7 20 210 M M 0 8 25 200
19 39 5 22 -6 43 0 0.00 M M 3.0 10 210 M M 0 11 210
20 41 19 30 2 35 0 0.00 M M 6.1 17 220 M M 4 21 210
21 46 16 31 3 34 0 0.00 M M 5.9 13 140 M M 0 16 200
22 34 24 29 1 36 0 0.00 M M 5.9 12 140 M M 3 14 290
23 39 22 31 3 34 0 0.00 0.0 M 1.0 8 130 M M 4 8 130
24 42 18 30 2 35 0 0.00 0.0 M 1.9 9 140 M M 0 10 140
25 46 23 35 7 30 0 0.00 M M 2.8 8 20 M M 0 11 10
26 47 26 37 9 28 0 0.00 M M 3.8 14 210 M M 0 23 220
27 54 36 45 17 20 0 0.14 M M 14.2 31 210 M M 7 43 220
28 39 22 31 3 34 0 0.16 M M 8.4 24 330 M M 7 1238 32 340
29 35 16 26 -2 39 0 T M M 4.1 14 230 M M 6 1 17 230
30 41 25 33 4 32 0 0.02 M M 10.9 23 220 M M 7 1 30 230
31 50 39 45 16 20 0 T M M 20.0 38 210 M M 6 50 210
================================================================================
SM 1262 605 1075 0 0.91 0.0 229.1 M 111
================================================================================
AV 40.7 19.5 7.4 FASTST M M 4 MAX(MPH)
MISC ----> # 44 190 # 60 190
================================================================================
NOTES:
# LAST OF SEVERAL OCCURRENCES
COLUMN 17 PEAK WIND IN M.P.H.
PRELIMINARY LOCAL CLIMATOLOGICAL DATA (WS FORM: F-6) , PAGE 2
STATION: CEDAR CITY UT
MONTH: DECEMBER
YEAR: 2022
LATITUDE: 37 42 N
LONGITUDE: 113 6 W
[TEMPERATURE DATA] [PRECIPITATION DATA] SYMBOLS USED IN COLUMN 16
AVERAGE MONTHLY: 30.1 TOTAL FOR MONTH: 0.91 1 = FOG OR MIST
DPTR FM NORMAL: 0.9 DPTR FM NORMAL: 0.03 2 = FOG REDUCING VISIBILITY
HIGHEST: 54 ON 27, 4 GRTST 24HR 0.41 ON 11-11 TO 1/4 MILE OR LESS
LOWEST: -1 ON 17 3 = THUNDER
SNOW, ICE PELLETS, HAIL 4 = ICE PELLETS
TOTAL MONTH: 0.0 INCH 5 = HAIL
GRTST 24HR 0.0 6 = FREEZING RAIN OR DRIZZLE
GRTST DEPTH: M ON M 7 = DUSTSTORM OR SANDSTORM:
VSBY 1/2 MILE OR LESS
8 = SMOKE OR HAZE
[NO. OF DAYS WITH] [WEATHER - DAYS WITH] 9 = BLOWING SNOW
X = TORNADO
MAX 32 OR BELOW: 7 0.01 INCH OR MORE: 8
MAX 90 OR ABOVE: 0 0.10 INCH OR MORE: 3
MIN 32 OR BELOW: 29 0.50 INCH OR MORE: 0
MIN 0 OR BELOW: 1 1.00 INCH OR MORE: 0
[HDD (BASE 65) ]
TOTAL THIS MO. 1075 CLEAR (SCALE 0-3) 13
DPTR FM NORMAL -35 PTCLDY (SCALE 4-7) 16
TOTAL FM JUL 1 2455 CLOUDY (SCALE 8-10) 2
DPTR FM NORMAL -14
[CDD (BASE 65) ]
TOTAL THIS MO. 0
DPTR FM NORMAL 0 [PRESSURE DATA]
TOTAL FM JAN 1 904 HIGHEST SLP M ON M
DPTR FM NORMAL 225 LOWEST SLP 29.56 ON 11
[REMARKS]
#FINAL-12-22#