000
CXUS56 KSLC 010734
CF6CDC
PRELIMINARY LOCAL CLIMATOLOGICAL DATA (WS FORM: F-6)
STATION: CEDAR CITY UT
MONTH: SEPTEMBER
YEAR: 2022
LATITUDE: 37 42 N
LONGITUDE: 113 6 W
TEMPERATURE IN F: :PCPN: SNOW: WIND :SUNSHINE: SKY :PK WND
================================================================================
1 2 3 4 5 6A 6B 7 8 9 10 11 12 13 14 15 16 17 18
12Z AVG MX 2MIN
DY MAX MIN AVG DEP HDD CDD WTR SNW DPTH SPD SPD DIR MIN PSBL S-S WX SPD DR
================================================================================
1 97 56 77 9 0 12 0.00 0.0 0 4.6 14 330 M M 0 19 20
2 98 53 76 8 0 11 0.00 0.0 0 5.5 15 20 M M 0 21 350
3 98 56 77 9 0 12 0.00 M M 4.7 14 250 M M 0 20 240
4 98 59 79 11 0 14 0.00 M M 6.3 17 340 M M 0 3 28 350
5 99 57 78 11 0 13 0.00 M M 5.2 16 40 M M 0 22 10
6 99 57 78 11 0 13 0.00 M M 6.0 22 230 M M 0 8 38 230
7 96 57 77 11 0 12 T M M 7.0 24 150 M M 0 3 35 140
8 95 59 77 11 0 12 0.00 M M 8.1 30 120 M M 0 8 43 110
9 89 58 74 8 0 9 0.00 M M 6.0 14 360 M M 0 19 360
10 80 55 68 3 0 3 0.00 M M 5.1 12 220 M M 0 8 14 220
11 84 52 68 3 0 3 T M M 4.2 16 100 M M 1 20 90
12 80 50 65 0 0 0 0.01 M M 11.0 26 210 M M 2 34 180
13 65 55 60 -4 5 0 0.56 M M 9.0 21 220 M M 8 1 28 210
14 70 52 61 -3 4 0 0.63 M M 7.4 26 220 M M 6 13 34 210
15 75 46 61 -3 4 0 0.01 M M 7.2 23 230 M M 3 1 32 230
16 76 49 63 0 2 0 0.00 M 0 7.0 16 240 M M 1 23 230
17 76 45 61 -2 4 0 0.00 0.0 0 9.2 25 200 M M 1 35 200
18 79 54 67 5 0 2 0.00 0.0 0 12.7 31 190 M M 1 44 190
19 82 50 66 4 0 1 0.00 0.0 0 10.0 26 220 M M 0 8 40 200
20 80 50 65 4 0 0 T 0.0 0 11.7 29 210 M M 0 39 220
21 75 55 65 4 0 0 0.11 M M 14.2 25 180 M M 1 13 34 180
22 76 52 64 4 1 0 0.00 M M 12.0 23 210 M M 0 32 200
23 76 41 59 -1 6 0 0.00 M M 3.8 10 110 M M 0 15 250
24 79 41 60 0 5 0 0.00 M M 2.5 10 360 M M 0 15 360
25 81 42 62 3 3 0 0.00 M M 3.2 10 340 M M 0 14 320
26 83 44 64 5 1 0 0.00 M M 2.3 9 340 M M 0 14 360
27 80 46 63 5 2 0 T M M 7.8 25 170 M M 4 8 33 180
28 79 53 66 8 0 1 0.00 M M 7.8 22 230 M M 1 8 29 240
29 81 53 67 10 0 2 T M M 9.6 23 220 M M 2 32 210
30 73 48 61 4 4 0 T M M 6.0 15 130 M M 2 3 19 150
================================================================================
SM 2499 1545 41 120 1.32 0.0 217.1 M 33
================================================================================
AV 83.3 51.5 7.2 FASTST M M 1 MAX(MPH)
MISC ----> 31 190 44 190
================================================================================
NOTES:
# LAST OF SEVERAL OCCURRENCES
COLUMN 17 PEAK WIND IN M.P.H.
PRELIMINARY LOCAL CLIMATOLOGICAL DATA (WS FORM: F-6) , PAGE 2
STATION: CEDAR CITY UT
MONTH: SEPTEMBER
YEAR: 2022
LATITUDE: 37 42 N
LONGITUDE: 113 6 W
[TEMPERATURE DATA] [PRECIPITATION DATA] SYMBOLS USED IN COLUMN 16
AVERAGE MONTHLY: 67.4 TOTAL FOR MONTH: 1.32 1 = FOG OR MIST
DPTR FM NORMAL: 4.3 DPTR FM NORMAL: 0.57 2 = FOG REDUCING VISIBILITY
HIGHEST: 99 ON 6, 5 GRTST 24HR 1.17 ON 13-14 TO 1/4 MILE OR LESS
LOWEST: 41 ON 24,23 3 = THUNDER
SNOW, ICE PELLETS, HAIL 4 = ICE PELLETS
TOTAL MONTH: 0.0 INCH 5 = HAIL
GRTST 24HR 0.0 6 = FREEZING RAIN OR DRIZZLE
GRTST DEPTH: 0 7 = DUSTSTORM OR SANDSTORM:
VSBY 1/2 MILE OR LESS
8 = SMOKE OR HAZE
[NO. OF DAYS WITH] [WEATHER - DAYS WITH] 9 = BLOWING SNOW
X = TORNADO
MAX 32 OR BELOW: 0 0.01 INCH OR MORE: 5
MAX 90 OR ABOVE: 8 0.10 INCH OR MORE: 3
MIN 32 OR BELOW: 0 0.50 INCH OR MORE: 2
MIN 0 OR BELOW: 0 1.00 INCH OR MORE: 0
[HDD (BASE 65) ]
TOTAL THIS MO. 41 CLEAR (SCALE 0-3) 27
DPTR FM NORMAL -67 PTCLDY (SCALE 4-7) 2
TOTAL FM JUL 1 41 CLOUDY (SCALE 8-10) 1
DPTR FM NORMAL -73
[CDD (BASE 65) ]
TOTAL THIS MO. 120
DPTR FM NORMAL 70 [PRESSURE DATA]
TOTAL FM JAN 1 904 HIGHEST SLP M ON M
DPTR FM NORMAL 226 LOWEST SLP 29.65 ON 9
[REMARKS]
#FINAL-09-22#