000
CXUS53 KEAX 010836
CF6CDJ
PRELIMINARY LOCAL CLIMATOLOGICAL DATA (WS FORM: F-6)
STATION: CHILLICOTHE
MONTH: JANUARY
YEAR: 2022
LATITUDE: 39 49 N
LONGITUDE: 93 35 W
TEMPERATURE IN F: :PCPN: SNOW: WIND :SUNSHINE: SKY :PK WND
================================================================================
1 2 3 4 5 6A 6B 7 8 9 10 11 12 13 14 15 16 17 18
12Z AVG MX 2MIN
DY MAX MIN AVG DEP HDD CDD WTR SNW DPTH SPD SPD DIR MIN PSBL S-S WX SPD DR
================================================================================
1 32 9 21 -7 44 0 0.52 M M 10.8 18 20 M M 0 4 29 20
2 15 0 8 -20 57 0 T M M 4.3 14 340 M M 0 25 320
3 35 2 19 -9 46 0 0.00 M M 4.1 13 180 M M 0 17 180
4 46 27 37 9 28 0 0.00 M M 9.4 21 300 M M 0 36 300
5 27 13 20 -8 45 0 0.00 M M 9.5 20 320 M M 0 32 310
6 14 6 10 -18 55 0 0.00 M M 6.9 16 320 M M 0 26 310
7 22 6 14 -14 51 0 0.00 M M 5.1 13 130 M M 0 20 140
8 37 22 30 3 35 0 0.02 M M 6.7 15 160 M M 0 26 160
9 36 15 26 -1 39 0 0.00 M M 5.8 17 340 M M 0 36 330
10 36 15 26 -1 39 0 0.00 M M 4.5 9 20 M M 0 16 30
11 59 20 40 13 25 0 0.00 M M 6.5 16 210 M M 0 28 210
12 54 28 41 14 24 0 0.00 M M 3.2 9 270 M M 0 17 290
13 58 31 45 18 20 0 0.00 M M 2.2 10 310 M M 0 15 290
14 41 30 36 9 29 0 0.15 M M 4.5 14 110 M M 0 22 100
15 39 19 29 2 36 0 M M M 11.1 23 30 M M 0 36 40
16 36 17 27 0 38 0 0.00 M M 5.7 12 310 M M 0 20 290
17 37 23 30 3 35 0 0.00 M M 4.7 12 310 M M 0 20 310
18 47 24 36 9 29 0 0.00 M M 5.3 13 350 M M 0 23 360
19 40 9 25 -2 40 0 0.00 M M 10.0 17 360 M M 0 33 10
20 16 2 9 -18 56 0 0.00 M M 3.2 10 340 M M 0 20 340
21 23 -1 11 -16 54 0 0.00 M M 3.5 10 140 M M 0 16 140
22 43 21 32 5 33 0 0.00 M M 5.7 12 220 M M 0 23 230
23 44 24 34 7 31 0 0.00 M M 6.4 16 350 M M 0 28 350
24 47 15 31 4 34 0 0.00 M M 7.4 15 350 M M 0 25 350
25 22 8 15 -12 50 0 0.00 M M 4.9 10 350 M M 0 19 330
26 32 3 18 -10 47 0 0.00 M M 5.8 15 200 M M 0 22 200
27 41 23 32 4 33 0 0.00 M M 5.2 13 350 M M 0 24 300
28 31 10 21 -7 44 0 0.00 M M 5.0 13 340 M M 0 21 340
29 49 13 31 3 34 0 0.00 M M 3.2 10 180 M M 0 15 200
30 40 26 33 5 32 0 M M M 4.8 10 340 M M 0 20 340
31 60 30 45 17 20 0 0.00 M M 6.2 12 160 M M 0 19 150
================================================================================
SM 1159 490 1183 0 0.69 M 181.6 M 0
================================================================================
AV 37.4 15.8 5.9 FASTST M M 0 MAX(MPH)
MISC ----> 23 30 # 36 300
================================================================================
NOTES:
# LAST OF SEVERAL OCCURRENCES
COLUMN 17 PEAK WIND IN M.P.H.
PRELIMINARY LOCAL CLIMATOLOGICAL DATA (WS FORM: F-6) , PAGE 2
STATION: CHILLICOTHE
MONTH: JANUARY
YEAR: 2022
LATITUDE: 39 49 N
LONGITUDE: 93 35 W
[TEMPERATURE DATA] [PRECIPITATION DATA] SYMBOLS USED IN COLUMN 16
AVERAGE MONTHLY: 26.6 TOTAL FOR MONTH: 0.69 1 = FOG OR MIST
DPTR FM NORMAL: -0.8 DPTR FM NORMAL: -0.56 2 = FOG REDUCING VISIBILITY
HIGHEST: 60 ON 31 GRTST 24HR 0.52 ON 1- 1 TO 1/4 MILE OR LESS
LOWEST: -1 ON 21 3 = THUNDER
SNOW, ICE PELLETS, HAIL 4 = ICE PELLETS
TOTAL MONTH: M 5 = HAIL
GRTST 24HR M ON M 6 = FREEZING RAIN OR DRIZZLE
GRTST DEPTH: M ON M 7 = DUSTSTORM OR SANDSTORM:
VSBY 1/2 MILE OR LESS
8 = SMOKE OR HAZE
[NO. OF DAYS WITH] [WEATHER - DAYS WITH] 9 = BLOWING SNOW
X = TORNADO
MAX 32 OR BELOW: 10 0.01 INCH OR MORE: 3
MAX 90 OR ABOVE: 0 0.10 INCH OR MORE: 2
MIN 32 OR BELOW: 31 0.50 INCH OR MORE: 1
MIN 0 OR BELOW: 2 1.00 INCH OR MORE: 0
[HDD (BASE 65) ]
TOTAL THIS MO. 1183 CLEAR (SCALE 0-3) 31
DPTR FM NORMAL 19 PTCLDY (SCALE 4-7) 0
TOTAL FM JUL 1 2638 CLOUDY (SCALE 8-10) 0
DPTR FM NORMAL -608
[CDD (BASE 65) ]
TOTAL THIS MO. 0
DPTR FM NORMAL 0 [PRESSURE DATA]
TOTAL FM JAN 1 0 HIGHEST SLP 30.83 ON 20
DPTR FM NORMAL 0 LOWEST SLP 29.58 ON 4
[REMARKS]
#FINAL-01-22#