000
CXUS55 KCYS 051233
CLMCDR
CLIMATE REPORT
NATIONAL WEATHER SERVICE CHEYENNE WY
533 AM MST TUE MAR 05 2024
...................................
...THE CHADRON NEBRASKA AIRPORT CLIMATE SUMMARY FOR THE MONTH OF FEBRUARY 2024...
CLIMATE NORMAL PERIOD 1991 TO 2020
CLIMATE RECORD PERIOD 1895 TO 2024
WEATHER OBSERVED NORMAL DEPART LAST YEAR`S
VALUE DATE(S) VALUE FROM VALUE DATE(S)
NORMAL
................................................................
TEMPERATURE (F)
RECORD
HIGH 76 02/21/1982
LOW -44 02/07/1895
HIGHEST 67 02/26 MM MM 55
02/29
LOWEST -9 02/16 MM MM -19
AVG. MAXIMUM 48.2 40.8 7.4 40.1
AVG. MINIMUM 21.1 15.0 6.1 14.7
MEAN 34.6 27.9 6.7 27.4
DAYS MAX >= 90 0 0.0 0.0 0
DAYS MAX <= 32 4 9.0 -5.0 5
DAYS MIN <= 32 27 27.4 -0.4 28
DAYS MIN <= 0 3 4.6 -1.6 5
PRECIPITATION (INCHES)
RECORD
MAXIMUM 2.45 2000
TOTALS 0.63 0.29 0.34 0.55
DAYS >= .01 7 4.0 3.0 4
DAYS >= .10 3 0.9 2.1 1
DAYS >= .50 0 0.0 0.0 0
DAYS >= 1.00 0 0.0 0.0 0
GREATEST
24 HR. TOTAL 0.28 02/03 TO 02/04 0.28 02/08 TO 02/09
DEGREE DAYS
HEATING TOTAL 875 1039 -164 1045
SINCE 7/1 4785 5127 -342 MM
COOLING TOTAL 0 0 0 0
SINCE 1/1 0 0 0 MM
................................................................
WIND (MPH)
AVERAGE WIND SPEED 8.5
HIGHEST WIND SPEED/DIRECTION 37/270 DATE 02/26
HIGHEST GUST SPEED/DIRECTION 49/300 DATE 02/08
49/260 02/26
SKY COVER
POSSIBLE SUNSHINE (PERCENT) MM
AVERAGE SKY COVER 0.33
NUMBER OF DAYS FAIR 16
NUMBER OF DAYS PC 9
NUMBER OF DAYS CLOUDY 4
AVERAGE RH (PERCENT) 68
WEATHER CONDITIONS. NUMBER OF DAYS WITH
THUNDERSTORM 0 MIXED PRECIP 0
HEAVY RAIN 0 RAIN 1
LIGHT RAIN 4 FREEZING RAIN 0
LT FREEZING RAIN 1 HAIL 0
HEAVY SNOW 0 SNOW 2
LIGHT SNOW 5 SLEET 0
FOG 10 FOG W/VIS <= 1/4 MILE 4
HAZE 7
- INDICATES NEGATIVE NUMBERS.
R INDICATES RECORD WAS SET OR TIED.
MM INDICATES DATA IS MISSING.
T INDICATES TRACE AMOUNT.
$$